114.119.140.13 - - [02/Aug/2026:15:53:11 +0200] "GET /shop/detail/slowly149041236.htm HTTP/1.1" 200 - "https://bigpunchmedia.co.za/sitemap41.xml" "Mozilla/5.0 (Linux; Android 7.0;) AppleWebKit/537.36 (HTML, like Gecko) Mobile Safari/537.36 (compatible; PetalBot;+https://webmaster.petalsearch.com/site/petalbot)"
114.119.145.7 - - [02/Aug/2026:15:55:37 +0200] "GET /shop/detail/single277049020.htm HTTP/1.1" 200 - "https://bigpunchmedia.co.za/sitemap39.xml" "Mozilla/5.0 (Linux; Android 7.0;) AppleWebKit/537.36 (HTML, like Gecko) Mobile Safari/537.36 (compatible; PetalBot;+https://webmaster.petalsearch.com/site/petalbot)"
114.119.145.7 - - [02/Aug/2026:15:58:01 +0200] "GET /shop/detail/sin270013671.htm HTTP/1.1" 200 - "https://bigpunchmedia.co.za/sitemap67.xml" "Mozilla/5.0 (Linux; Android 7.0;) AppleWebKit/537.36 (HTML, like Gecko) Mobile Safari/537.36 (compatible; PetalBot;+https://webmaster.petalsearch.com/site/petalbot)"
66.249.68.65 - - [02/Aug/2026:15:58:07 +0200] "GET /shop/products/8429975406.html HTTP/1.1" 200 5091 "-" "Mozilla/5.0 (Linux; Android 6.0.1; Nexus 5X Build/MMB29P) AppleWebKit/537.36 (KHTML, like Gecko) Chrome/150.0.7871.186 Mobile Safari/537.36 (compatible; Googlebot/2.1; +http://www.google.com/bot.html)"
66.249.68.71 - - [02/Aug/2026:16:00:08 +0200] "GET /shop/products/46399417958.html HTTP/1.1" 200 5091 "-" "Mozilla/5.0 (Linux; Android 6.0.1; Nexus 5X Build/MMB29P) AppleWebKit/537.36 (KHTML, like Gecko) Chrome/150.0.7871.186 Mobile Safari/537.36 (compatible; Googlebot/2.1; +http://www.google.com/bot.html)"
114.119.145.7 - - [02/Aug/2026:16:00:26 +0200] "GET /shop/detail/sight008015239.htm HTTP/1.1" 200 - "https://bigpunchmedia.co.za/sitemap67.xml" "Mozilla/5.0 (Linux; Android 7.0;) AppleWebKit/537.36 (HTML, like Gecko) Mobile Safari/537.36 (compatible; PetalBot;+https://webmaster.petalsearch.com/site/petalbot)"
114.119.146.219 - - [02/Aug/2026:16:02:52 +0200] "GET /shop/detail/shopping276049481.htm HTTP/1.1" 200 - "https://bigpunchmedia.co.za/sitemap41.xml" "Mozilla/5.0 (Linux; Android 7.0;) AppleWebKit/537.36 (HTML, like Gecko) Mobile Safari/537.36 (compatible; PetalBot;+https://webmaster.petalsearch.com/site/petalbot)"
114.119.145.7 - - [02/Aug/2026:16:05:16 +0200] "GET /shop/detail/seem108030873.htm HTTP/1.1" 200 - "https://bigpunchmedia.co.za/sitemap58.xml" "Mozilla/5.0 (Linux; Android 7.0;) AppleWebKit/537.36 (HTML, like Gecko) Mobile Safari/537.36 (compatible; PetalBot;+https://webmaster.petalsearch.com/site/petalbot)"
114.119.145.7 - - [02/Aug/2026:16:07:42 +0200] "GET /shop/detail/seal271049234.htm HTTP/1.1" 200 - "https://bigpunchmedia.co.za/sitemap120.xml" "Mozilla/5.0 (Linux; Android 7.0;) AppleWebKit/537.36 (HTML, like Gecko) Mobile Safari/537.36 (compatible; PetalBot;+https://webmaster.petalsearch.com/site/petalbot)"
114.119.146.219 - - [02/Aug/2026:16:10:08 +0200] "GET /shop/detail/sanction075015376.htm HTTP/1.1" 200 - "https://bigpunchmedia.co.za/sitemap142.xml" "Mozilla/5.0 (Linux; Android 7.0;) AppleWebKit/537.36 (HTML, like Gecko) Mobile Safari/537.36 (compatible; PetalBot;+https://webmaster.petalsearch.com/site/petalbot)"
114.119.140.13 - - [02/Aug/2026:16:12:33 +0200] "GET /shop/detail/sales184034473.htm HTTP/1.1" 200 - "https://bigpunchmedia.co.za/sitemap5.xml" "Mozilla/5.0 (Linux; Android 7.0;) AppleWebKit/537.36 (HTML, like Gecko) Mobile Safari/537.36 (compatible; PetalBot;+https://webmaster.petalsearch.com/site/petalbot)"
66.249.68.65 - - [02/Aug/2026:16:12:41 +0200] "GET /shop/pg/1AvailableInfo/22843161636 HTTP/1.1" 200 5091 "-" "Mozilla/5.0 (Linux; Android 6.0.1; Nexus 5X Build/MMB29P) AppleWebKit/537.36 (KHTML, like Gecko) Chrome/150.0.7871.186 Mobile Safari/537.36 (compatible; Googlebot/2.1; +http://www.google.com/bot.html)"
66.249.68.64 - - [02/Aug/2026:16:17:02 +0200] "GET /shop/products/48999368852.html HTTP/1.1" 200 5091 "-" "Mozilla/5.0 (Linux; Android 6.0.1; Nexus 5X Build/MMB29P) AppleWebKit/537.36 (KHTML, like Gecko) Chrome/150.0.7871.186 Mobile Safari/537.36 (compatible; Googlebot/2.1; +http://www.google.com/bot.html)"
114.119.145.7 - - [02/Aug/2026:16:17:23 +0200] "GET /shop/detail/rocket179034940.htm HTTP/1.1" 200 - "https://bigpunchmedia.co.za/sitemap47.xml" "Mozilla/5.0 (Linux; Android 7.0;) AppleWebKit/537.36 (HTML, like Gecko) Mobile Safari/537.36 (compatible; PetalBot;+https://webmaster.petalsearch.com/site/petalbot)"
66.249.68.33 - - [02/Aug/2026:16:19:03 +0200] "GET /shop/products/69899112482.shtml HTTP/1.1" 200 5090 "-" "Mozilla/5.0 (Linux; Android 6.0.1; Nexus 5X Build/MMB29P) AppleWebKit/537.36 (KHTML, like Gecko) Chrome/150.0.7871.186 Mobile Safari/537.36 (compatible; Googlebot/2.1; +http://www.google.com/bot.html)"
66.249.68.65 - - [02/Aug/2026:16:21:04 +0200] "GET /shop/products/72699293505.html HTTP/1.1" 200 5091 "-" "Mozilla/5.0 (Linux; Android 6.0.1; Nexus 5X Build/MMB29P) AppleWebKit/537.36 (KHTML, like Gecko) Chrome/150.0.7871.186 Mobile Safari/537.36 (compatible; Googlebot/2.1; +http://www.google.com/bot.html)"
66.249.68.71 - - [02/Aug/2026:16:21:08 +0200] "GET /shop/products/57299417150.html HTTP/1.1" 200 5091 "-" "Mozilla/5.0 (Linux; Android 6.0.1; Nexus 5X Build/MMB29P) AppleWebKit/537.36 (KHTML, like Gecko) Chrome/150.0.7871.186 Mobile Safari/537.36 (compatible; Googlebot/2.1; +http://www.google.com/bot.html)"
114.119.146.219 - - [02/Aug/2026:16:22:14 +0200] "GET /shop/detail/retired093048558.htm HTTP/1.1" 200 - "https://bigpunchmedia.co.za/sitemap47.xml" "Mozilla/5.0 (Linux; Android 7.0;) AppleWebKit/537.36 (HTML, like Gecko) Mobile Safari/537.36 (compatible; PetalBot;+https://webmaster.petalsearch.com/site/petalbot)"
66.249.68.71 - - [02/Aug/2026:16:25:10 +0200] "GET /shop/products/4479961999.html HTTP/1.1" 200 5091 "-" "Mozilla/5.0 (Linux; Android 6.0.1; Nexus 5X Build/MMB29P) AppleWebKit/537.36 (KHTML, like Gecko) Chrome/150.0.7871.186 Mobile Safari/537.36 (compatible; Googlebot/2.1; +http://www.google.com/bot.html)"
66.249.68.64 - - [02/Aug/2026:16:26:15 +0200] "GET /shop/pg/1AvailableInfo/2284712055 HTTP/1.1" 200 5090 "-" "Mozilla/5.0 (Linux; Android 6.0.1; Nexus 5X Build/MMB29P) AppleWebKit/537.36 (KHTML, like Gecko) Chrome/150.0.7871.186 Mobile Safari/537.36 (compatible; Googlebot/2.1; +http://www.google.com/bot.html)"
66.249.68.65 - - [02/Aug/2026:16:26:17 +0200] "GET /shop/pg/1AvailableInfo/2284175494289 HTTP/1.1" 200 5091 "-" "Mozilla/5.0 (Linux; Android 6.0.1; Nexus 5X Build/MMB29P) AppleWebKit/537.36 (KHTML, like Gecko) Chrome/150.0.7871.186 Mobile Safari/537.36 (compatible; Googlebot/2.1; +http://www.google.com/bot.html)"
66.249.68.71 - - [02/Aug/2026:16:26:19 +0200] "GET /shop/pg/1AvailableInfo/2284154190735 HTTP/1.1" 200 5091 "-" "Mozilla/5.0 (Linux; Android 6.0.1; Nexus 5X Build/MMB29P) AppleWebKit/537.36 (KHTML, like Gecko) Chrome/150.0.7871.186 Mobile Safari/537.36 (compatible; Googlebot/2.1; +http://www.google.com/bot.html)"
66.249.68.32 - - [02/Aug/2026:16:26:29 +0200] "GET /shop/products/55899114425.shtml HTTP/1.1" 200 5091 "-" "Mozilla/5.0 (Linux; Android 6.0.1; Nexus 5X Build/MMB29P) AppleWebKit/537.36 (KHTML, like Gecko) Chrome/150.0.7871.186 Mobile Safari/537.36 (compatible; Googlebot/2.1; +http://www.google.com/bot.html)"
66.249.68.64 - - [02/Aug/2026:16:28:31 +0200] "GET /shop/products/63899206794.html HTTP/1.1" 200 5091 "-" "Mozilla/5.0 (Linux; Android 6.0.1; Nexus 5X Build/MMB29P) AppleWebKit/537.36 (KHTML, like Gecko) Chrome/150.0.7871.186 Mobile Safari/537.36 (compatible; Googlebot/2.1; +http://www.google.com/bot.html)"
66.249.68.71 - - [02/Aug/2026:16:30:53 +0200] "GET /shop/products/44899182167.html HTTP/1.1" 200 5091 "-" "Mozilla/5.0 (Linux; Android 6.0.1; Nexus 5X Build/MMB29P) AppleWebKit/537.36 (KHTML, like Gecko) Chrome/150.0.7871.186 Mobile Safari/537.36 (compatible; Googlebot/2.1; +http://www.google.com/bot.html)"
66.249.68.65 - - [02/Aug/2026:16:34:14 +0200] "GET /shop/products/23999133431.html HTTP/1.1" 200 5091 "-" "Mozilla/5.0 (Linux; Android 6.0.1; Nexus 5X Build/MMB29P) AppleWebKit/537.36 (KHTML, like Gecko) Chrome/150.0.7871.186 Mobile Safari/537.36 (compatible; Googlebot/2.1; +http://www.google.com/bot.html)"
114.119.146.219 - - [02/Aug/2026:16:34:20 +0200] "GET /shop/detail/purpose300033877.htm HTTP/1.1" 200 - "https://bigpunchmedia.co.za/sitemap39.xml" "Mozilla/5.0 (Linux; Android 7.0;) AppleWebKit/537.36 (HTML, like Gecko) Mobile Safari/537.36 (compatible; PetalBot;+https://webmaster.petalsearch.com/site/petalbot)"
66.249.68.71 - - [02/Aug/2026:16:36:37 +0200] "GET /shop/products/19999145803.html HTTP/1.1" 200 5091 "-" "Mozilla/5.0 (Linux; Android 6.0.1; Nexus 5X Build/MMB29P) AppleWebKit/537.36 (KHTML, like Gecko) Chrome/150.0.7871.186 Mobile Safari/537.36 (compatible; Googlebot/2.1; +http://www.google.com/bot.html)"
114.119.140.13 - - [02/Aug/2026:16:39:10 +0200] "GET /shop/detail/proposed175036938.htm HTTP/1.1" 200 - "https://bigpunchmedia.co.za/sitemap39.xml" "Mozilla/5.0 (Linux; Android 7.0;) AppleWebKit/537.36 (HTML, like Gecko) Mobile Safari/537.36 (compatible; PetalBot;+https://webmaster.petalsearch.com/site/petalbot)"
114.119.146.109 - - [02/Aug/2026:16:41:35 +0200] "GET /shop/detail/programming224048791.htm HTTP/1.1" 200 - "https://bigpunchmedia.co.za/sitemap143.xml" "Mozilla/5.0 (Linux; Android 7.0;) AppleWebKit/537.36 (HTML, like Gecko) Mobile Safari/537.36 (compatible; PetalBot;+https://webmaster.petalsearch.com/site/petalbot)"
66.249.68.71 - - [02/Aug/2026:16:43:47 +0200] "GET /shop/products/82299101592.html HTTP/1.1" 200 5091 "-" "Mozilla/5.0 (Linux; Android 6.0.1; Nexus 5X Build/MMB29P) AppleWebKit/537.36 (KHTML, like Gecko) Chrome/150.0.7871.186 Mobile Safari/537.36 (compatible; Googlebot/2.1; +http://www.google.com/bot.html)"
66.249.68.65 - - [02/Aug/2026:16:44:44 +0200] "GET /shop/pg/1AvailableInfo/228421267023 HTTP/1.1" 200 5090 "-" "Mozilla/5.0 (Linux; Android 6.0.1; Nexus 5X Build/MMB29P) AppleWebKit/537.36 (KHTML, like Gecko) Chrome/150.0.7871.186 Mobile Safari/537.36 (compatible; Googlebot/2.1; +http://www.google.com/bot.html)"
114.119.140.13 - - [02/Aug/2026:16:51:15 +0200] "GET /shop/detail/plastic194017961.htm HTTP/1.1" 200 - "https://bigpunchmedia.co.za/sitemap142.xml" "Mozilla/5.0 (Linux; Android 7.0;) AppleWebKit/537.36 (HTML, like Gecko) Mobile Safari/537.36 (compatible; PetalBot;+https://webmaster.petalsearch.com/site/petalbot)"
66.249.68.64 - - [02/Aug/2026:16:52:00 +0200] "GET /shop/products/72699422923.html HTTP/1.1" 200 5090 "-" "Mozilla/5.0 (Linux; Android 6.0.1; Nexus 5X Build/MMB29P) AppleWebKit/537.36 (KHTML, like Gecko) Chrome/150.0.7871.186 Mobile Safari/537.36 (compatible; Googlebot/2.1; +http://www.google.com/bot.html)"
114.119.146.219 - - [02/Aug/2026:16:53:41 +0200] "GET /shop/detail/planner102006089.htm HTTP/1.1" 200 - "https://bigpunchmedia.co.za/sitemap120.xml" "Mozilla/5.0 (Linux; Android 7.0;) AppleWebKit/537.36 (HTML, like Gecko) Mobile Safari/537.36 (compatible; PetalBot;+https://webmaster.petalsearch.com/site/petalbot)"
66.249.68.65 - - [02/Aug/2026:16:57:36 +0200] "GET /detail/047012733 HTTP/1.1" 200 5091 "-" "Mozilla/5.0 (Linux; Android 6.0.1; Nexus 5X Build/MMB29P) AppleWebKit/537.36 (KHTML, like Gecko) Chrome/150.0.7871.186 Mobile Safari/537.36 (compatible; Googlebot/2.1; +http://www.google.com/bot.html)"
114.119.146.109 - - [02/Aug/2026:16:58:32 +0200] "GET /shop/detail/peace018048565.htm HTTP/1.1" 200 - "https://bigpunchmedia.co.za/sitemap147.xml" "Mozilla/5.0 (Linux; Android 7.0;) AppleWebKit/537.36 (HTML, like Gecko) Mobile Safari/537.36 (compatible; PetalBot;+https://webmaster.petalsearch.com/site/petalbot)"
114.119.146.219 - - [02/Aug/2026:17:00:57 +0200] "GET /shop/detail/partnership224015801.htm HTTP/1.1" 200 - "https://bigpunchmedia.co.za/sitemap5.xml" "Mozilla/5.0 (Linux; Android 7.0;) AppleWebKit/537.36 (HTML, like Gecko) Mobile Safari/537.36 (compatible; PetalBot;+https://webmaster.petalsearch.com/site/petalbot)"
114.119.140.13 - - [02/Aug/2026:17:03:22 +0200] "GET /shop/detail/pain059032008.htm HTTP/1.1" 200 - "https://bigpunchmedia.co.za/sitemap137.xml" "Mozilla/5.0 (Linux; Android 7.0;) AppleWebKit/537.36 (HTML, like Gecko) Mobile Safari/537.36 (compatible; PetalBot;+https://webmaster.petalsearch.com/site/petalbot)"
66.249.68.39 - - [02/Aug/2026:17:05:40 +0200] "GET /goods/19599420570.shtml HTTP/1.1" 200 5091 "-" "Mozilla/5.0 (Linux; Android 6.0.1; Nexus 5X Build/MMB29P) AppleWebKit/537.36 (KHTML, like Gecko) Chrome/150.0.7871.186 Mobile Safari/537.36 (compatible; Googlebot/2.1; +http://www.google.com/bot.html)"
114.119.146.219 - - [02/Aug/2026:17:10:38 +0200] "GET /shop/detail/obvious211013516.htm HTTP/1.1" 200 - "https://bigpunchmedia.co.za/sitemap142.xml" "Mozilla/5.0 (Linux; Android 7.0;) AppleWebKit/537.36 (HTML, like Gecko) Mobile Safari/537.36 (compatible; PetalBot;+https://webmaster.petalsearch.com/site/petalbot)"
114.119.146.219 - - [02/Aug/2026:17:13:02 +0200] "GET /shop/detail/norm276046331.htm HTTP/1.1" 200 - "https://bigpunchmedia.co.za/sitemap41.xml" "Mozilla/5.0 (Linux; Android 7.0;) AppleWebKit/537.36 (HTML, like Gecko) Mobile Safari/537.36 (compatible; PetalBot;+https://webmaster.petalsearch.com/site/petalbot)"
114.119.140.13 - - [02/Aug/2026:17:20:22 +0200] "GET /shop/detail/mutter287038944.htm HTTP/1.1" 200 - "https://bigpunchmedia.co.za/sitemap137.xml" "Mozilla/5.0 (Linux; Android 7.0;) AppleWebKit/537.36 (HTML, like Gecko) Mobile Safari/537.36 (compatible; PetalBot;+https://webmaster.petalsearch.com/site/petalbot)"
114.119.146.109 - - [02/Aug/2026:17:25:08 +0200] "GET /shop/detail/mineral150001337.htm HTTP/1.1" 200 - "https://bigpunchmedia.co.za/sitemap137.xml" "Mozilla/5.0 (Linux; Android 7.0;) AppleWebKit/537.36 (HTML, like Gecko) Mobile Safari/537.36 (compatible; PetalBot;+https://webmaster.petalsearch.com/site/petalbot)"
114.119.145.7 - - [02/Aug/2026:17:34:49 +0200] "GET /shop/detail/manufacturer243035128.htm HTTP/1.1" 200 - "https://bigpunchmedia.co.za/sitemap41.xml" "Mozilla/5.0 (Linux; Android 7.0;) AppleWebKit/537.36 (HTML, like Gecko) Mobile Safari/537.36 (compatible; PetalBot;+https://webmaster.petalsearch.com/site/petalbot)"
66.249.68.64 - - [02/Aug/2026:17:35:06 +0200] "GET /shop/products/79799157360.html HTTP/1.1" 200 5091 "-" "Mozilla/5.0 (Linux; Android 6.0.1; Nexus 5X Build/MMB29P) AppleWebKit/537.36 (KHTML, like Gecko) Chrome/150.0.7871.186 Mobile Safari/537.36 (compatible; Googlebot/2.1; +http://www.google.com/bot.html)"
66.249.68.64 - - [02/Aug/2026:17:35:08 +0200] "GET /shop/detail/purse036029531.htm HTTP/1.1" 200 5091 "-" "Mozilla/5.0 (Linux; Android 6.0.1; Nexus 5X Build/MMB29P) AppleWebKit/537.36 (KHTML, like Gecko) Chrome/150.0.7871.186 Mobile Safari/537.36 (compatible; Googlebot/2.1; +http://www.google.com/bot.html)"
5.78.144.51 - - [02/Aug/2026:17:36:08 +0200] "GET / HTTP/1.1" 200 317 "-" "TechSpyBot/1.0 (+https://techspy.pro/bot)"
5.78.144.51 - - [02/Aug/2026:17:36:10 +0200] "GET /contact HTTP/1.1" 200 317 "-" "TechSpyBot/1.0 (+https://techspy.pro/bot)"
5.78.144.51 - - [02/Aug/2026:17:36:11 +0200] "GET /about-us HTTP/1.1" 200 317 "-" "TechSpyBot/1.0 (+https://techspy.pro/bot)"
5.78.144.51 - - [02/Aug/2026:17:36:11 +0200] "GET /about HTTP/1.1" 200 317 "-" "TechSpyBot/1.0 (+https://techspy.pro/bot)"
5.78.144.51 - - [02/Aug/2026:17:36:11 +0200] "GET /contacts HTTP/1.1" 200 317 "-" "TechSpyBot/1.0 (+https://techspy.pro/bot)"
114.119.146.109 - - [02/Aug/2026:17:37:14 +0200] "GET /shop/detail/loyal169011922.htm HTTP/1.1" 200 - "https://bigpunchmedia.co.za/sitemap142.xml" "Mozilla/5.0 (Linux; Android 7.0;) AppleWebKit/537.36 (HTML, like Gecko) Mobile Safari/537.36 (compatible; PetalBot;+https://webmaster.petalsearch.com/site/petalbot)"
66.249.68.39 - - [02/Aug/2026:17:40:11 +0200] "GET /detail/180031670 HTTP/1.1" 200 5090 "-" "Mozilla/5.0 (Linux; Android 6.0.1; Nexus 5X Build/MMB29P) AppleWebKit/537.36 (KHTML, like Gecko) Chrome/150.0.7871.186 Mobile Safari/537.36 (compatible; Googlebot/2.1; +http://www.google.com/bot.html)"
114.119.145.7 - - [02/Aug/2026:17:42:04 +0200] "GET /shop/detail/landmark264008213.htm HTTP/1.1" 200 - "https://bigpunchmedia.co.za/sitemap39.xml" "Mozilla/5.0 (Linux; Android 7.0;) AppleWebKit/537.36 (HTML, like Gecko) Mobile Safari/537.36 (compatible; PetalBot;+https://webmaster.petalsearch.com/site/petalbot)"
66.249.68.39 - - [02/Aug/2026:17:43:16 +0200] "GET /shop/products/59499354512.shtml HTTP/1.1" 200 5091 "-" "Mozilla/5.0 (Linux; Android 6.0.1; Nexus 5X Build/MMB29P) AppleWebKit/537.36 (KHTML, like Gecko) Chrome/150.0.7871.186 Mobile Safari/537.36 (compatible; Googlebot/2.1; +http://www.google.com/bot.html)"
66.249.68.71 - - [02/Aug/2026:17:43:19 +0200] "GET /shop/products/7069977088.html HTTP/1.1" 200 5091 "-" "Mozilla/5.0 (Linux; Android 6.0.1; Nexus 5X Build/MMB29P) AppleWebKit/537.36 (KHTML, like Gecko) Chrome/150.0.7871.186 Mobile Safari/537.36 (compatible; Googlebot/2.1; +http://www.google.com/bot.html)"
66.249.68.39 - - [02/Aug/2026:17:43:26 +0200] "GET /goods/66699200641.shtml HTTP/1.1" 200 5090 "-" "Mozilla/5.0 (Linux; Android 6.0.1; Nexus 5X Build/MMB29P) AppleWebKit/537.36 (KHTML, like Gecko) Chrome/150.0.7871.186 Mobile Safari/537.36 (compatible; Googlebot/2.1; +http://www.google.com/bot.html)"
114.119.140.13 - - [02/Aug/2026:17:44:29 +0200] "GET /shop/detail/lab171023164.htm HTTP/1.1" 200 - "https://bigpunchmedia.co.za/sitemap143.xml" "Mozilla/5.0 (Linux; Android 7.0;) AppleWebKit/537.36 (HTML, like Gecko) Mobile Safari/537.36 (compatible; PetalBot;+https://webmaster.petalsearch.com/site/petalbot)"
66.249.68.71 - - [02/Aug/2026:17:46:43 +0200] "GET /shop/products/2219959342.html HTTP/1.1" 200 5091 "-" "Mozilla/5.0 (Linux; Android 6.0.1; Nexus 5X Build/MMB29P) AppleWebKit/537.36 (KHTML, like Gecko) Chrome/150.0.7871.186 Mobile Safari/537.36 (compatible; Googlebot/2.1; +http://www.google.com/bot.html)"
114.119.146.109 - - [02/Aug/2026:17:46:54 +0200] "GET /shop/detail/key242031999.htm HTTP/1.1" 200 - "https://bigpunchmedia.co.za/sitemap47.xml" "Mozilla/5.0 (Linux; Android 7.0;) AppleWebKit/537.36 (HTML, like Gecko) Mobile Safari/537.36 (compatible; PetalBot;+https://webmaster.petalsearch.com/site/petalbot)"
114.119.146.109 - - [02/Aug/2026:17:49:20 +0200] "GET /shop/detail/item123045052.htm HTTP/1.1" 200 - "https://bigpunchmedia.co.za/sitemap47.xml" "Mozilla/5.0 (Linux; Android 7.0;) AppleWebKit/537.36 (HTML, like Gecko) Mobile Safari/537.36 (compatible; PetalBot;+https://webmaster.petalsearch.com/site/petalbot)"
66.249.68.64 - - [02/Aug/2026:17:53:31 +0200] "GET /shop/products/55899172709.html HTTP/1.1" 200 5091 "-" "Mozilla/5.0 (Linux; Android 6.0.1; Nexus 5X Build/MMB29P) AppleWebKit/537.36 (KHTML, like Gecko) Chrome/150.0.7871.186 Mobile Safari/537.36 (compatible; Googlebot/2.1; +http://www.google.com/bot.html)"
66.249.68.65 - - [02/Aug/2026:17:58:30 +0200] "GET /shop/pg/1AvailableInfo/2284233191917 HTTP/1.1" 200 5090 "-" "Mozilla/5.0 (Linux; Android 6.0.1; Nexus 5X Build/MMB29P) AppleWebKit/537.36 (KHTML, like Gecko) Chrome/150.0.7871.186 Mobile Safari/537.36 (compatible; Googlebot/2.1; +http://www.google.com/bot.html)"
114.119.146.219 - - [02/Aug/2026:17:59:02 +0200] "GET /shop/detail/initial059016566.htm HTTP/1.1" 200 - "https://bigpunchmedia.co.za/sitemap58.xml" "Mozilla/5.0 (Linux; Android 7.0;) AppleWebKit/537.36 (HTML, like Gecko) Mobile Safari/537.36 (compatible; PetalBot;+https://webmaster.petalsearch.com/site/petalbot)"
114.119.146.219 - - [02/Aug/2026:18:01:27 +0200] "GET /shop/detail/incredible275029832.htm HTTP/1.1" 200 - "https://bigpunchmedia.co.za/sitemap120.xml" "Mozilla/5.0 (Linux; Android 7.0;) AppleWebKit/537.36 (HTML, like Gecko) Mobile Safari/537.36 (compatible; PetalBot;+https://webmaster.petalsearch.com/site/petalbot)"
114.119.145.7 - - [02/Aug/2026:18:03:52 +0200] "GET /shop/detail/imply070009533.htm HTTP/1.1" 200 - "https://bigpunchmedia.co.za/sitemap67.xml" "Mozilla/5.0 (Linux; Android 7.0;) AppleWebKit/537.36 (HTML, like Gecko) Mobile Safari/537.36 (compatible; PetalBot;+https://webmaster.petalsearch.com/site/petalbot)"
66.249.68.64 - - [02/Aug/2026:18:09:21 +0200] "GET /shop/products/90299334071.html HTTP/1.1" 200 5090 "-" "Mozilla/5.0 (Linux; Android 6.0.1; Nexus 5X Build/MMB29P) AppleWebKit/537.36 (KHTML, like Gecko) Chrome/150.0.7871.186 Mobile Safari/537.36 (compatible; Googlebot/2.1; +http://www.google.com/bot.html)"
66.249.68.64 - - [02/Aug/2026:18:10:22 +0200] "GET /shop/products/51999274263.html HTTP/1.1" 200 5091 "-" "Mozilla/5.0 (Linux; Android 6.0.1; Nexus 5X Build/MMB29P) AppleWebKit/537.36 (KHTML, like Gecko) Chrome/150.0.7871.186 Mobile Safari/537.36 (compatible; Googlebot/2.1; +http://www.google.com/bot.html)"
66.249.68.71 - - [02/Aug/2026:18:12:53 +0200] "GET /shop/products/70399490925.html HTTP/1.1" 200 5091 "-" "Mozilla/5.0 (Linux; Android 6.0.1; Nexus 5X Build/MMB29P) AppleWebKit/537.36 (KHTML, like Gecko) Chrome/150.0.7871.186 Mobile Safari/537.36 (compatible; Googlebot/2.1; +http://www.google.com/bot.html)"
66.249.68.65 - - [02/Aug/2026:18:12:56 +0200] "GET /shop/products/19999258466.html HTTP/1.1" 200 5090 "-" "Mozilla/5.0 (Linux; Android 6.0.1; Nexus 5X Build/MMB29P) AppleWebKit/537.36 (KHTML, like Gecko) Chrome/150.0.7871.186 Mobile Safari/537.36 (compatible; Googlebot/2.1; +http://www.google.com/bot.html)"
114.119.146.219 - - [02/Aug/2026:18:13:32 +0200] "GET /shop/detail/hearing174037097.htm HTTP/1.1" 200 - "https://bigpunchmedia.co.za/sitemap39.xml" "Mozilla/5.0 (Linux; Android 7.0;) AppleWebKit/537.36 (HTML, like Gecko) Mobile Safari/537.36 (compatible; PetalBot;+https://webmaster.petalsearch.com/site/petalbot)"
114.119.140.13 - - [02/Aug/2026:18:15:57 +0200] "GET /shop/detail/headline040004169.htm HTTP/1.1" 200 - "https://bigpunchmedia.co.za/sitemap39.xml" "Mozilla/5.0 (Linux; Android 7.0;) AppleWebKit/537.36 (HTML, like Gecko) Mobile Safari/537.36 (compatible; PetalBot;+https://webmaster.petalsearch.com/site/petalbot)"
66.249.68.71 - - [02/Aug/2026:18:20:53 +0200] "GET /shop/pg/1AvailableInfo/228494318872 HTTP/1.1" 200 5091 "-" "Mozilla/5.0 (Linux; Android 6.0.1; Nexus 5X Build/MMB29P) AppleWebKit/537.36 (KHTML, like Gecko) Chrome/150.0.7871.186 Mobile Safari/537.36 (compatible; Googlebot/2.1; +http://www.google.com/bot.html)"
66.249.68.64 - - [02/Aug/2026:18:22:19 +0200] "GET /shop/pg/1AvailableInfo/228456101318 HTTP/1.1" 200 5091 "-" "Mozilla/5.0 (Linux; Android 6.0.1; Nexus 5X Build/MMB29P) AppleWebKit/537.36 (KHTML, like Gecko) Chrome/150.0.7871.186 Mobile Safari/537.36 (compatible; Googlebot/2.1; +http://www.google.com/bot.html)"
66.249.68.32 - - [02/Aug/2026:18:22:21 +0200] "GET /goods/71199303566.shtml HTTP/1.1" 200 5091 "-" "Mozilla/5.0 (Linux; Android 6.0.1; Nexus 5X Build/MMB29P) AppleWebKit/537.36 (KHTML, like Gecko) Chrome/150.0.7871.186 Mobile Safari/537.36 (compatible; Googlebot/2.1; +http://www.google.com/bot.html)"
114.119.145.7 - - [02/Aug/2026:18:28:11 +0200] "GET /shop/detail/goods248042725.htm HTTP/1.1" 200 - "https://bigpunchmedia.co.za/sitemap147.xml" "Mozilla/5.0 (Linux; Android 7.0;) AppleWebKit/537.36 (HTML, like Gecko) Mobile Safari/537.36 (compatible; PetalBot;+https://webmaster.petalsearch.com/site/petalbot)"
66.249.68.64 - - [02/Aug/2026:18:28:58 +0200] "GET /shop/products/24999458177.html HTTP/1.1" 200 5090 "-" "Mozilla/5.0 (Linux; Android 6.0.1; Nexus 5X Build/MMB29P) AppleWebKit/537.36 (KHTML, like Gecko) Chrome/150.0.7871.186 Mobile Safari/537.36 (compatible; Googlebot/2.1; +http://www.google.com/bot.html)"
114.119.145.7 - - [02/Aug/2026:18:30:28 +0200] "GET /shop/detail/galaxy184029575.htm HTTP/1.1" 200 - "https://bigpunchmedia.co.za/sitemap5.xml" "Mozilla/5.0 (Linux; Android 7.0;) AppleWebKit/537.36 (HTML, like Gecko) Mobile Safari/537.36 (compatible; PetalBot;+https://webmaster.petalsearch.com/site/petalbot)"
114.119.146.219 - - [02/Aug/2026:18:32:53 +0200] "GET /shop/detail/smoke271038108.htm HTTP/1.1" 200 - "https://www.bigpunchmedia.co.za/shop/detail/smoke271038108.htm" "Mozilla/5.0 (Linux; Android 7.0;) AppleWebKit/537.36 (HTML, like Gecko) Mobile Safari/537.36 (compatible; PetalBot;+https://webmaster.petalsearch.com/site/petalbot)"
66.249.68.64 - - [02/Aug/2026:18:33:11 +0200] "GET /shop/products/72599451683.html HTTP/1.1" 200 5091 "-" "Mozilla/5.0 (Linux; Android 6.0.1; Nexus 5X Build/MMB29P) AppleWebKit/537.36 (KHTML, like Gecko) Chrome/150.0.7871.186 Mobile Safari/537.36 (compatible; Googlebot/2.1; +http://www.google.com/bot.html)"
66.249.68.64 - - [02/Aug/2026:18:36:22 +0200] "GET /shop/products/61999485889.html HTTP/1.1" 200 5091 "-" "Mozilla/5.0 (Linux; Android 6.0.1; Nexus 5X Build/MMB29P) AppleWebKit/537.36 (KHTML, like Gecko) Chrome/150.0.7871.186 Mobile Safari/537.36 (compatible; Googlebot/2.1; +http://www.google.com/bot.html)"
114.119.140.13 - - [02/Aug/2026:18:37:44 +0200] "GET /shop/detail/dramatic129037446.htm HTTP/1.1" 200 - "https://www.bigpunchmedia.co.za/sitemap1.xml" "Mozilla/5.0 (Linux; Android 7.0;) AppleWebKit/537.36 (HTML, like Gecko) Mobile Safari/537.36 (compatible; PetalBot;+https://webmaster.petalsearch.com/site/petalbot)"
66.249.68.65 - - [02/Aug/2026:18:44:17 +0200] "GET /shop/products/7069998293.html HTTP/1.1" 200 5091 "-" "Mozilla/5.0 (Linux; Android 6.0.1; Nexus 5X Build/MMB29P) AppleWebKit/537.36 (KHTML, like Gecko) Chrome/150.0.7871.186 Mobile Safari/537.36 (compatible; Googlebot/2.1; +http://www.google.com/bot.html)"
66.249.68.64 - - [02/Aug/2026:18:46:30 +0200] "GET /shop/pg/1AvailableInfo/228419389491 HTTP/1.1" 200 5091 "-" "Mozilla/5.0 (Linux; Android 6.0.1; Nexus 5X Build/MMB29P) AppleWebKit/537.36 (KHTML, like Gecko) Chrome/150.0.7871.186 Mobile Safari/537.36 (compatible; Googlebot/2.1; +http://www.google.com/bot.html)"
66.249.68.39 - - [02/Aug/2026:18:47:44 +0200] "GET /shop/products/47099112225.shtml HTTP/1.1" 200 5090 "-" "Mozilla/5.0 (Linux; Android 6.0.1; Nexus 5X Build/MMB29P) AppleWebKit/537.36 (KHTML, like Gecko) Chrome/150.0.7871.186 Mobile Safari/537.36 (compatible; Googlebot/2.1; +http://www.google.com/bot.html)"
114.119.145.7 - - [02/Aug/2026:18:49:50 +0200] "GET /detail/092016356 HTTP/1.1" 200 - "https://www.bigpunchmedia.co.za/sitemap97.xml" "Mozilla/5.0 (Linux; Android 7.0;) AppleWebKit/537.36 (HTML, like Gecko) Mobile Safari/537.36 (compatible; PetalBot;+https://webmaster.petalsearch.com/site/petalbot)"
66.249.68.71 - - [02/Aug/2026:18:53:45 +0200] "GET /detail/181037351 HTTP/1.1" 200 5091 "-" "Mozilla/5.0 (Linux; Android 6.0.1; Nexus 5X Build/MMB29P) AppleWebKit/537.36 (KHTML, like Gecko) Chrome/150.0.7871.186 Mobile Safari/537.36 (compatible; Googlebot/2.1; +http://www.google.com/bot.html)"
66.249.68.71 - - [02/Aug/2026:18:55:47 +0200] "GET /shop/products/95799429163.html HTTP/1.1" 200 5089 "-" "Mozilla/5.0 (Linux; Android 6.0.1; Nexus 5X Build/MMB29P) AppleWebKit/537.36 (KHTML, like Gecko) Chrome/150.0.7871.186 Mobile Safari/537.36 (compatible; Googlebot/2.1; +http://www.google.com/bot.html)"
66.249.68.65 - - [02/Aug/2026:18:59:48 +0200] "GET /shop/products/40099112578.html HTTP/1.1" 200 5091 "-" "Mozilla/5.0 (Linux; Android 6.0.1; Nexus 5X Build/MMB29P) AppleWebKit/537.36 (KHTML, like Gecko) Chrome/150.0.7871.186 Mobile Safari/537.36 (compatible; Googlebot/2.1; +http://www.google.com/bot.html)"
66.249.68.64 - - [02/Aug/2026:18:59:54 +0200] "GET /shop/products/70099360741.html HTTP/1.1" 200 5090 "-" "Mozilla/5.0 (Linux; Android 6.0.1; Nexus 5X Build/MMB29P) AppleWebKit/537.36 (KHTML, like Gecko) Chrome/150.0.7871.186 Mobile Safari/537.36 (compatible; Googlebot/2.1; +http://www.google.com/bot.html)"
66.249.68.65 - - [02/Aug/2026:19:00:02 +0200] "GET /shop/products/15499463436.html HTTP/1.1" 200 5091 "-" "Mozilla/5.0 (Linux; Android 6.0.1; Nexus 5X Build/MMB29P) AppleWebKit/537.36 (KHTML, like Gecko) Chrome/150.0.7871.186 Mobile Safari/537.36 (compatible; Googlebot/2.1; +http://www.google.com/bot.html)"
66.249.68.71 - - [02/Aug/2026:19:07:14 +0200] "GET /shop/products/18699335849.html HTTP/1.1" 200 5091 "-" "Mozilla/5.0 (Linux; Android 6.0.1; Nexus 5X Build/MMB29P) AppleWebKit/537.36 (KHTML, like Gecko) Chrome/150.0.7871.186 Mobile Safari/537.36 (compatible; Googlebot/2.1; +http://www.google.com/bot.html)"
114.119.145.7 - - [02/Aug/2026:19:09:10 +0200] "GET /shop/detail/promote104033793.htm HTTP/1.1" 200 - "https://bigpunchmedia.co.za/sitemap137.xml" "Mozilla/5.0 (Linux; Android 7.0;) AppleWebKit/537.36 (HTML, like Gecko) Mobile Safari/537.36 (compatible; PetalBot;+https://webmaster.petalsearch.com/site/petalbot)"
114.119.155.153 - - [02/Aug/2026:19:11:36 +0200] "GET /shop/detail/sympathy229016310.htm HTTP/1.1" 200 - "https://www.bigpunchmedia.co.za/sitemap98.xml" "Mozilla/5.0 (Linux; Android 7.0;) AppleWebKit/537.36 (HTML, like Gecko) Mobile Safari/537.36 (compatible; PetalBot;+https://webmaster.petalsearch.com/site/petalbot)"
114.119.155.153 - - [02/Aug/2026:19:18:50 +0200] "GET /shop/detail/nail039039326.htm HTTP/1.1" 200 - "https://www.bigpunchmedia.co.za/sitemap95.xml" "Mozilla/5.0 (Linux; Android 7.0;) AppleWebKit/537.36 (HTML, like Gecko) Mobile Safari/537.36 (compatible; PetalBot;+https://webmaster.petalsearch.com/site/petalbot)"
66.249.68.65 - - [02/Aug/2026:19:18:52 +0200] "GET /shop/products/74299498789.html HTTP/1.1" 200 5090 "-" "Mozilla/5.0 (Linux; Android 6.0.1; Nexus 5X Build/MMB29P) AppleWebKit/537.36 (KHTML, like Gecko) Chrome/150.0.7871.186 Mobile Safari/537.36 (compatible; Googlebot/2.1; +http://www.google.com/bot.html)"
114.119.146.109 - - [02/Aug/2026:19:21:16 +0200] "GET /shop/detail/injury137048120.htm HTTP/1.1" 200 - "https://www.bigpunchmedia.co.za/sitemap94.xml" "Mozilla/5.0 (Linux; Android 7.0;) AppleWebKit/537.36 (HTML, like Gecko) Mobile Safari/537.36 (compatible; PetalBot;+https://webmaster.petalsearch.com/site/petalbot)"
66.249.68.65 - - [02/Aug/2026:19:24:59 +0200] "GET /shop/products/93599100352.html HTTP/1.1" 200 5091 "-" "Mozilla/5.0 (Linux; Android 6.0.1; Nexus 5X Build/MMB29P) AppleWebKit/537.36 (KHTML, like Gecko) Chrome/150.0.7871.186 Mobile Safari/537.36 (compatible; Googlebot/2.1; +http://www.google.com/bot.html)"
66.249.68.64 - - [02/Aug/2026:19:28:00 +0200] "GET /?goods/045003668 HTTP/1.1" 200 5090 "-" "Mozilla/5.0 (Linux; Android 6.0.1; Nexus 5X Build/MMB29P) AppleWebKit/537.36 (KHTML, like Gecko) Chrome/150.0.7871.186 Mobile Safari/537.36 (compatible; Googlebot/2.1; +http://www.google.com/bot.html)"
114.119.155.153 - - [02/Aug/2026:19:28:13 +0200] "GET /shop/detail/crash143006986.htm HTTP/1.1" 200 - "https://www.bigpunchmedia.co.za/sitemap88.xml" "Mozilla/5.0 (Linux; Android 7.0;) AppleWebKit/537.36 (HTML, like Gecko) Mobile Safari/537.36 (compatible; PetalBot;+https://webmaster.petalsearch.com/site/petalbot)"
66.249.68.64 - - [02/Aug/2026:19:30:07 +0200] "GET /shop/products/23999165287.html HTTP/1.1" 200 5091 "-" "Mozilla/5.0 (Linux; Android 6.0.1; Nexus 5X Build/MMB29P) AppleWebKit/537.36 (KHTML, like Gecko) Chrome/150.0.7871.186 Mobile Safari/537.36 (compatible; Googlebot/2.1; +http://www.google.com/bot.html)"
114.119.146.109 - - [02/Aug/2026:19:30:28 +0200] "GET /shop/detail/association197030670.htm HTTP/1.1" 200 - "https://www.bigpunchmedia.co.za/sitemap94.xml" "Mozilla/5.0 (Linux; Android 7.0;) AppleWebKit/537.36 (HTML, like Gecko) Mobile Safari/537.36 (compatible; PetalBot;+https://webmaster.petalsearch.com/site/petalbot)"
66.249.68.71 - - [02/Aug/2026:19:33:30 +0200] "GET /shop/pg/1AvailableInfo/2284155187844 HTTP/1.1" 200 5090 "-" "Mozilla/5.0 (Linux; Android 6.0.1; Nexus 5X Build/MMB29P) AppleWebKit/537.36 (KHTML, like Gecko) Chrome/150.0.7871.186 Mobile Safari/537.36 (compatible; Googlebot/2.1; +http://www.google.com/bot.html)"
114.119.145.7 - - [02/Aug/2026:19:37:16 +0200] "GET /detail/278039920 HTTP/1.1" 200 - "https://www.bigpunchmedia.co.za/sitemap98.xml" "Mozilla/5.0 (Linux; Android 7.0;) AppleWebKit/537.36 (HTML, like Gecko) Mobile Safari/537.36 (compatible; PetalBot;+https://webmaster.petalsearch.com/site/petalbot)"
66.249.68.71 - - [02/Aug/2026:19:38:19 +0200] "GET /shop/products/3039933353.html HTTP/1.1" 200 5091 "-" "Mozilla/5.0 (Linux; Android 6.0.1; Nexus 5X Build/MMB29P) AppleWebKit/537.36 (KHTML, like Gecko) Chrome/150.0.7871.186 Mobile Safari/537.36 (compatible; Googlebot/2.1; +http://www.google.com/bot.html)"
137.184.178.10 - - [02/Aug/2026:19:39:22 +0200] "GET / HTTP/1.1" 200 12368 "-" "Mozilla/5.0 (X11; Linux x86_64) AppleWebKit/537.36 (KHTML, like Gecko) Chrome/142.0.0.0 Safari/537.36"
66.249.68.71 - - [02/Aug/2026:19:42:31 +0200] "GET /products/62599337945.html HTTP/1.1" 200 5091 "-" "Mozilla/5.0 (Linux; Android 6.0.1; Nexus 5X Build/MMB29P) AppleWebKit/537.36 (KHTML, like Gecko) Chrome/150.0.7871.186 Mobile Safari/537.36 (compatible; Googlebot/2.1; +http://www.google.com/bot.html)"
66.249.68.32 - - [02/Aug/2026:19:42:41 +0200] "GET /goods/9139929783.shtml HTTP/1.1" 200 5091 "-" "Mozilla/5.0 (Linux; Android 6.0.1; Nexus 5X Build/MMB29P) AppleWebKit/537.36 (KHTML, like Gecko) Chrome/150.0.7871.186 Mobile Safari/537.36 (compatible; Googlebot/2.1; +http://www.google.com/bot.html)"
114.119.155.153 - - [02/Aug/2026:19:46:20 +0200] "GET /detail/100033252 HTTP/1.1" 200 - "https://www.bigpunchmedia.co.za/sitemap94.xml" "Mozilla/5.0 (Linux; Android 7.0;) AppleWebKit/537.36 (HTML, like Gecko) Mobile Safari/537.36 (compatible; PetalBot;+https://webmaster.petalsearch.com/site/petalbot)"
66.249.68.65 - - [02/Aug/2026:19:46:26 +0200] "GET /shop/pg/1AvailableInfo/2284233294460 HTTP/1.1" 200 5091 "-" "Mozilla/5.0 (Linux; Android 6.0.1; Nexus 5X Build/MMB29P) AppleWebKit/537.36 (KHTML, like Gecko) Chrome/150.0.7871.186 Mobile Safari/537.36 (compatible; Googlebot/2.1; +http://www.google.com/bot.html)"
66.249.68.71 - - [02/Aug/2026:19:52:32 +0200] "GET /shop/pg/1AvailableInfo/2284140247728 HTTP/1.1" 200 5090 "-" "Mozilla/5.0 (Linux; Android 6.0.1; Nexus 5X Build/MMB29P) AppleWebKit/537.36 (KHTML, like Gecko) Chrome/150.0.7871.186 Mobile Safari/537.36 (compatible; Googlebot/2.1; +http://www.google.com/bot.html)"
66.249.68.71 - - [02/Aug/2026:19:56:01 +0200] "GET /shop/products/63899225361.html HTTP/1.1" 200 5091 "-" "Mozilla/5.0 (Linux; Android 6.0.1; Nexus 5X Build/MMB29P) AppleWebKit/537.36 (KHTML, like Gecko) Chrome/150.0.7871.186 Mobile Safari/537.36 (compatible; Googlebot/2.1; +http://www.google.com/bot.html)"
66.249.68.64 - - [02/Aug/2026:19:59:08 +0200] "GET /shop/products/7869936443.html HTTP/1.1" 200 5091 "-" "Mozilla/5.0 (Linux; Android 6.0.1; Nexus 5X Build/MMB29P) AppleWebKit/537.36 (KHTML, like Gecko) Chrome/150.0.7871.186 Mobile Safari/537.36 (compatible; Googlebot/2.1; +http://www.google.com/bot.html)"
66.249.68.32 - - [02/Aug/2026:19:59:11 +0200] "GET /shop/products/6849970206.shtml HTTP/1.1" 200 5091 "-" "Mozilla/5.0 (Linux; Android 6.0.1; Nexus 5X Build/MMB29P) AppleWebKit/537.36 (KHTML, like Gecko) Chrome/150.0.7871.186 Mobile Safari/537.36 (compatible; Googlebot/2.1; +http://www.google.com/bot.html)"
66.249.68.64 - - [02/Aug/2026:20:02:12 +0200] "GET /shop/products/90299293201.html HTTP/1.1" 200 5091 "-" "Mozilla/5.0 (Linux; Android 6.0.1; Nexus 5X Build/MMB29P) AppleWebKit/537.36 (KHTML, like Gecko) Chrome/150.0.7871.186 Mobile Safari/537.36 (compatible; Googlebot/2.1; +http://www.google.com/bot.html)"
114.119.146.109 - - [02/Aug/2026:20:04:29 +0200] "GET /shop/detail/subsidy270037645.htm HTTP/1.1" 200 - "https://bigpunchmedia.co.za/sitemap142.xml" "Mozilla/5.0 (Linux; Android 7.0;) AppleWebKit/537.36 (HTML, like Gecko) Mobile Safari/537.36 (compatible; PetalBot;+https://webmaster.petalsearch.com/site/petalbot)"
114.119.146.109 - - [02/Aug/2026:20:06:41 +0200] "GET /shop/detail/stove268010487.htm HTTP/1.1" 200 - "https://bigpunchmedia.co.za/sitemap142.xml" "Mozilla/5.0 (Linux; Android 7.0;) AppleWebKit/537.36 (HTML, like Gecko) Mobile Safari/537.36 (compatible; PetalBot;+https://webmaster.petalsearch.com/site/petalbot)"
66.249.68.71 - - [02/Aug/2026:20:07:10 +0200] "GET /shop/pg/1AvailableInfo/228415544069 HTTP/1.1" 200 5091 "-" "Mozilla/5.0 (Linux; Android 6.0.1; Nexus 5X Build/MMB29P) AppleWebKit/537.36 (KHTML, like Gecko) Chrome/150.0.7871.186 Mobile Safari/537.36 (compatible; Googlebot/2.1; +http://www.google.com/bot.html)"
66.249.68.71 - - [02/Aug/2026:20:12:15 +0200] "GET /shop/pg/1AvailableInfo/2284212181636 HTTP/1.1" 200 5091 "-" "Mozilla/5.0 (Linux; Android 6.0.1; Nexus 5X Build/MMB29P) AppleWebKit/537.36 (KHTML, like Gecko) Chrome/150.0.7871.186 Mobile Safari/537.36 (compatible; Googlebot/2.1; +http://www.google.com/bot.html)"
66.249.68.71 - - [02/Aug/2026:20:12:18 +0200] "GET /shop/products/44699275150.html HTTP/1.1" 200 5091 "-" "Mozilla/5.0 (Linux; Android 6.0.1; Nexus 5X Build/MMB29P) AppleWebKit/537.36 (KHTML, like Gecko) Chrome/150.0.7871.186 Mobile Safari/537.36 (compatible; Googlebot/2.1; +http://www.google.com/bot.html)"
66.249.68.71 - - [02/Aug/2026:20:16:23 +0200] "GET /shop/products/58399385825.html HTTP/1.1" 200 5091 "-" "Mozilla/5.0 (Linux; Android 6.0.1; Nexus 5X Build/MMB29P) AppleWebKit/537.36 (KHTML, like Gecko) Chrome/150.0.7871.186 Mobile Safari/537.36 (compatible; Googlebot/2.1; +http://www.google.com/bot.html)"
66.249.68.71 - - [02/Aug/2026:20:17:27 +0200] "GET /shop/products/19599404825.html HTTP/1.1" 200 5091 "-" "Mozilla/5.0 (Linux; Android 6.0.1; Nexus 5X Build/MMB29P) AppleWebKit/537.36 (KHTML, like Gecko) Chrome/150.0.7871.186 Mobile Safari/537.36 (compatible; Googlebot/2.1; +http://www.google.com/bot.html)"
66.249.68.64 - - [02/Aug/2026:20:17:39 +0200] "GET /shop/products/2219926552.html HTTP/1.1" 200 5091 "-" "Mozilla/5.0 (Linux; Android 6.0.1; Nexus 5X Build/MMB29P) AppleWebKit/537.36 (KHTML, like Gecko) Chrome/150.0.7871.186 Mobile Safari/537.36 (compatible; Googlebot/2.1; +http://www.google.com/bot.html)"
66.249.68.64 - - [02/Aug/2026:20:22:02 +0200] "GET /shop/products/71399302537.html HTTP/1.1" 200 5091 "-" "Mozilla/5.0 (Linux; Android 6.0.1; Nexus 5X Build/MMB29P) AppleWebKit/537.36 (KHTML, like Gecko) Chrome/150.0.7871.186 Mobile Safari/537.36 (compatible; Googlebot/2.1; +http://www.google.com/bot.html)"
66.249.68.64 - - [02/Aug/2026:20:23:03 +0200] "GET /shop/products/6199956909.html HTTP/1.1" 200 5090 "-" "Mozilla/5.0 (Linux; Android 6.0.1; Nexus 5X Build/MMB29P) AppleWebKit/537.36 (KHTML, like Gecko) Chrome/150.0.7871.186 Mobile Safari/537.36 (compatible; Googlebot/2.1; +http://www.google.com/bot.html)"
66.249.68.65 - - [02/Aug/2026:20:27:09 +0200] "GET /shop/products/39099213988.html HTTP/1.1" 200 5091 "-" "Mozilla/5.0 (Linux; Android 6.0.1; Nexus 5X Build/MMB29P) AppleWebKit/537.36 (KHTML, like Gecko) Chrome/150.0.7871.186 Mobile Safari/537.36 (compatible; Googlebot/2.1; +http://www.google.com/bot.html)"
66.249.68.64 - - [02/Aug/2026:20:32:10 +0200] "GET /shop/products/26399250247.html HTTP/1.1" 200 5091 "-" "Mozilla/5.0 (Linux; Android 6.0.1; Nexus 5X Build/MMB29P) AppleWebKit/537.36 (KHTML, like Gecko) Chrome/150.0.7871.186 Mobile Safari/537.36 (compatible; Googlebot/2.1; +http://www.google.com/bot.html)"
114.119.155.153 - - [02/Aug/2026:20:33:53 +0200] "GET /shop/detail/seven072022539.htm HTTP/1.1" 200 - "https://bigpunchmedia.co.za/sitemap137.xml" "Mozilla/5.0 (Linux; Android 7.0;) AppleWebKit/537.36 (HTML, like Gecko) Mobile Safari/537.36 (compatible; PetalBot;+https://webmaster.petalsearch.com/site/petalbot)"
66.249.68.71 - - [02/Aug/2026:20:34:11 +0200] "GET /shop/products/26399114819.html HTTP/1.1" 200 5091 "-" "Mozilla/5.0 (Linux; Android 6.0.1; Nexus 5X Build/MMB29P) AppleWebKit/537.36 (KHTML, like Gecko) Chrome/150.0.7871.186 Mobile Safari/537.36 (compatible; Googlebot/2.1; +http://www.google.com/bot.html)"
114.119.155.153 - - [02/Aug/2026:20:36:07 +0200] "GET /shop/detail/please138022007.htm HTTP/1.1" 200 - "https://bigpunchmedia.co.za/sitemap67.xml" "Mozilla/5.0 (Linux; Android 7.0;) AppleWebKit/537.36 (HTML, like Gecko) Mobile Safari/537.36 (compatible; PetalBot;+https://webmaster.petalsearch.com/site/petalbot)"
66.249.68.71 - - [02/Aug/2026:20:41:39 +0200] "GET /shop/pg/1AvailableInfo/228422052252 HTTP/1.1" 200 5091 "-" "Mozilla/5.0 (Linux; Android 6.0.1; Nexus 5X Build/MMB29P) AppleWebKit/537.36 (KHTML, like Gecko) Chrome/150.0.7871.186 Mobile Safari/537.36 (compatible; Googlebot/2.1; +http://www.google.com/bot.html)"
114.119.146.109 - - [02/Aug/2026:20:47:27 +0200] "GET /shop/detail/investigation204023963.htm HTTP/1.1" 200 - "https://bigpunchmedia.co.za/sitemap47.xml" "Mozilla/5.0 (Linux; Android 7.0;) AppleWebKit/537.36 (HTML, like Gecko) Mobile Safari/537.36 (compatible; PetalBot;+https://webmaster.petalsearch.com/site/petalbot)"
66.249.68.65 - - [02/Aug/2026:20:47:53 +0200] "GET /shop/products/7009957198.html HTTP/1.1" 200 5090 "-" "Mozilla/5.0 (Linux; Android 6.0.1; Nexus 5X Build/MMB29P) AppleWebKit/537.36 (KHTML, like Gecko) Chrome/150.0.7871.186 Mobile Safari/537.36 (compatible; Googlebot/2.1; +http://www.google.com/bot.html)"
114.119.146.109 - - [02/Aug/2026:20:49:42 +0200] "GET /shop/detail/husband145011664.htm HTTP/1.1" 200 - "https://bigpunchmedia.co.za/sitemap137.xml" "Mozilla/5.0 (Linux; Android 7.0;) AppleWebKit/537.36 (HTML, like Gecko) Mobile Safari/537.36 (compatible; PetalBot;+https://webmaster.petalsearch.com/site/petalbot)"
66.249.68.65 - - [02/Aug/2026:20:53:39 +0200] "GET /shop/products/6389972999.html HTTP/1.1" 200 5091 "-" "Mozilla/5.0 (Linux; Android 6.0.1; Nexus 5X Build/MMB29P) AppleWebKit/537.36 (KHTML, like Gecko) Chrome/150.0.7871.186 Mobile Safari/537.36 (compatible; Googlebot/2.1; +http://www.google.com/bot.html)"
66.249.68.64 - - [02/Aug/2026:20:59:39 +0200] "GET /shop/products/59499320022.html HTTP/1.1" 200 5091 "-" "Mozilla/5.0 (Linux; Android 6.0.1; Nexus 5X Build/MMB29P) AppleWebKit/537.36 (KHTML, like Gecko) Chrome/150.0.7871.186 Mobile Safari/537.36 (compatible; Googlebot/2.1; +http://www.google.com/bot.html)"
114.119.155.153 - - [02/Aug/2026:21:05:34 +0200] "GET /shop/detail/rebuild053035352.htm HTTP/1.1" 200 - "https://bigpunchmedia.co.za/sitemap58.xml" "Mozilla/5.0 (Linux; Android 7.0;) AppleWebKit/537.36 (HTML, like Gecko) Mobile Safari/537.36 (compatible; PetalBot;+https://webmaster.petalsearch.com/site/petalbot)"
66.249.68.71 - - [02/Aug/2026:21:05:39 +0200] "GET /shop/products/42899373647.html HTTP/1.1" 200 5091 "-" "Mozilla/5.0 (Linux; Android 6.0.1; Nexus 5X Build/MMB29P) AppleWebKit/537.36 (KHTML, like Gecko) Chrome/150.0.7871.186 Mobile Safari/537.36 (compatible; Googlebot/2.1; +http://www.google.com/bot.html)"
66.249.68.65 - - [02/Aug/2026:21:07:35 +0200] "GET /detail/018016016 HTTP/1.1" 200 5091 "-" "Mozilla/5.0 (Linux; Android 6.0.1; Nexus 5X Build/MMB29P) AppleWebKit/537.36 (KHTML, like Gecko) Chrome/150.0.7871.186 Mobile Safari/537.36 (compatible; Googlebot/2.1; +http://www.google.com/bot.html)"
66.249.68.71 - - [02/Aug/2026:21:12:37 +0200] "GET /shop/products/26399367309.html HTTP/1.1" 200 5091 "-" "Mozilla/5.0 (Linux; Android 6.0.1; Nexus 5X Build/MMB29P) AppleWebKit/537.36 (KHTML, like Gecko) Chrome/150.0.7871.186 Mobile Safari/537.36 (compatible; Googlebot/2.1; +http://www.google.com/bot.html)"
66.249.68.33 - - [02/Aug/2026:21:14:38 +0200] "GET /shop/products/73399354885.shtml HTTP/1.1" 200 5090 "-" "Mozilla/5.0 (Linux; Android 6.0.1; Nexus 5X Build/MMB29P) AppleWebKit/537.36 (KHTML, like Gecko) Chrome/150.0.7871.186 Mobile Safari/537.36 (compatible; Googlebot/2.1; +http://www.google.com/bot.html)"
66.249.68.65 - - [02/Aug/2026:21:17:39 +0200] "GET /shop/pg/1AvailableInfo/2284154255415 HTTP/1.1" 200 5091 "-" "Mozilla/5.0 (Linux; Android 6.0.1; Nexus 5X Build/MMB29P) AppleWebKit/537.36 (KHTML, like Gecko) Chrome/150.0.7871.186 Mobile Safari/537.36 (compatible; Googlebot/2.1; +http://www.google.com/bot.html)"
66.249.68.64 - - [02/Aug/2026:21:23:40 +0200] "GET /shop/products/72699468702.html HTTP/1.1" 200 5091 "-" "Mozilla/5.0 (Linux; Android 6.0.1; Nexus 5X Build/MMB29P) AppleWebKit/537.36 (KHTML, like Gecko) Chrome/150.0.7871.186 Mobile Safari/537.36 (compatible; Googlebot/2.1; +http://www.google.com/bot.html)"
66.249.68.39 - - [02/Aug/2026:21:26:13 +0200] "GET /shop/detail/exposure262012749.htm HTTP/1.1" 200 5091 "-" "Mozilla/5.0 (Linux; Android 6.0.1; Nexus 5X Build/MMB29P) AppleWebKit/537.36 (KHTML, like Gecko) Chrome/150.0.7871.186 Mobile Safari/537.36 (compatible; Googlebot/2.1; +http://www.google.com/bot.html)"
66.249.68.64 - - [02/Aug/2026:21:29:39 +0200] "GET /shop/products/39299104464.html HTTP/1.1" 200 5091 "-" "Mozilla/5.0 (Linux; Android 6.0.1; Nexus 5X Build/MMB29P) AppleWebKit/537.36 (KHTML, like Gecko) Chrome/150.0.7871.186 Mobile Safari/537.36 (compatible; Googlebot/2.1; +http://www.google.com/bot.html)"
114.119.133.134 - - [02/Aug/2026:21:32:43 +0200] "GET /shop/detail/finding048036147.htm HTTP/1.1" 200 - "https://bigpunchmedia.co.za/sitemap147.xml" "Mozilla/5.0 (Linux; Android 7.0;) AppleWebKit/537.36 (HTML, like Gecko) Mobile Safari/537.36 (compatible; PetalBot;+https://webmaster.petalsearch.com/site/petalbot)"
66.249.68.65 - - [02/Aug/2026:21:35:52 +0200] "GET /shop/pg/1AvailableInfo/2284132421640 HTTP/1.1" 200 5091 "-" "Mozilla/5.0 (Linux; Android 6.0.1; Nexus 5X Build/MMB29P) AppleWebKit/537.36 (KHTML, like Gecko) Chrome/150.0.7871.186 Mobile Safari/537.36 (compatible; Googlebot/2.1; +http://www.google.com/bot.html)"
66.249.68.32 - - [02/Aug/2026:21:36:08 +0200] "GET /shop/detail/beautiful096000227.htm HTTP/1.1" 200 5091 "-" "Mozilla/5.0 (Linux; Android 6.0.1; Nexus 5X Build/MMB29P) AppleWebKit/537.36 (KHTML, like Gecko) Chrome/150.0.7871.186 Mobile Safari/537.36 (compatible; Googlebot/2.1; +http://www.google.com/bot.html)"
114.119.155.153 - - [02/Aug/2026:21:44:03 +0200] "GET /shop/detail/trend131036190.htm HTTP/1.1" 200 - "https://bigpunchmedia.co.za/sitemap5.xml" "Mozilla/5.0 (Linux; Android 7.0;) AppleWebKit/537.36 (HTML, like Gecko) Mobile Safari/537.36 (compatible; PetalBot;+https://webmaster.petalsearch.com/site/petalbot)"
114.119.155.153 - - [02/Aug/2026:21:46:23 +0200] "GET /shop/detail/resident033016378.htm HTTP/1.1" 200 - "https://bigpunchmedia.co.za/sitemap47.xml" "Mozilla/5.0 (Linux; Android 7.0;) AppleWebKit/537.36 (HTML, like Gecko) Mobile Safari/537.36 (compatible; PetalBot;+https://webmaster.petalsearch.com/site/petalbot)"
66.249.68.65 - - [02/Aug/2026:21:57:36 +0200] "GET /products/8219971616.html HTTP/1.1" 200 5091 "-" "Mozilla/5.0 (Linux; Android 6.0.1; Nexus 5X Build/MMB29P) AppleWebKit/537.36 (KHTML, like Gecko) Chrome/150.0.7871.186 Mobile Safari/537.36 (compatible; Googlebot/2.1; +http://www.google.com/bot.html)"
114.119.133.134 - - [02/Aug/2026:22:02:11 +0200] "GET /shop/detail/entirely154017615.htm HTTP/1.1" 200 - "https://bigpunchmedia.co.za/sitemap142.xml" "Mozilla/5.0 (Linux; Android 7.0;) AppleWebKit/537.36 (HTML, like Gecko) Mobile Safari/537.36 (compatible; PetalBot;+https://webmaster.petalsearch.com/site/petalbot)"
66.249.68.65 - - [02/Aug/2026:22:15:39 +0200] "GET /shop/products/78699340761.html HTTP/1.1" 200 5091 "-" "Mozilla/5.0 (Linux; Android 6.0.1; Nexus 5X Build/MMB29P) AppleWebKit/537.36 (KHTML, like Gecko) Chrome/150.0.7871.186 Mobile Safari/537.36 (compatible; Googlebot/2.1; +http://www.google.com/bot.html)"
66.249.68.71 - - [02/Aug/2026:22:24:52 +0200] "GET /shop/products/12199360899.html HTTP/1.1" 200 5091 "-" "Mozilla/5.0 (Linux; Android 6.0.1; Nexus 5X Build/MMB29P) AppleWebKit/537.36 (KHTML, like Gecko) Chrome/150.0.7871.186 Mobile Safari/537.36 (compatible; Googlebot/2.1; +http://www.google.com/bot.html)"
90.60.182.192 - - [02/Aug/2026:22:27:01 +0200] "POST /xmlrpc.php HTTP/1.1" 403 317 "-" "Mozilla/5.0 (Windows NT 6.3; arm64) AppleWebKit/537.36 (KHTML, like Gecko) Chrome/81.0.0.0 Safari/537.36"
114.119.133.134 - - [02/Aug/2026:22:29:21 +0200] "GET /shop/detail/metaphor170017471.htm HTTP/1.1" 200 - "https://bigpunchmedia.co.za/sitemap137.xml" "Mozilla/5.0 (Linux; Android 7.0;) AppleWebKit/537.36 (HTML, like Gecko) Mobile Safari/537.36 (compatible; PetalBot;+https://webmaster.petalsearch.com/site/petalbot)"
114.119.155.153 - - [02/Aug/2026:22:33:52 +0200] "GET /shop/detail/force176048541.htm HTTP/1.1" 200 - "https://bigpunchmedia.co.za/sitemap39.xml" "Mozilla/5.0 (Linux; Android 7.0;) AppleWebKit/537.36 (HTML, like Gecko) Mobile Safari/537.36 (compatible; PetalBot;+https://webmaster.petalsearch.com/site/petalbot)"
114.119.155.153 - - [02/Aug/2026:22:36:08 +0200] "GET /shop/detail/flexible141031614.htm HTTP/1.1" 200 - "https://bigpunchmedia.co.za/sitemap143.xml" "Mozilla/5.0 (Linux; Android 7.0;) AppleWebKit/537.36 (HTML, like Gecko) Mobile Safari/537.36 (compatible; PetalBot;+https://webmaster.petalsearch.com/site/petalbot)"
104.210.140.143 - - [02/Aug/2026:22:37:46 +0200] "GET /robots.txt HTTP/1.1" 200 396 "-" "Mozilla/5.0 (Macintosh; Intel Mac OS X 10_15_7) AppleWebKit/537.36 (KHTML, like Gecko) Chrome/131.0.0.0 Safari/537.36; compatible; OAI-SearchBot/1.0; +https://openai.com/searchbot"
66.249.68.64 - - [02/Aug/2026:22:40:22 +0200] "GET /shop/products/70699360856.html HTTP/1.1" 200 5091 "-" "Mozilla/5.0 (Linux; Android 6.0.1; Nexus 5X Build/MMB29P) AppleWebKit/537.36 (KHTML, like Gecko) Chrome/150.0.7871.186 Mobile Safari/537.36 (compatible; Googlebot/2.1; +http://www.google.com/bot.html)"
114.119.133.134 - - [02/Aug/2026:22:40:40 +0200] "GET /shop/detail/ear203033084.htm HTTP/1.1" 200 - "https://bigpunchmedia.co.za/sitemap41.xml" "Mozilla/5.0 (Linux; Android 7.0;) AppleWebKit/537.36 (HTML, like Gecko) Mobile Safari/537.36 (compatible; PetalBot;+https://webmaster.petalsearch.com/site/petalbot)"
66.249.68.65 - - [02/Aug/2026:22:43:24 +0200] "GET /shop/products/59299315045.html HTTP/1.1" 200 5091 "-" "Mozilla/5.0 (Linux; Android 6.0.1; Nexus 5X Build/MMB29P) AppleWebKit/537.36 (KHTML, like Gecko) Chrome/150.0.7871.186 Mobile Safari/537.36 (compatible; Googlebot/2.1; +http://www.google.com/bot.html)"
114.119.155.153 - - [02/Aug/2026:22:45:13 +0200] "GET /shop/detail/driveway190027803.htm HTTP/1.1" 200 - "https://bigpunchmedia.co.za/sitemap120.xml" "Mozilla/5.0 (Linux; Android 7.0;) AppleWebKit/537.36 (HTML, like Gecko) Mobile Safari/537.36 (compatible; PetalBot;+https://webmaster.petalsearch.com/site/petalbot)"
176.31.139.29 - - [02/Aug/2026:22:45:16 +0200] "GET /shop/products/78699119463.shtml HTTP/1.1" 200 - "-" "Mozilla/5.0 (compatible; AhrefsBot/7.0; +http://ahrefs.com/robot/)"
