Linux thaedus.aserv.co.za 5.14.0-687.24.1.el9_8.x86_64 #1 SMP PREEMPT_DYNAMIC Thu Jul 9 18:14:06 EDT 2026 x86_64
LiteSpeed
Server IP : 197.242.159.149 & Your IP : 216.73.217.62
Domains :
Cant Read [ /etc/named.conf ]
User : bigpuxtb
Terminal
Auto Root
Create File
Create Folder
Localroot Suggester
Backdoor Destroyer
Readme
/
var /
log /
apache2 /
domlogs /
bigpuxtb /
Delete
Unzip
Name
Size
Permission
Date
Action
airco.bigpunchmedia.co.za
33.46
KB
-rw-r-----
2026-08-05 01:57
airco.bigpunchmedia.co.za-ssl_log
2.65
MB
-rw-r-----
2026-08-05 03:23
bigpunchmedia.co.za
382.06
KB
-rw-r-----
2026-08-05 03:23
bigpunchmedia.co.za-ssl_log
1.13
MB
-rw-r-----
2026-08-05 03:23
Save
Rename
114.119.146.109 - - [31/Jul/2026:18:15:11 +0200] "GET /shop/detail/reach176024805.htm HTTP/1.1" 200 - "https://www.bigpunchmedia.co.za/sitemap94.xml" "Mozilla/5.0 (Linux; Android 7.0;) AppleWebKit/537.36 (HTML, like Gecko) Mobile Safari/537.36 (compatible; PetalBot;+https://webmaster.petalsearch.com/site/petalbot)"
66.249.68.71 - - [31/Jul/2026:18:15:14 +0200] "GET /shop/products/29299457932.html HTTP/1.1" 200 5091 "-" "Mozilla/5.0 (Linux; Android 6.0.1; Nexus 5X Build/MMB29P) AppleWebKit/537.36 (KHTML, like Gecko) Chrome/150.0.7871.186 Mobile Safari/537.36 (compatible; Googlebot/2.1; +http://www.google.com/bot.html)"
5.39.1.227 - - [31/Jul/2026:18:21:33 +0200] "GET /shop/products/6989959666.shtml HTTP/1.1" 200 - "-" "Mozilla/5.0 (compatible; AhrefsBot/7.0; +http://ahrefs.com/robot/)"
66.249.68.32 - - [31/Jul/2026:18:22:40 +0200] "GET /shop/products/15499165887.shtml HTTP/1.1" 200 5091 "-" "Mozilla/5.0 (Linux; Android 6.0.1; Nexus 5X Build/MMB29P) AppleWebKit/537.36 (KHTML, like Gecko) Chrome/150.0.7871.186 Mobile Safari/537.36 (compatible; Googlebot/2.1; +http://www.google.com/bot.html)"
66.249.68.65 - - [31/Jul/2026:18:26:21 +0200] "GET /shop/products/69999256958.html HTTP/1.1" 200 5091 "-" "Mozilla/5.0 (Linux; Android 6.0.1; Nexus 5X Build/MMB29P) AppleWebKit/537.36 (KHTML, like Gecko) Chrome/150.0.7871.186 Mobile Safari/537.36 (compatible; Googlebot/2.1; +http://www.google.com/bot.html)"
66.249.68.39 - - [31/Jul/2026:18:29:59 +0200] "GET /shop/products/59499340961.shtml HTTP/1.1" 200 5090 "-" "Mozilla/5.0 (Linux; Android 6.0.1; Nexus 5X Build/MMB29P) AppleWebKit/537.36 (KHTML, like Gecko) Chrome/150.0.7871.186 Mobile Safari/537.36 (compatible; Googlebot/2.1; +http://www.google.com/bot.html)"
165.0.77.19 - - [31/Jul/2026:18:33:19 +0200] "GET / HTTP/1.1" 200 317 "-" "Mozilla/5.0 (compatible; CLCLeadBot/1.0; +https://clctech.co.za/bot; contact charl@idni.co.za)"
165.0.77.19 - - [31/Jul/2026:18:33:20 +0200] "GET /robots.txt HTTP/1.1" 200 396 "-" "Mozilla/5.0 (compatible; CLCLeadBot/1.0; +https://clctech.co.za/bot; contact charl@idni.co.za)"
165.0.77.19 - - [31/Jul/2026:18:33:21 +0200] "GET /contact HTTP/1.1" 200 317 "-" "Mozilla/5.0 (compatible; CLCLeadBot/1.0; +https://clctech.co.za/bot; contact charl@idni.co.za)"
165.0.77.19 - - [31/Jul/2026:18:33:22 +0200] "GET /contact-us HTTP/1.1" 200 317 "-" "Mozilla/5.0 (compatible; CLCLeadBot/1.0; +https://clctech.co.za/bot; contact charl@idni.co.za)"
165.0.77.19 - - [31/Jul/2026:18:33:24 +0200] "GET /kontak HTTP/1.1" 200 317 "-" "Mozilla/5.0 (compatible; CLCLeadBot/1.0; +https://clctech.co.za/bot; contact charl@idni.co.za)"
165.0.77.19 - - [31/Jul/2026:18:33:25 +0200] "GET /about HTTP/1.1" 200 317 "-" "Mozilla/5.0 (compatible; CLCLeadBot/1.0; +https://clctech.co.za/bot; contact charl@idni.co.za)"
165.0.77.19 - - [31/Jul/2026:18:33:27 +0200] "GET /about-us HTTP/1.1" 200 317 "-" "Mozilla/5.0 (compatible; CLCLeadBot/1.0; +https://clctech.co.za/bot; contact charl@idni.co.za)"
66.249.68.32 - - [31/Jul/2026:18:33:35 +0200] "GET /detail/179005021 HTTP/1.1" 200 5090 "-" "Mozilla/5.0 (Linux; Android 6.0.1; Nexus 5X Build/MMB29P) AppleWebKit/537.36 (KHTML, like Gecko) Chrome/150.0.7871.186 Mobile Safari/537.36 (compatible; Googlebot/2.1; +http://www.google.com/bot.html)"
114.119.146.109 - - [31/Jul/2026:18:37:19 +0200] "GET /detail/228041670 HTTP/1.1" 200 - "https://www.bigpunchmedia.co.za/sitemap96.xml" "Mozilla/5.0 (Linux; Android 7.0;) AppleWebKit/537.36 (HTML, like Gecko) Mobile Safari/537.36 (compatible; PetalBot;+https://webmaster.petalsearch.com/site/petalbot)"
92.222.104.206 - - [31/Jul/2026:18:40:36 +0200] "GET /shop/products/78699118449.shtml HTTP/1.1" 200 - "-" "Mozilla/5.0 (compatible; AhrefsBot/7.0; +http://ahrefs.com/robot/)"
66.249.68.39 - - [31/Jul/2026:18:44:11 +0200] "GET /detail/044009552 HTTP/1.1" 200 5091 "-" "Mozilla/5.0 (Linux; Android 6.0.1; Nexus 5X Build/MMB29P) AppleWebKit/537.36 (KHTML, like Gecko) Chrome/150.0.7871.186 Mobile Safari/537.36 (compatible; Googlebot/2.1; +http://www.google.com/bot.html)"
66.249.68.71 - - [31/Jul/2026:18:47:40 +0200] "GET /shop/products/29299486611.html HTTP/1.1" 200 5090 "-" "Mozilla/5.0 (Linux; Android 6.0.1; Nexus 5X Build/MMB29P) AppleWebKit/537.36 (KHTML, like Gecko) Chrome/150.0.7871.186 Mobile Safari/537.36 (compatible; Googlebot/2.1; +http://www.google.com/bot.html)"
47.128.25.126 - - [31/Jul/2026:18:48:41 +0200] "GET /robots.txt HTTP/1.1" 200 396 "-" "Mozilla/5.0 (iPhone; CPU iPhone OS 7_1_2 like Mac OS X) AppleWebKit/537.36 (KHTML, like Gecko) Version/7.0 Mobile Safari/537.36 (compatible; Bytespider; https://bytedance.sg.larkoffice.com/docx/K5bxdypulop3IIxrJb0lOjLVgFe)"
66.249.68.33 - - [31/Jul/2026:18:54:37 +0200] "GET /shop/products/74999124490.shtml HTTP/1.1" 200 5090 "-" "Mozilla/5.0 (Linux; Android 6.0.1; Nexus 5X Build/MMB29P) AppleWebKit/537.36 (KHTML, like Gecko) Chrome/150.0.7871.186 Mobile Safari/537.36 (compatible; Googlebot/2.1; +http://www.google.com/bot.html)"
66.249.68.32 - - [31/Jul/2026:18:54:57 +0200] "GET /shop/detail/fire008001491.htm HTTP/1.1" 200 5091 "-" "Mozilla/5.0 (Linux; Android 6.0.1; Nexus 5X Build/MMB29P) AppleWebKit/537.36 (KHTML, like Gecko) Chrome/150.0.7871.186 Mobile Safari/537.36 (compatible; Googlebot/2.1; +http://www.google.com/bot.html)"
66.249.68.71 - - [31/Jul/2026:18:55:06 +0200] "GET /shop/products/4939955037.html HTTP/1.1" 200 5091 "-" "Mozilla/5.0 (Linux; Android 6.0.1; Nexus 5X Build/MMB29P) AppleWebKit/537.36 (KHTML, like Gecko) Chrome/150.0.7871.186 Mobile Safari/537.36 (compatible; Googlebot/2.1; +http://www.google.com/bot.html)"
114.119.133.134 - - [31/Jul/2026:18:55:39 +0200] "GET /shop/detail/know276017287.htm HTTP/1.1" 200 - "https://www.bigpunchmedia.co.za/sitemap89.xml" "Mozilla/5.0 (Linux; Android 7.0;) AppleWebKit/537.36 (HTML, like Gecko) Mobile Safari/537.36 (compatible; PetalBot;+https://webmaster.petalsearch.com/site/petalbot)"
176.31.139.11 - - [31/Jul/2026:18:55:46 +0200] "GET /shop/products/263999711.shtml HTTP/1.1" 200 - "-" "Mozilla/5.0 (compatible; AhrefsBot/7.0; +http://ahrefs.com/robot/)"
66.249.68.32 - - [31/Jul/2026:18:58:47 +0200] "GET /shop/products/90299103521.shtml HTTP/1.1" 200 5091 "-" "Mozilla/5.0 (Linux; Android 6.0.1; Nexus 5X Build/MMB29P) AppleWebKit/537.36 (KHTML, like Gecko) Chrome/150.0.7871.186 Mobile Safari/537.36 (compatible; Googlebot/2.1; +http://www.google.com/bot.html)"
66.249.68.33 - - [31/Jul/2026:18:59:23 +0200] "GET /shop/detail/pay055000502.htm HTTP/1.1" 200 5091 "-" "Mozilla/5.0 (Linux; Android 6.0.1; Nexus 5X Build/MMB29P) AppleWebKit/537.36 (KHTML, like Gecko) Chrome/150.0.7871.186 Mobile Safari/537.36 (compatible; Googlebot/2.1; +http://www.google.com/bot.html)"
66.249.68.71 - - [31/Jul/2026:19:00:01 +0200] "GET /shop/products/17299103331.html HTTP/1.1" 200 5090 "-" "Mozilla/5.0 (Linux; Android 6.0.1; Nexus 5X Build/MMB29P) AppleWebKit/537.36 (KHTML, like Gecko) Chrome/150.0.7871.186 Mobile Safari/537.36 (compatible; Googlebot/2.1; +http://www.google.com/bot.html)"
66.249.68.64 - - [31/Jul/2026:19:01:18 +0200] "GET /shop/products/63899360349.html HTTP/1.1" 200 5091 "-" "Mozilla/5.0 (Linux; Android 6.0.1; Nexus 5X Build/MMB29P) AppleWebKit/537.36 (KHTML, like Gecko) Chrome/150.0.7871.186 Mobile Safari/537.36 (compatible; Googlebot/2.1; +http://www.google.com/bot.html)"
66.249.68.65 - - [31/Jul/2026:19:03:00 +0200] "GET /shop/pg/1AvailableInfo/2284212365891 HTTP/1.1" 200 5090 "-" "Mozilla/5.0 (Linux; Android 6.0.1; Nexus 5X Build/MMB29P) AppleWebKit/537.36 (KHTML, like Gecko) Chrome/150.0.7871.186 Mobile Safari/537.36 (compatible; Googlebot/2.1; +http://www.google.com/bot.html)"
114.119.146.109 - - [31/Jul/2026:19:04:46 +0200] "GET /shop/detail/deep203002202.htm HTTP/1.1" 200 - "https://www.bigpunchmedia.co.za/sitemap98.xml" "Mozilla/5.0 (Linux; Android 7.0;) AppleWebKit/537.36 (HTML, like Gecko) Mobile Safari/537.36 (compatible; PetalBot;+https://webmaster.petalsearch.com/site/petalbot)"
114.119.133.134 - - [31/Jul/2026:19:07:03 +0200] "GET /shop/detail/couch152035025.htm HTTP/1.1" 200 - "https://www.bigpunchmedia.co.za/shop/detail/couch152035025.htm" "Mozilla/5.0 (Linux; Android 7.0;) AppleWebKit/537.36 (HTML, like Gecko) Mobile Safari/537.36 (compatible; PetalBot;+https://webmaster.petalsearch.com/site/petalbot)"
66.249.68.65 - - [31/Jul/2026:19:12:29 +0200] "GET /shop/pg/1AvailableInfo/2284113349787 HTTP/1.1" 200 5091 "-" "Mozilla/5.0 (Linux; Android 6.0.1; Nexus 5X Build/MMB29P) AppleWebKit/537.36 (KHTML, like Gecko) Chrome/150.0.7871.186 Mobile Safari/537.36 (compatible; Googlebot/2.1; +http://www.google.com/bot.html)"
66.249.68.71 - - [31/Jul/2026:19:19:39 +0200] "GET /shop/products/18499324938.html HTTP/1.1" 200 5091 "-" "Mozilla/5.0 (Linux; Android 6.0.1; Nexus 5X Build/MMB29P) AppleWebKit/537.36 (KHTML, like Gecko) Chrome/150.0.7871.186 Mobile Safari/537.36 (compatible; Googlebot/2.1; +http://www.google.com/bot.html)"
66.249.68.64 - - [31/Jul/2026:19:20:20 +0200] "GET /shop/products/1019990785.html HTTP/1.1" 200 5091 "-" "Mozilla/5.0 (Linux; Android 6.0.1; Nexus 5X Build/MMB29P) AppleWebKit/537.36 (KHTML, like Gecko) Chrome/150.0.7871.186 Mobile Safari/537.36 (compatible; Googlebot/2.1; +http://www.google.com/bot.html)"
66.249.68.64 - - [31/Jul/2026:19:21:00 +0200] "GET /shop/products/8639933152.html HTTP/1.1" 200 5091 "-" "Mozilla/5.0 (Linux; Android 6.0.1; Nexus 5X Build/MMB29P) AppleWebKit/537.36 (KHTML, like Gecko) Chrome/150.0.7871.186 Mobile Safari/537.36 (compatible; Googlebot/2.1; +http://www.google.com/bot.html)"
66.249.68.71 - - [31/Jul/2026:19:27:59 +0200] "GET /shop/products/24499114391.html HTTP/1.1" 200 5090 "-" "Mozilla/5.0 (Linux; Android 6.0.1; Nexus 5X Build/MMB29P) AppleWebKit/537.36 (KHTML, like Gecko) Chrome/150.0.7871.186 Mobile Safari/537.36 (compatible; Googlebot/2.1; +http://www.google.com/bot.html)"
66.249.68.39 - - [31/Jul/2026:19:29:01 +0200] "GET /?detail/2250467606148 HTTP/1.1" 200 5091 "-" "Mozilla/5.0 (Linux; Android 6.0.1; Nexus 5X Build/MMB29P) AppleWebKit/537.36 (KHTML, like Gecko) Chrome/150.0.7871.186 Mobile Safari/537.36 (compatible; Googlebot/2.1; +http://www.google.com/bot.html)"
94.23.188.217 - - [31/Jul/2026:19:29:14 +0200] "GET /shop/products/8639978658.shtml HTTP/1.1" 200 - "-" "Mozilla/5.0 (compatible; AhrefsBot/7.0; +http://ahrefs.com/robot/)"
66.249.68.32 - - [31/Jul/2026:19:30:54 +0200] "GET /shop/products/5229911691.shtml HTTP/1.1" 200 5090 "-" "Mozilla/5.0 (Linux; Android 6.0.1; Nexus 5X Build/MMB29P) AppleWebKit/537.36 (KHTML, like Gecko) Chrome/150.0.7871.186 Mobile Safari/537.36 (compatible; Googlebot/2.1; +http://www.google.com/bot.html)"
66.249.68.33 - - [31/Jul/2026:19:31:32 +0200] "GET /shop/products/12599347085.shtml HTTP/1.1" 200 5091 "-" "Mozilla/5.0 (Linux; Android 6.0.1; Nexus 5X Build/MMB29P) AppleWebKit/537.36 (KHTML, like Gecko) Chrome/150.0.7871.186 Mobile Safari/537.36 (compatible; Googlebot/2.1; +http://www.google.com/bot.html)"
114.119.146.109 - - [31/Jul/2026:19:34:31 +0200] "GET /detail/237011391 HTTP/1.1" 200 - "https://www.bigpunchmedia.co.za/sitemap97.xml" "Mozilla/5.0 (Linux; Android 7.0;) AppleWebKit/537.36 (HTML, like Gecko) Mobile Safari/537.36 (compatible; PetalBot;+https://webmaster.petalsearch.com/site/petalbot)"
66.249.68.71 - - [31/Jul/2026:19:34:38 +0200] "GET /shop/pg/1AvailableInfo/2284241137152 HTTP/1.1" 200 5091 "-" "Mozilla/5.0 (Linux; Android 6.0.1; Nexus 5X Build/MMB29P) AppleWebKit/537.36 (KHTML, like Gecko) Chrome/150.0.7871.186 Mobile Safari/537.36 (compatible; Googlebot/2.1; +http://www.google.com/bot.html)"
66.249.68.65 - - [31/Jul/2026:19:36:05 +0200] "GET /shop/products/39099230785.html HTTP/1.1" 200 5091 "-" "Mozilla/5.0 (Linux; Android 6.0.1; Nexus 5X Build/MMB29P) AppleWebKit/537.36 (KHTML, like Gecko) Chrome/150.0.7871.186 Mobile Safari/537.36 (compatible; Googlebot/2.1; +http://www.google.com/bot.html)"
114.119.133.134 - - [31/Jul/2026:19:39:01 +0200] "GET /detail/214011466 HTTP/1.1" 200 - "https://www.bigpunchmedia.co.za/sitemap86.xml" "Mozilla/5.0 (Linux; Android 7.0;) AppleWebKit/537.36 (HTML, like Gecko) Mobile Safari/537.36 (compatible; PetalBot;+https://webmaster.petalsearch.com/site/petalbot)"
66.249.68.71 - - [31/Jul/2026:19:39:43 +0200] "GET /shop/products/72599117427.html HTTP/1.1" 200 5091 "-" "Mozilla/5.0 (Linux; Android 6.0.1; Nexus 5X Build/MMB29P) AppleWebKit/537.36 (KHTML, like Gecko) Chrome/150.0.7871.186 Mobile Safari/537.36 (compatible; Googlebot/2.1; +http://www.google.com/bot.html)"
66.249.68.32 - - [31/Jul/2026:19:44:31 +0200] "GET /shop/detail/reluctant036000483.htm HTTP/1.1" 200 5090 "-" "Mozilla/5.0 (Linux; Android 6.0.1; Nexus 5X Build/MMB29P) AppleWebKit/537.36 (KHTML, like Gecko) Chrome/150.0.7871.186 Mobile Safari/537.36 (compatible; Googlebot/2.1; +http://www.google.com/bot.html)"
114.119.146.109 - - [31/Jul/2026:19:45:53 +0200] "GET /detail/210016734 HTTP/1.1" 200 - "https://www.bigpunchmedia.co.za/sitemap98.xml" "Mozilla/5.0 (Linux; Android 7.0;) AppleWebKit/537.36 (HTML, like Gecko) Mobile Safari/537.36 (compatible; PetalBot;+https://webmaster.petalsearch.com/site/petalbot)"
66.249.68.33 - - [31/Jul/2026:19:52:49 +0200] "GET /detail/037029401 HTTP/1.1" 200 5090 "-" "Mozilla/5.0 (Linux; Android 6.0.1; Nexus 5X Build/MMB29P) AppleWebKit/537.36 (KHTML, like Gecko) Chrome/150.0.7871.186 Mobile Safari/537.36 (compatible; Googlebot/2.1; +http://www.google.com/bot.html)"
66.249.68.71 - - [31/Jul/2026:19:55:55 +0200] "GET /shop/products/5729998063.html HTTP/1.1" 200 5091 "-" "Mozilla/5.0 (Linux; Android 6.0.1; Nexus 5X Build/MMB29P) AppleWebKit/537.36 (KHTML, like Gecko) Chrome/150.0.7871.186 Mobile Safari/537.36 (compatible; Googlebot/2.1; +http://www.google.com/bot.html)"
66.249.68.39 - - [31/Jul/2026:19:58:48 +0200] "GET /shop/detail/begin028000733.htm HTTP/1.1" 200 5091 "-" "Mozilla/5.0 (Linux; Android 6.0.1; Nexus 5X Build/MMB29P) AppleWebKit/537.36 (KHTML, like Gecko) Chrome/150.0.7871.186 Mobile Safari/537.36 (compatible; Googlebot/2.1; +http://www.google.com/bot.html)"
66.249.68.33 - - [31/Jul/2026:19:59:27 +0200] "GET /shop/products/34699288648.shtml HTTP/1.1" 200 5091 "-" "Mozilla/5.0 (Linux; Android 6.0.1; Nexus 5X Build/MMB29P) AppleWebKit/537.36 (KHTML, like Gecko) Chrome/150.0.7871.186 Mobile Safari/537.36 (compatible; Googlebot/2.1; +http://www.google.com/bot.html)"
114.119.146.109 - - [31/Jul/2026:19:59:35 +0200] "GET /detail/198008172 HTTP/1.1" 200 - "https://www.bigpunchmedia.co.za/sitemap94.xml" "Mozilla/5.0 (Linux; Android 7.0;) AppleWebKit/537.36 (HTML, like Gecko) Mobile Safari/537.36 (compatible; PetalBot;+https://webmaster.petalsearch.com/site/petalbot)"
54.211.2.94 - - [31/Jul/2026:20:06:07 +0200] "GET / HTTP/1.1" 200 317 "-" "Mozilla/5.0 (Windows NT 10.0; Win64; x64; rv:139.0) Gecko/20100101 Firefox/139.0"
66.249.68.71 - - [31/Jul/2026:20:10:48 +0200] "GET /?goods/190042370 HTTP/1.1" 200 5091 "-" "Mozilla/5.0 (Linux; Android 6.0.1; Nexus 5X Build/MMB29P) AppleWebKit/537.36 (KHTML, like Gecko) Chrome/150.0.7871.186 Mobile Safari/537.36 (compatible; Googlebot/2.1; +http://www.google.com/bot.html)"
114.119.146.109 - - [31/Jul/2026:20:11:01 +0200] "GET /detail/192047330 HTTP/1.1" 200 - "https://www.bigpunchmedia.co.za/sitemap83.xml" "Mozilla/5.0 (Linux; Android 7.0;) AppleWebKit/537.36 (HTML, like Gecko) Mobile Safari/537.36 (compatible; PetalBot;+https://webmaster.petalsearch.com/site/petalbot)"
66.249.68.71 - - [31/Jul/2026:20:12:01 +0200] "GET /shop/products/78699253171.html HTTP/1.1" 200 5091 "-" "Mozilla/5.0 (Linux; Android 6.0.1; Nexus 5X Build/MMB29P) AppleWebKit/537.36 (KHTML, like Gecko) Chrome/150.0.7871.186 Mobile Safari/537.36 (compatible; Googlebot/2.1; +http://www.google.com/bot.html)"
66.249.68.32 - - [31/Jul/2026:20:16:20 +0200] "GET /shop/products/78699191396.shtml HTTP/1.1" 200 5091 "-" "Mozilla/5.0 (Linux; Android 6.0.1; Nexus 5X Build/MMB29P) AppleWebKit/537.36 (KHTML, like Gecko) Chrome/150.0.7871.186 Mobile Safari/537.36 (compatible; Googlebot/2.1; +http://www.google.com/bot.html)"
66.249.68.65 - - [31/Jul/2026:20:18:42 +0200] "GET /shop/detail/sure018000617.htm HTTP/1.1" 200 5090 "-" "Mozilla/5.0 (Linux; Android 6.0.1; Nexus 5X Build/MMB29P) AppleWebKit/537.36 (KHTML, like Gecko) Chrome/150.0.7871.186 Mobile Safari/537.36 (compatible; Googlebot/2.1; +http://www.google.com/bot.html)"
51.68.247.217 - - [31/Jul/2026:20:20:30 +0200] "GET /shop/products/12199410090.shtml HTTP/1.1" 200 - "-" "Mozilla/5.0 (compatible; AhrefsBot/7.0; +http://ahrefs.com/robot/)"
66.249.68.71 - - [31/Jul/2026:20:20:35 +0200] "GET /detail/224019630 HTTP/1.1" 200 5091 "-" "Mozilla/5.0 (Linux; Android 6.0.1; Nexus 5X Build/MMB29P) AppleWebKit/537.36 (KHTML, like Gecko) Chrome/150.0.7871.186 Mobile Safari/537.36 (compatible; Googlebot/2.1; +http://www.google.com/bot.html)"
66.249.68.71 - - [31/Jul/2026:20:23:58 +0200] "GET /?goods/001000628 HTTP/1.1" 200 5091 "-" "Mozilla/5.0 (Linux; Android 6.0.1; Nexus 5X Build/MMB29P) AppleWebKit/537.36 (KHTML, like Gecko) Chrome/150.0.7871.186 Mobile Safari/537.36 (compatible; Googlebot/2.1; +http://www.google.com/bot.html)"
66.249.68.71 - - [31/Jul/2026:20:30:02 +0200] "GET /shop/detail/assault026008579.htm HTTP/1.1" 200 5091 "-" "Mozilla/5.0 (Linux; Android 6.0.1; Nexus 5X Build/MMB29P) AppleWebKit/537.36 (KHTML, like Gecko) Chrome/150.0.7871.186 Mobile Safari/537.36 (compatible; Googlebot/2.1; +http://www.google.com/bot.html)"
66.249.68.71 - - [31/Jul/2026:20:35:31 +0200] "GET /detail/223045993 HTTP/1.1" 200 5091 "-" "Mozilla/5.0 (Linux; Android 6.0.1; Nexus 5X Build/MMB29P) AppleWebKit/537.36 (KHTML, like Gecko) Chrome/150.0.7871.186 Mobile Safari/537.36 (compatible; Googlebot/2.1; +http://www.google.com/bot.html)"
66.249.68.71 - - [31/Jul/2026:20:36:08 +0200] "GET /shop/detail/clinical087002694.htm HTTP/1.1" 200 5091 "-" "Mozilla/5.0 (Linux; Android 6.0.1; Nexus 5X Build/MMB29P) AppleWebKit/537.36 (KHTML, like Gecko) Chrome/150.0.7871.186 Mobile Safari/537.36 (compatible; Googlebot/2.1; +http://www.google.com/bot.html)"
66.249.68.32 - - [31/Jul/2026:20:37:21 +0200] "GET /detail/038000142 HTTP/1.1" 200 5090 "-" "Mozilla/5.0 (Linux; Android 6.0.1; Nexus 5X Build/MMB29P) AppleWebKit/537.36 (KHTML, like Gecko) Chrome/150.0.7871.186 Mobile Safari/537.36 (compatible; Googlebot/2.1; +http://www.google.com/bot.html)"
66.249.68.71 - - [31/Jul/2026:20:37:58 +0200] "GET /detail/072000564 HTTP/1.1" 200 5091 "-" "Mozilla/5.0 (Linux; Android 6.0.1; Nexus 5X Build/MMB29P) AppleWebKit/537.36 (KHTML, like Gecko) Chrome/150.0.7871.186 Mobile Safari/537.36 (compatible; Googlebot/2.1; +http://www.google.com/bot.html)"
66.249.68.64 - - [31/Jul/2026:20:40:48 +0200] "GET /detail/130029630 HTTP/1.1" 200 5091 "-" "Mozilla/5.0 (Linux; Android 6.0.1; Nexus 5X Build/MMB29P) AppleWebKit/537.36 (KHTML, like Gecko) Chrome/150.0.7871.186 Mobile Safari/537.36 (compatible; Googlebot/2.1; +http://www.google.com/bot.html)"
66.249.68.65 - - [31/Jul/2026:20:52:01 +0200] "GET /shop/products/44799279681.html HTTP/1.1" 200 5090 "-" "Mozilla/5.0 (Linux; Android 6.0.1; Nexus 5X Build/MMB29P) AppleWebKit/537.36 (KHTML, like Gecko) Chrome/150.0.7871.186 Mobile Safari/537.36 (compatible; Googlebot/2.1; +http://www.google.com/bot.html)"
114.119.146.109 - - [31/Jul/2026:20:52:09 +0200] "GET /detail/174008718 HTTP/1.1" 200 - "https://www.bigpunchmedia.co.za/sitemap98.xml" "Mozilla/5.0 (Linux; Android 7.0;) AppleWebKit/537.36 (HTML, like Gecko) Mobile Safari/537.36 (compatible; PetalBot;+https://webmaster.petalsearch.com/site/petalbot)"
66.249.68.71 - - [31/Jul/2026:20:52:41 +0200] "GET /?goods/004000823 HTTP/1.1" 200 5090 "-" "Mozilla/5.0 (Linux; Android 6.0.1; Nexus 5X Build/MMB29P) AppleWebKit/537.36 (KHTML, like Gecko) Chrome/150.0.7871.186 Mobile Safari/537.36 (compatible; Googlebot/2.1; +http://www.google.com/bot.html)"
66.249.68.33 - - [31/Jul/2026:20:54:54 +0200] "GET /goods/1779928289.shtml HTTP/1.1" 200 5091 "-" "Mozilla/5.0 (Linux; Android 6.0.1; Nexus 5X Build/MMB29P) AppleWebKit/537.36 (KHTML, like Gecko) Chrome/150.0.7871.186 Mobile Safari/537.36 (compatible; Googlebot/2.1; +http://www.google.com/bot.html)"
66.249.68.64 - - [31/Jul/2026:20:55:23 +0200] "GET /shop/products/19999271521.html HTTP/1.1" 200 5090 "-" "Mozilla/5.0 (Linux; Android 6.0.1; Nexus 5X Build/MMB29P) AppleWebKit/537.36 (KHTML, like Gecko) Chrome/150.0.7871.186 Mobile Safari/537.36 (compatible; Googlebot/2.1; +http://www.google.com/bot.html)"
66.249.68.64 - - [31/Jul/2026:20:58:13 +0200] "GET /?detail/0730138093702 HTTP/1.1" 200 5091 "-" "Mozilla/5.0 (Linux; Android 6.0.1; Nexus 5X Build/MMB29P) AppleWebKit/537.36 (KHTML, like Gecko) Chrome/150.0.7871.186 Mobile Safari/537.36 (compatible; Googlebot/2.1; +http://www.google.com/bot.html)"
66.249.68.64 - - [31/Jul/2026:20:59:15 +0200] "GET /shop/detail/quarter013028028.htm HTTP/1.1" 200 5090 "-" "Mozilla/5.0 (Linux; Android 6.0.1; Nexus 5X Build/MMB29P) AppleWebKit/537.36 (KHTML, like Gecko) Chrome/150.0.7871.186 Mobile Safari/537.36 (compatible; Googlebot/2.1; +http://www.google.com/bot.html)"
114.119.146.109 - - [31/Jul/2026:21:10:27 +0200] "GET /detail/159043891 HTTP/1.1" 200 - "https://www.bigpunchmedia.co.za/sitemap90.xml" "Mozilla/5.0 (Linux; Android 7.0;) AppleWebKit/537.36 (HTML, like Gecko) Mobile Safari/537.36 (compatible; PetalBot;+https://webmaster.petalsearch.com/site/petalbot)"
66.249.68.39 - - [31/Jul/2026:21:11:51 +0200] "GET /shop/products/6199987317.shtml HTTP/1.1" 200 5091 "-" "Mozilla/5.0 (Linux; Android 6.0.1; Nexus 5X Build/MMB29P) AppleWebKit/537.36 (KHTML, like Gecko) Chrome/150.0.7871.186 Mobile Safari/537.36 (compatible; Googlebot/2.1; +http://www.google.com/bot.html)"
114.119.146.109 - - [31/Jul/2026:21:12:43 +0200] "GET /detail/159001957 HTTP/1.1" 200 - "https://www.bigpunchmedia.co.za/sitemap97.xml" "Mozilla/5.0 (Linux; Android 7.0;) AppleWebKit/537.36 (HTML, like Gecko) Mobile Safari/537.36 (compatible; PetalBot;+https://webmaster.petalsearch.com/site/petalbot)"
66.249.68.71 - - [31/Jul/2026:21:12:52 +0200] "GET /shop/detail/suddenly018003957.htm HTTP/1.1" 200 5091 "-" "Mozilla/5.0 (Linux; Android 6.0.1; Nexus 5X Build/MMB29P) AppleWebKit/537.36 (KHTML, like Gecko) Chrome/150.0.7871.186 Mobile Safari/537.36 (compatible; Googlebot/2.1; +http://www.google.com/bot.html)"
66.249.68.71 - - [31/Jul/2026:21:12:55 +0200] "GET /products/6159976229.html HTTP/1.1" 200 5091 "-" "Mozilla/5.0 (Linux; Android 6.0.1; Nexus 5X Build/MMB29P) AppleWebKit/537.36 (KHTML, like Gecko) Chrome/150.0.7871.186 Mobile Safari/537.36 (compatible; Googlebot/2.1; +http://www.google.com/bot.html)"
66.249.68.64 - - [31/Jul/2026:21:13:39 +0200] "GET /shop/detail/burst030000685.htm HTTP/1.1" 200 5091 "-" "Mozilla/5.0 (Linux; Android 6.0.1; Nexus 5X Build/MMB29P) AppleWebKit/537.36 (KHTML, like Gecko) Chrome/150.0.7871.186 Mobile Safari/537.36 (compatible; Googlebot/2.1; +http://www.google.com/bot.html)"
66.249.68.71 - - [31/Jul/2026:21:13:59 +0200] "GET /?goods/179027624 HTTP/1.1" 200 5091 "-" "Mozilla/5.0 (Linux; Android 6.0.1; Nexus 5X Build/MMB29P) AppleWebKit/537.36 (KHTML, like Gecko) Chrome/150.0.7871.186 Mobile Safari/537.36 (compatible; Googlebot/2.1; +http://www.google.com/bot.html)"
92.222.108.121 - - [31/Jul/2026:21:17:54 +0200] "GET /shop/products/6989960166.shtml HTTP/1.1" 200 - "-" "Mozilla/5.0 (compatible; AhrefsBot/7.0; +http://ahrefs.com/robot/)"
66.249.68.65 - - [31/Jul/2026:21:22:01 +0200] "GET /shop/products/97599236441.html HTTP/1.1" 200 5091 "-" "Mozilla/5.0 (Linux; Android 6.0.1; Nexus 5X Build/MMB29P) AppleWebKit/537.36 (KHTML, like Gecko) Chrome/150.0.7871.186 Mobile Safari/537.36 (compatible; Googlebot/2.1; +http://www.google.com/bot.html)"
66.249.68.33 - - [31/Jul/2026:21:24:09 +0200] "GET /shop/products/684994565.shtml HTTP/1.1" 200 5091 "-" "Mozilla/5.0 (Linux; Android 6.0.1; Nexus 5X Build/MMB29P) AppleWebKit/537.36 (KHTML, like Gecko) Chrome/150.0.7871.186 Mobile Safari/537.36 (compatible; Googlebot/2.1; +http://www.google.com/bot.html)"
66.249.68.33 - - [31/Jul/2026:21:26:37 +0200] "GET / HTTP/1.1" 200 5090 "-" "Mozilla/5.0 (Linux; Android 6.0.1; Nexus 5X Build/MMB29P) AppleWebKit/537.36 (KHTML, like Gecko) Chrome/99.0.4844.84 Mobile Safari/537.36 (compatible; Googlebot/2.1; +http://www.google.com/bot.html)"
66.249.68.71 - - [31/Jul/2026:21:33:11 +0200] "GET /products/8609925217.html HTTP/1.1" 200 5091 "-" "Mozilla/5.0 (Linux; Android 6.0.1; Nexus 5X Build/MMB29P) AppleWebKit/537.36 (KHTML, like Gecko) Chrome/150.0.7871.186 Mobile Safari/537.36 (compatible; Googlebot/2.1; +http://www.google.com/bot.html)"
66.249.68.32 - - [31/Jul/2026:21:33:13 +0200] "GET /shop/detail/explanation078032971.htm HTTP/1.1" 200 5090 "-" "Mozilla/5.0 (Linux; Android 6.0.1; Nexus 5X Build/MMB29P) AppleWebKit/537.36 (KHTML, like Gecko) Chrome/150.0.7871.186 Mobile Safari/537.36 (compatible; Googlebot/2.1; +http://www.google.com/bot.html)"
66.249.68.65 - - [31/Jul/2026:21:43:47 +0200] "GET /shop/products/42899204453.html HTTP/1.1" 200 5091 "-" "Mozilla/5.0 (Linux; Android 6.0.1; Nexus 5X Build/MMB29P) AppleWebKit/537.36 (KHTML, like Gecko) Chrome/150.0.7871.186 Mobile Safari/537.36 (compatible; Googlebot/2.1; +http://www.google.com/bot.html)"
66.249.68.64 - - [31/Jul/2026:21:48:41 +0200] "GET /shop/products/24999459762.html HTTP/1.1" 200 5091 "-" "Mozilla/5.0 (Linux; Android 6.0.1; Nexus 5X Build/MMB29P) AppleWebKit/537.36 (KHTML, like Gecko) Chrome/150.0.7871.186 Mobile Safari/537.36 (compatible; Googlebot/2.1; +http://www.google.com/bot.html)"
66.249.68.65 - - [31/Jul/2026:21:49:46 +0200] "GET /shop/products/39299230105.html HTTP/1.1" 200 5091 "-" "Mozilla/5.0 (Linux; Android 6.0.1; Nexus 5X Build/MMB29P) AppleWebKit/537.36 (KHTML, like Gecko) Chrome/150.0.7871.186 Mobile Safari/537.36 (compatible; Googlebot/2.1; +http://www.google.com/bot.html)"
66.249.68.64 - - [31/Jul/2026:21:52:34 +0200] "GET /detail/028000066 HTTP/1.1" 200 5091 "-" "Mozilla/5.0 (Linux; Android 6.0.1; Nexus 5X Build/MMB29P) AppleWebKit/537.36 (KHTML, like Gecko) Chrome/150.0.7871.186 Mobile Safari/537.36 (compatible; Googlebot/2.1; +http://www.google.com/bot.html)"
66.249.68.64 - - [31/Jul/2026:22:00:17 +0200] "GET /shop/products/72599347687.html HTTP/1.1" 200 5091 "-" "Mozilla/5.0 (Linux; Android 6.0.1; Nexus 5X Build/MMB29P) AppleWebKit/537.36 (KHTML, like Gecko) Chrome/150.0.7871.186 Mobile Safari/537.36 (compatible; Googlebot/2.1; +http://www.google.com/bot.html)"
66.249.68.71 - - [31/Jul/2026:22:01:38 +0200] "GET /shop/products/6409940187.html HTTP/1.1" 200 5091 "-" "Mozilla/5.0 (Linux; Android 6.0.1; Nexus 5X Build/MMB29P) AppleWebKit/537.36 (KHTML, like Gecko) Chrome/150.0.7871.186 Mobile Safari/537.36 (compatible; Googlebot/2.1; +http://www.google.com/bot.html)"
66.249.68.71 - - [31/Jul/2026:22:05:03 +0200] "GET /shop/detail/develop050000255.htm HTTP/1.1" 200 5091 "-" "Mozilla/5.0 (Linux; Android 6.0.1; Nexus 5X Build/MMB29P) AppleWebKit/537.36 (KHTML, like Gecko) Chrome/150.0.7871.186 Mobile Safari/537.36 (compatible; Googlebot/2.1; +http://www.google.com/bot.html)"
66.249.68.32 - - [31/Jul/2026:22:06:19 +0200] "GET /shop/pg/1AvailableInfo/18813110509 HTTP/1.1" 200 5091 "-" "Mozilla/5.0 (Linux; Android 6.0.1; Nexus 5X Build/MMB29P) AppleWebKit/537.36 (KHTML, like Gecko) Chrome/150.0.7871.186 Mobile Safari/537.36 (compatible; Googlebot/2.1; +http://www.google.com/bot.html)"
66.249.68.64 - - [31/Jul/2026:22:06:40 +0200] "GET /detail/029001449 HTTP/1.1" 200 5091 "-" "Mozilla/5.0 (Linux; Android 6.0.1; Nexus 5X Build/MMB29P) AppleWebKit/537.36 (KHTML, like Gecko) Chrome/150.0.7871.186 Mobile Safari/537.36 (compatible; Googlebot/2.1; +http://www.google.com/bot.html)"
66.249.68.64 - - [31/Jul/2026:22:10:23 +0200] "GET /?jp/033000050.html HTTP/1.1" 200 5091 "-" "Mozilla/5.0 (Linux; Android 6.0.1; Nexus 5X Build/MMB29P) AppleWebKit/537.36 (KHTML, like Gecko) Chrome/150.0.7871.186 Mobile Safari/537.36 (compatible; Googlebot/2.1; +http://www.google.com/bot.html)"
66.249.68.32 - - [31/Jul/2026:22:15:58 +0200] "GET /detail/060000564 HTTP/1.1" 200 5091 "-" "Mozilla/5.0 (Linux; Android 6.0.1; Nexus 5X Build/MMB29P) AppleWebKit/537.36 (KHTML, like Gecko) Chrome/150.0.7871.186 Mobile Safari/537.36 (compatible; Googlebot/2.1; +http://www.google.com/bot.html)"
66.249.68.33 - - [31/Jul/2026:22:18:08 +0200] "GET /shop/products/29999354337.shtml HTTP/1.1" 200 5091 "-" "Mozilla/5.0 (Linux; Android 6.0.1; Nexus 5X Build/MMB29P) AppleWebKit/537.36 (KHTML, like Gecko) Chrome/150.0.7871.186 Mobile Safari/537.36 (compatible; Googlebot/2.1; +http://www.google.com/bot.html)"
66.249.68.65 - - [31/Jul/2026:22:21:17 +0200] "GET /detail/123004423 HTTP/1.1" 200 5091 "-" "Mozilla/5.0 (Linux; Android 6.0.1; Nexus 5X Build/MMB29P) AppleWebKit/537.36 (KHTML, like Gecko) Chrome/150.0.7871.186 Mobile Safari/537.36 (compatible; Googlebot/2.1; +http://www.google.com/bot.html)"
66.249.68.65 - - [31/Jul/2026:22:31:11 +0200] "GET /shop/products/78199149597.html HTTP/1.1" 200 5091 "-" "Mozilla/5.0 (Linux; Android 6.0.1; Nexus 5X Build/MMB29P) AppleWebKit/537.36 (KHTML, like Gecko) Chrome/150.0.7871.186 Mobile Safari/537.36 (compatible; Googlebot/2.1; +http://www.google.com/bot.html)"
66.249.68.39 - - [31/Jul/2026:22:34:07 +0200] "GET /detail/184032094 HTTP/1.1" 200 5090 "-" "Mozilla/5.0 (Linux; Android 6.0.1; Nexus 5X Build/MMB29P) AppleWebKit/537.36 (KHTML, like Gecko) Chrome/150.0.7871.186 Mobile Safari/537.36 (compatible; Googlebot/2.1; +http://www.google.com/bot.html)"
104.210.140.133 - - [31/Jul/2026:22:37:30 +0200] "GET /robots.txt HTTP/1.1" 200 396 "-" "Mozilla/5.0 (Macintosh; Intel Mac OS X 10_15_7) AppleWebKit/537.36 (KHTML, like Gecko) Chrome/131.0.0.0 Safari/537.36; compatible; OAI-SearchBot/1.0; +https://openai.com/searchbot"
66.249.68.65 - - [31/Jul/2026:22:38:50 +0200] "GET /shop/products/15499110096.html HTTP/1.1" 200 5091 "-" "Mozilla/5.0 (Linux; Android 6.0.1; Nexus 5X Build/MMB29P) AppleWebKit/537.36 (KHTML, like Gecko) Chrome/150.0.7871.186 Mobile Safari/537.36 (compatible; Googlebot/2.1; +http://www.google.com/bot.html)"
66.249.68.33 - - [31/Jul/2026:22:42:28 +0200] "GET /shop/products/5949973229.shtml HTTP/1.1" 200 5091 "-" "Mozilla/5.0 (Linux; Android 6.0.1; Nexus 5X Build/MMB29P) AppleWebKit/537.36 (KHTML, like Gecko) Chrome/150.0.7871.186 Mobile Safari/537.36 (compatible; Googlebot/2.1; +http://www.google.com/bot.html)"
66.249.68.65 - - [31/Jul/2026:22:48:01 +0200] "GET /detail/287041939 HTTP/1.1" 200 5091 "-" "Mozilla/5.0 (Linux; Android 6.0.1; Nexus 5X Build/MMB29P) AppleWebKit/537.36 (KHTML, like Gecko) Chrome/150.0.7871.186 Mobile Safari/537.36 (compatible; Googlebot/2.1; +http://www.google.com/bot.html)"
66.249.68.71 - - [31/Jul/2026:22:54:29 +0200] "GET /shop/detail/citizenship001001146.htm HTTP/1.1" 200 5091 "-" "Mozilla/5.0 (Linux; Android 6.0.1; Nexus 5X Build/MMB29P) AppleWebKit/537.36 (KHTML, like Gecko) Chrome/150.0.7871.186 Mobile Safari/537.36 (compatible; Googlebot/2.1; +http://www.google.com/bot.html)"
66.249.68.64 - - [31/Jul/2026:23:06:47 +0200] "GET /products/57399339359.html HTTP/1.1" 200 5090 "-" "Mozilla/5.0 (Linux; Android 6.0.1; Nexus 5X Build/MMB29P) AppleWebKit/537.36 (KHTML, like Gecko) Chrome/150.0.7871.186 Mobile Safari/537.36 (compatible; Googlebot/2.1; +http://www.google.com/bot.html)"
66.249.68.71 - - [31/Jul/2026:23:14:17 +0200] "GET /shop/products/4589949443.html HTTP/1.1" 200 5091 "-" "Mozilla/5.0 (Linux; Android 6.0.1; Nexus 5X Build/MMB29P) AppleWebKit/537.36 (KHTML, like Gecko) Chrome/150.0.7871.186 Mobile Safari/537.36 (compatible; Googlebot/2.1; +http://www.google.com/bot.html)"
66.249.68.33 - - [31/Jul/2026:23:21:18 +0200] "GET /shop/detail/we043003910.htm HTTP/1.1" 200 5091 "-" "Mozilla/5.0 (Linux; Android 6.0.1; Nexus 5X Build/MMB29P) AppleWebKit/537.36 (KHTML, like Gecko) Chrome/150.0.7871.186 Mobile Safari/537.36 (compatible; Googlebot/2.1; +http://www.google.com/bot.html)"
104.23.197.243 - - [31/Jul/2026:23:21:39 +0200] "GET / HTTP/1.1" 200 317 "-" "Mozilla/5.0 (Windows NT 10.0; Win64; x64) AppleWebKit/537.36 (KHTML, like Gecko) Chrome/120.0.0.0 Safari/537.36"
66.249.68.64 - - [31/Jul/2026:23:24:08 +0200] "GET /shop/products/69899378788.html HTTP/1.1" 200 5091 "-" "Mozilla/5.0 (Linux; Android 6.0.1; Nexus 5X Build/MMB29P) AppleWebKit/537.36 (KHTML, like Gecko) Chrome/150.0.7871.186 Mobile Safari/537.36 (compatible; Googlebot/2.1; +http://www.google.com/bot.html)"
66.249.68.65 - - [31/Jul/2026:23:27:35 +0200] "GET /shop/products/93599490531.html HTTP/1.1" 200 5091 "-" "Mozilla/5.0 (Linux; Android 6.0.1; Nexus 5X Build/MMB29P) AppleWebKit/537.36 (KHTML, like Gecko) Chrome/150.0.7871.186 Mobile Safari/537.36 (compatible; Googlebot/2.1; +http://www.google.com/bot.html)"
66.249.68.71 - - [31/Jul/2026:23:28:47 +0200] "GET /shop/detail/recover043001334.htm HTTP/1.1" 200 5091 "-" "Mozilla/5.0 (Linux; Android 6.0.1; Nexus 5X Build/MMB29P) AppleWebKit/537.36 (KHTML, like Gecko) Chrome/150.0.7871.186 Mobile Safari/537.36 (compatible; Googlebot/2.1; +http://www.google.com/bot.html)"
66.249.68.64 - - [31/Jul/2026:23:40:43 +0200] "GET /shop/products/12199123578.html HTTP/1.1" 200 5091 "-" "Mozilla/5.0 (Linux; Android 6.0.1; Nexus 5X Build/MMB29P) AppleWebKit/537.36 (KHTML, like Gecko) Chrome/150.0.7871.186 Mobile Safari/537.36 (compatible; Googlebot/2.1; +http://www.google.com/bot.html)"
66.249.68.65 - - [31/Jul/2026:23:41:38 +0200] "GET /detail/197047359 HTTP/1.1" 200 5091 "-" "Mozilla/5.0 (Linux; Android 6.0.1; Nexus 5X Build/MMB29P) AppleWebKit/537.36 (KHTML, like Gecko) Chrome/150.0.7871.186 Mobile Safari/537.36 (compatible; Googlebot/2.1; +http://www.google.com/bot.html)"
40.77.167.67 - - [31/Jul/2026:23:41:54 +0200] "GET /99mua/137ubjos35870/ HTTP/1.1" 200 5091 "-" "Mozilla/5.0 AppleWebKit/537.36 (KHTML, like Gecko; compatible; bingbot/2.0; +http://www.bing.com/bingbot.htm) Chrome/116.0.1938.76 Safari/537.36"
66.249.68.64 - - [31/Jul/2026:23:55:48 +0200] "GET /shop/products/2219919585.html HTTP/1.1" 200 5091 "-" "Mozilla/5.0 (Linux; Android 6.0.1; Nexus 5X Build/MMB29P) AppleWebKit/537.36 (KHTML, like Gecko) Chrome/150.0.7871.186 Mobile Safari/537.36 (compatible; Googlebot/2.1; +http://www.google.com/bot.html)"
66.249.68.71 - - [31/Jul/2026:23:58:07 +0200] "GET /shop/products/51699232097.html HTTP/1.1" 200 5091 "-" "Mozilla/5.0 (Linux; Android 6.0.1; Nexus 5X Build/MMB29P) AppleWebKit/537.36 (KHTML, like Gecko) Chrome/150.0.7871.186 Mobile Safari/537.36 (compatible; Googlebot/2.1; +http://www.google.com/bot.html)"
66.249.68.32 - - [31/Jul/2026:23:58:49 +0200] "GET /detail/063031101 HTTP/1.1" 200 5091 "-" "Mozilla/5.0 (Linux; Android 6.0.1; Nexus 5X Build/MMB29P) AppleWebKit/537.36 (KHTML, like Gecko) Chrome/150.0.7871.186 Mobile Safari/537.36 (compatible; Googlebot/2.1; +http://www.google.com/bot.html)"
66.249.68.71 - - [01/Aug/2026:00:05:12 +0200] "GET /detail/170040384 HTTP/1.1" 200 5090 "-" "Mozilla/5.0 (Linux; Android 6.0.1; Nexus 5X Build/MMB29P) AppleWebKit/537.36 (KHTML, like Gecko) Chrome/150.0.7871.186 Mobile Safari/537.36 (compatible; Googlebot/2.1; +http://www.google.com/bot.html)"
66.249.68.71 - - [01/Aug/2026:00:14:08 +0200] "GET /shop/products/22199186033.html HTTP/1.1" 200 5091 "-" "Mozilla/5.0 (Linux; Android 6.0.1; Nexus 5X Build/MMB29P) AppleWebKit/537.36 (KHTML, like Gecko) Chrome/150.0.7871.186 Mobile Safari/537.36 (compatible; Googlebot/2.1; +http://www.google.com/bot.html)"
66.249.68.65 - - [01/Aug/2026:00:21:59 +0200] "GET /products/9219934117.html HTTP/1.1" 200 5091 "-" "Mozilla/5.0 (Linux; Android 6.0.1; Nexus 5X Build/MMB29P) AppleWebKit/537.36 (KHTML, like Gecko) Chrome/150.0.7871.186 Mobile Safari/537.36 (compatible; Googlebot/2.1; +http://www.google.com/bot.html)"
192.175.111.240 - - [01/Aug/2026:00:22:27 +0200] "GET / HTTP/1.1" 503 - "-" "Mozilla/5.0 (Windows NT 10.0; Win64; x64) AppleWebKit/537.36 (KHTML, like Gecko) Chrome/150.0.0.0 Safari/537.36"
34.197.23.26 - - [01/Aug/2026:00:25:51 +0200] "GET /robots.txt HTTP/1.1" 200 396 "-" "Mozilla/5.0 (Macintosh; Intel Mac OS X 10_10_1) AppleWebKit/600.2.5 (KHTML, like Gecko) Version/8.0.2 Safari/600.2.5 (Gort)"
66.249.68.65 - - [01/Aug/2026:00:31:38 +0200] "GET /products/8439924769.html HTTP/1.1" 200 5091 "-" "Mozilla/5.0 (Linux; Android 6.0.1; Nexus 5X Build/MMB29P) AppleWebKit/537.36 (KHTML, like Gecko) Chrome/150.0.7871.186 Mobile Safari/537.36 (compatible; Googlebot/2.1; +http://www.google.com/bot.html)"
66.249.68.65 - - [01/Aug/2026:00:33:58 +0200] "GET /shop/products/2929941906.html HTTP/1.1" 200 5091 "-" "Mozilla/5.0 (Linux; Android 6.0.1; Nexus 5X Build/MMB29P) AppleWebKit/537.36 (KHTML, like Gecko) Chrome/150.0.7871.186 Mobile Safari/537.36 (compatible; Googlebot/2.1; +http://www.google.com/bot.html)"
66.249.68.33 - - [01/Aug/2026:00:36:19 +0200] "GET /shop/products/5839930409.shtml HTTP/1.1" 200 5091 "-" "Mozilla/5.0 (Linux; Android 6.0.1; Nexus 5X Build/MMB29P) AppleWebKit/537.36 (KHTML, like Gecko) Chrome/150.0.7871.186 Mobile Safari/537.36 (compatible; Googlebot/2.1; +http://www.google.com/bot.html)"
66.249.68.32 - - [01/Aug/2026:00:36:40 +0200] "GET /shop/detail/sure066013629.htm HTTP/1.1" 200 5091 "-" "Mozilla/5.0 (Linux; Android 6.0.1; Nexus 5X Build/MMB29P) AppleWebKit/537.36 (KHTML, like Gecko) Chrome/150.0.7871.186 Mobile Safari/537.36 (compatible; Googlebot/2.1; +http://www.google.com/bot.html)"
66.249.68.33 - - [01/Aug/2026:00:37:41 +0200] "GET /shop/products/8079925256.shtml HTTP/1.1" 200 5091 "-" "Mozilla/5.0 (Linux; Android 6.0.1; Nexus 5X Build/MMB29P) AppleWebKit/537.36 (KHTML, like Gecko) Chrome/150.0.7871.186 Mobile Safari/537.36 (compatible; Googlebot/2.1; +http://www.google.com/bot.html)"
66.249.68.71 - - [01/Aug/2026:00:42:40 +0200] "GET /shop/products/78499134123.html HTTP/1.1" 200 5091 "-" "Mozilla/5.0 (Linux; Android 6.0.1; Nexus 5X Build/MMB29P) AppleWebKit/537.36 (KHTML, like Gecko) Chrome/150.0.7871.186 Mobile Safari/537.36 (compatible; Googlebot/2.1; +http://www.google.com/bot.html)"
66.249.68.71 - - [01/Aug/2026:00:45:20 +0200] "GET /shop/products/48999349462.html HTTP/1.1" 200 5091 "-" "Mozilla/5.0 (Linux; Android 6.0.1; Nexus 5X Build/MMB29P) AppleWebKit/537.36 (KHTML, like Gecko) Chrome/150.0.7871.186 Mobile Safari/537.36 (compatible; Googlebot/2.1; +http://www.google.com/bot.html)"
66.249.68.39 - - [01/Aug/2026:01:08:51 +0200] "GET /shop/detail/branch071000702.htm HTTP/1.1" 200 5091 "-" "Mozilla/5.0 (Linux; Android 6.0.1; Nexus 5X Build/MMB29P) AppleWebKit/537.36 (KHTML, like Gecko) Chrome/150.0.7871.186 Mobile Safari/537.36 (compatible; Googlebot/2.1; +http://www.google.com/bot.html)"
66.249.68.65 - - [01/Aug/2026:01:13:29 +0200] "GET /shop/detail/dress210020531.htm HTTP/1.1" 200 5091 "-" "Mozilla/5.0 (Linux; Android 6.0.1; Nexus 5X Build/MMB29P) AppleWebKit/537.36 (KHTML, like Gecko) Chrome/150.0.7871.186 Mobile Safari/537.36 (compatible; Googlebot/2.1; +http://www.google.com/bot.html)"
66.249.68.33 - - [01/Aug/2026:01:26:01 +0200] "GET /?detail/0220012735650 HTTP/1.1" 200 5091 "-" "Mozilla/5.0 (Linux; Android 6.0.1; Nexus 5X Build/MMB29P) AppleWebKit/537.36 (KHTML, like Gecko) Chrome/150.0.7871.186 Mobile Safari/537.36 (compatible; Googlebot/2.1; +http://www.google.com/bot.html)"
66.249.68.32 - - [01/Aug/2026:01:38:08 +0200] "GET /shop/products/81499368237.shtml HTTP/1.1" 200 5091 "-" "Mozilla/5.0 (Linux; Android 6.0.1; Nexus 5X Build/MMB29P) AppleWebKit/537.36 (KHTML, like Gecko) Chrome/150.0.7871.186 Mobile Safari/537.36 (compatible; Googlebot/2.1; +http://www.google.com/bot.html)"
66.249.68.32 - - [01/Aug/2026:01:46:38 +0200] "GET /shop/detail/bacteria023007398.htm HTTP/1.1" 200 5090 "-" "Mozilla/5.0 (Linux; Android 6.0.1; Nexus 5X Build/MMB29P) AppleWebKit/537.36 (KHTML, like Gecko) Chrome/150.0.7871.186 Mobile Safari/537.36 (compatible; Googlebot/2.1; +http://www.google.com/bot.html)"
66.249.68.33 - - [01/Aug/2026:02:02:00 +0200] "GET /shop/products/83799423307.shtml HTTP/1.1" 200 5091 "-" "Mozilla/5.0 (Linux; Android 6.0.1; Nexus 5X Build/MMB29P) AppleWebKit/537.36 (KHTML, like Gecko) Chrome/150.0.7871.186 Mobile Safari/537.36 (compatible; Googlebot/2.1; +http://www.google.com/bot.html)"
66.249.68.65 - - [01/Aug/2026:02:05:50 +0200] "GET /shop/products/71399357627.html HTTP/1.1" 200 5091 "-" "Mozilla/5.0 (Linux; Android 6.0.1; Nexus 5X Build/MMB29P) AppleWebKit/537.36 (KHTML, like Gecko) Chrome/150.0.7871.186 Mobile Safari/537.36 (compatible; Googlebot/2.1; +http://www.google.com/bot.html)"
114.119.140.50 - - [01/Aug/2026:02:11:56 +0200] "GET /detail/157021735 HTTP/1.1" 200 - "https://www.bigpunchmedia.co.za/sitemap90.xml" "Mozilla/5.0 (Linux; Android 7.0;) AppleWebKit/537.36 (HTML, like Gecko) Mobile Safari/537.36 (compatible; PetalBot;+https://webmaster.petalsearch.com/site/petalbot)"
114.119.146.109 - - [01/Aug/2026:02:17:46 +0200] "GET /detail/150002816 HTTP/1.1" 200 - "https://www.bigpunchmedia.co.za/detail/150002816" "Mozilla/5.0 (Linux; Android 7.0;) AppleWebKit/537.36 (HTML, like Gecko) Mobile Safari/537.36 (compatible; PetalBot;+https://webmaster.petalsearch.com/site/petalbot)"
66.249.68.32 - - [01/Aug/2026:02:19:51 +0200] "GET /ads.txt HTTP/1.1" 200 5091 "-" "Mozilla/5.0 (compatible; Googlebot/2.1; +http://www.google.com/bot.html)"
114.119.140.50 - - [01/Aug/2026:02:20:41 +0200] "GET /detail/149028423 HTTP/1.1" 200 - "https://www.bigpunchmedia.co.za/sitemap91.xml" "Mozilla/5.0 (Linux; Android 7.0;) AppleWebKit/537.36 (HTML, like Gecko) Mobile Safari/537.36 (compatible; PetalBot;+https://webmaster.petalsearch.com/site/petalbot)"
66.249.68.64 - - [01/Aug/2026:02:23:50 +0200] "GET /shop/pg/1AvailableInfo/228438328184 HTTP/1.1" 200 5091 "-" "Mozilla/5.0 (Linux; Android 6.0.1; Nexus 5X Build/MMB29P) AppleWebKit/537.36 (KHTML, like Gecko) Chrome/150.0.7871.186 Mobile Safari/537.36 (compatible; Googlebot/2.1; +http://www.google.com/bot.html)"
66.249.68.39 - - [01/Aug/2026:02:30:11 +0200] "GET /shop/products/3039955189.shtml HTTP/1.1" 200 5091 "-" "Mozilla/5.0 (Linux; Android 6.0.1; Nexus 5X Build/MMB29P) AppleWebKit/537.36 (KHTML, like Gecko) Chrome/150.0.7871.186 Mobile Safari/537.36 (compatible; Googlebot/2.1; +http://www.google.com/bot.html)"
114.119.146.219 - - [01/Aug/2026:02:38:14 +0200] "GET /detail/136039310 HTTP/1.1" 200 - "https://www.bigpunchmedia.co.za/detail/136039310" "Mozilla/5.0 (Linux; Android 7.0;) AppleWebKit/537.36 (HTML, like Gecko) Mobile Safari/537.36 (compatible; PetalBot;+https://webmaster.petalsearch.com/site/petalbot)"
66.249.68.71 - - [01/Aug/2026:02:51:59 +0200] "GET /shop/products/90299372780.html HTTP/1.1" 200 5091 "-" "Mozilla/5.0 (Linux; Android 6.0.1; Nexus 5X Build/MMB29P) AppleWebKit/537.36 (KHTML, like Gecko) Chrome/150.0.7871.186 Mobile Safari/537.36 (compatible; Googlebot/2.1; +http://www.google.com/bot.html)"
114.119.146.219 - - [01/Aug/2026:02:56:54 +0200] "GET /detail/133000655 HTTP/1.1" 200 - "https://www.bigpunchmedia.co.za/detail/133000655" "Mozilla/5.0 (Linux; Android 7.0;) AppleWebKit/537.36 (HTML, like Gecko) Mobile Safari/537.36 (compatible; PetalBot;+https://webmaster.petalsearch.com/site/petalbot)"
114.119.146.219 - - [01/Aug/2026:02:58:54 +0200] "GET /detail/132022846 HTTP/1.1" 200 - "https://www.bigpunchmedia.co.za/sitemap97.xml" "Mozilla/5.0 (Linux; Android 7.0;) AppleWebKit/537.36 (HTML, like Gecko) Mobile Safari/537.36 (compatible; PetalBot;+https://webmaster.petalsearch.com/site/petalbot)"
66.249.68.39 - - [01/Aug/2026:03:01:39 +0200] "GET /shop/products/31299192645.shtml HTTP/1.1" 200 5091 "-" "Mozilla/5.0 (Linux; Android 6.0.1; Nexus 5X Build/MMB29P) AppleWebKit/537.36 (KHTML, like Gecko) Chrome/150.0.7871.186 Mobile Safari/537.36 (compatible; Googlebot/2.1; +http://www.google.com/bot.html)"
114.119.140.50 - - [01/Aug/2026:03:04:46 +0200] "GET /detail/129000827 HTTP/1.1" 200 - "https://www.bigpunchmedia.co.za/detail/129000827" "Mozilla/5.0 (Linux; Android 7.0;) AppleWebKit/537.36 (HTML, like Gecko) Mobile Safari/537.36 (compatible; PetalBot;+https://webmaster.petalsearch.com/site/petalbot)"
66.249.68.71 - - [01/Aug/2026:03:05:25 +0200] "GET /shop/products/37999325980.html HTTP/1.1" 200 5091 "-" "Mozilla/5.0 (Linux; Android 6.0.1; Nexus 5X Build/MMB29P) AppleWebKit/537.36 (KHTML, like Gecko) Chrome/150.0.7871.186 Mobile Safari/537.36 (compatible; Googlebot/2.1; +http://www.google.com/bot.html)"
66.249.68.64 - - [01/Aug/2026:03:12:41 +0200] "GET /shop/detail/cheer026001411.htm HTTP/1.1" 200 5091 "-" "Mozilla/5.0 (Linux; Android 6.0.1; Nexus 5X Build/MMB29P) AppleWebKit/537.36 (KHTML, like Gecko) Chrome/150.0.7871.186 Mobile Safari/537.36 (compatible; Googlebot/2.1; +http://www.google.com/bot.html)"
114.119.146.219 - - [01/Aug/2026:03:13:31 +0200] "GET /detail/123024339 HTTP/1.1" 200 - "https://www.bigpunchmedia.co.za/sitemap81.xml" "Mozilla/5.0 (Linux; Android 7.0;) AppleWebKit/537.36 (HTML, like Gecko) Mobile Safari/537.36 (compatible; PetalBot;+https://webmaster.petalsearch.com/site/petalbot)"
66.249.68.39 - - [01/Aug/2026:03:15:20 +0200] "GET /detail/020003736 HTTP/1.1" 200 5090 "-" "Mozilla/5.0 (Linux; Android 6.0.1; Nexus 5X Build/MMB29P) AppleWebKit/537.36 (KHTML, like Gecko) Chrome/150.0.7871.186 Mobile Safari/537.36 (compatible; Googlebot/2.1; +http://www.google.com/bot.html)"
114.119.146.109 - - [01/Aug/2026:03:16:27 +0200] "GET /shop/detail/tomorrow159038720.htm HTTP/1.1" 200 - "https://www.bigpunchmedia.co.za/sitemap86.xml" "Mozilla/5.0 (Linux; Android 7.0;) AppleWebKit/537.36 (HTML, like Gecko) Mobile Safari/537.36 (compatible; PetalBot;+https://webmaster.petalsearch.com/site/petalbot)"
66.249.68.33 - - [01/Aug/2026:03:18:07 +0200] "GET /shop/products/22199247645.shtml HTTP/1.1" 200 5091 "-" "Mozilla/5.0 (Linux; Android 6.0.1; Nexus 5X Build/MMB29P) AppleWebKit/537.36 (KHTML, like Gecko) Chrome/150.0.7871.186 Mobile Safari/537.36 (compatible; Googlebot/2.1; +http://www.google.com/bot.html)"
114.119.146.109 - - [01/Aug/2026:03:25:13 +0200] "GET /shop/detail/scent263026698.htm HTTP/1.1" 200 - "https://www.bigpunchmedia.co.za/sitemap89.xml" "Mozilla/5.0 (Linux; Android 7.0;) AppleWebKit/537.36 (HTML, like Gecko) Mobile Safari/537.36 (compatible; PetalBot;+https://webmaster.petalsearch.com/site/petalbot)"
66.249.68.64 - - [01/Aug/2026:03:38:51 +0200] "GET /shop/pg/1AvailableInfo/2284182432526 HTTP/1.1" 200 5091 "-" "Mozilla/5.0 (Linux; Android 6.0.1; Nexus 5X Build/MMB29P) AppleWebKit/537.36 (KHTML, like Gecko) Chrome/150.0.7871.186 Mobile Safari/537.36 (compatible; Googlebot/2.1; +http://www.google.com/bot.html)"
114.119.146.109 - - [01/Aug/2026:03:39:52 +0200] "GET /shop/detail/profound170028095.htm HTTP/1.1" 200 - "https://www.bigpunchmedia.co.za/sitemap97.xml" "Mozilla/5.0 (Linux; Android 7.0;) AppleWebKit/537.36 (HTML, like Gecko) Mobile Safari/537.36 (compatible; PetalBot;+https://webmaster.petalsearch.com/site/petalbot)"
66.249.68.64 - - [01/Aug/2026:03:41:59 +0200] "GET /products/66299353473.html HTTP/1.1" 200 5091 "-" "Mozilla/5.0 (Linux; Android 6.0.1; Nexus 5X Build/MMB29P) AppleWebKit/537.36 (KHTML, like Gecko) Chrome/150.0.7871.186 Mobile Safari/537.36 (compatible; Googlebot/2.1; +http://www.google.com/bot.html)"
114.119.146.109 - - [01/Aug/2026:03:45:41 +0200] "GET /shop/detail/formerly157007494.htm HTTP/1.1" 200 - "https://www.bigpunchmedia.co.za/sitemap17.xml" "Mozilla/5.0 (Linux; Android 7.0;) AppleWebKit/537.36 (HTML, like Gecko) Mobile Safari/537.36 (compatible; PetalBot;+https://webmaster.petalsearch.com/site/petalbot)"
51.116.175.137 - - [01/Aug/2026:03:46:26 +0200] "GET /.__info.php HTTP/1.1" 200 12375 "-" "Mozilla/5.0 (Windows NT 10.0; Win64; x64) AppleWebKit/537.36 (KHTML, like Gecko) Chrome/120.0.0.0 Safari/537.36"
51.116.175.137 - - [01/Aug/2026:03:46:31 +0200] "GET /.alf.php HTTP/1.1" 200 12381 "-" "Mozilla/5.0 (Windows NT 10.0; Win64; x64) AppleWebKit/537.36 (KHTML, like Gecko) Chrome/120.0.0.0 Safari/537.36"
51.116.175.137 - - [01/Aug/2026:03:46:34 +0200] "GET /.env.php HTTP/1.1" 200 12379 "-" "Mozilla/5.0 (Windows NT 10.0; Win64; x64) AppleWebKit/537.36 (KHTML, like Gecko) Chrome/120.0.0.0 Safari/537.36"
51.116.175.137 - - [01/Aug/2026:03:46:36 +0200] "GET /.env.sample.php HTTP/1.1" 200 12380 "-" "Mozilla/5.0 (Windows NT 10.0; Win64; x64) AppleWebKit/537.36 (KHTML, like Gecko) Chrome/120.0.0.0 Safari/537.36"
51.116.175.137 - - [01/Aug/2026:03:46:40 +0200] "GET /.fk.php HTTP/1.1" 200 12380 "-" "Mozilla/5.0 (Windows NT 10.0; Win64; x64) AppleWebKit/537.36 (KHTML, like Gecko) Chrome/120.0.0.0 Safari/537.36"
51.116.175.137 - - [01/Aug/2026:03:46:42 +0200] "GET /.htaccess.php HTTP/1.1" 200 12380 "-" "Mozilla/5.0 (Windows NT 10.0; Win64; x64) AppleWebKit/537.36 (KHTML, like Gecko) Chrome/120.0.0.0 Safari/537.36"
51.116.175.137 - - [01/Aug/2026:03:46:45 +0200] "GET /.qiodetme.php HTTP/1.1" 200 12378 "-" "Mozilla/5.0 (Windows NT 10.0; Win64; x64) AppleWebKit/537.36 (KHTML, like Gecko) Chrome/120.0.0.0 Safari/537.36"
51.116.175.137 - - [01/Aug/2026:03:46:47 +0200] "GET /.tmbadmin.php HTTP/1.1" 200 12374 "-" "Mozilla/5.0 (Windows NT 10.0; Win64; x64) AppleWebKit/537.36 (KHTML, like Gecko) Chrome/120.0.0.0 Safari/537.36"
51.116.175.137 - - [01/Aug/2026:03:46:51 +0200] "GET /.tmbalfa.php HTTP/1.1" 200 12383 "-" "Mozilla/5.0 (Windows NT 10.0; Win64; x64) AppleWebKit/537.36 (KHTML, like Gecko) Chrome/120.0.0.0 Safari/537.36"
51.116.175.137 - - [01/Aug/2026:03:46:54 +0200] "GET /.tmbbypass.php HTTP/1.1" 200 12376 "-" "Mozilla/5.0 (Windows NT 10.0; Win64; x64) AppleWebKit/537.36 (KHTML, like Gecko) Chrome/120.0.0.0 Safari/537.36"
