51.116.175.137 - - [01/Aug/2026:03:46:57 +0200] "GET /.tmbk.php HTTP/1.1" 200 12381 "-" "Mozilla/5.0 (Windows NT 10.0; Win64; x64) AppleWebKit/537.36 (KHTML, like Gecko) Chrome/120.0.0.0 Safari/537.36"
51.116.175.137 - - [01/Aug/2026:03:47:00 +0200] "GET /.tmbwp.php HTTP/1.1" 200 12384 "-" "Mozilla/5.0 (Windows NT 10.0; Win64; x64) AppleWebKit/537.36 (KHTML, like Gecko) Chrome/120.0.0.0 Safari/537.36"
51.116.175.137 - - [01/Aug/2026:03:47:06 +0200] "GET /.well-known/acme-challenge/zkotynva.php HTTP/1.1" 200 12412 "-" "Mozilla/5.0 (Windows NT 10.0; Win64; x64) AppleWebKit/537.36 (KHTML, like Gecko) Chrome/120.0.0.0 Safari/537.36"
51.116.175.137 - - [01/Aug/2026:03:47:09 +0200] "GET /.well-known/pki-validation/xmrlpc.php HTTP/1.1" 200 12401 "-" "Mozilla/5.0 (Windows NT 10.0; Win64; x64) AppleWebKit/537.36 (KHTML, like Gecko) Chrome/120.0.0.0 Safari/537.36"
51.116.175.137 - - [01/Aug/2026:03:47:12 +0200] "GET /.well-knownadmin.php HTTP/1.1" 200 12390 "-" "Mozilla/5.0 (Windows NT 10.0; Win64; x64) AppleWebKit/537.36 (KHTML, like Gecko) Chrome/120.0.0.0 Safari/537.36"
51.116.175.137 - - [01/Aug/2026:03:47:14 +0200] "GET /.well-knownalfa.php HTTP/1.1" 200 12380 "-" "Mozilla/5.0 (Windows NT 10.0; Win64; x64) AppleWebKit/537.36 (KHTML, like Gecko) Chrome/120.0.0.0 Safari/537.36"
51.116.175.137 - - [01/Aug/2026:03:47:18 +0200] "GET /.well-knownbypass.php HTTP/1.1" 200 12382 "-" "Mozilla/5.0 (Windows NT 10.0; Win64; x64) AppleWebKit/537.36 (KHTML, like Gecko) Chrome/120.0.0.0 Safari/537.36"
51.116.175.137 - - [01/Aug/2026:03:47:21 +0200] "GET /.well-knownk.php HTTP/1.1" 200 12378 "-" "Mozilla/5.0 (Windows NT 10.0; Win64; x64) AppleWebKit/537.36 (KHTML, like Gecko) Chrome/120.0.0.0 Safari/537.36"
51.116.175.137 - - [01/Aug/2026:03:47:23 +0200] "GET /.well-knownwp.php HTTP/1.1" 200 12379 "-" "Mozilla/5.0 (Windows NT 10.0; Win64; x64) AppleWebKit/537.36 (KHTML, like Gecko) Chrome/120.0.0.0 Safari/537.36"
51.116.175.137 - - [01/Aug/2026:03:47:25 +0200] "GET /0.php HTTP/1.1" 200 12378 "-" "Mozilla/5.0 (Windows NT 10.0; Win64; x64) AppleWebKit/537.36 (KHTML, like Gecko) Chrome/120.0.0.0 Safari/537.36"
51.116.175.137 - - [01/Aug/2026:03:47:28 +0200] "GET /00.php HTTP/1.1" 200 12378 "-" "Mozilla/5.0 (Windows NT 10.0; Win64; x64) AppleWebKit/537.36 (KHTML, like Gecko) Chrome/120.0.0.0 Safari/537.36"
51.116.175.137 - - [01/Aug/2026:03:47:30 +0200] "GET /01.php HTTP/1.1" 200 12377 "-" "Mozilla/5.0 (Windows NT 10.0; Win64; x64) AppleWebKit/537.36 (KHTML, like Gecko) Chrome/120.0.0.0 Safari/537.36"
172.213.2.180 - - [01/Aug/2026:03:47:32 +0200] "GET /V3.php HTTP/1.1" 403 317 "-" "Mozilla/5.0 (Windows NT 10.0; Win64; x64) AppleWebKit/537.36 (KHTML, like Gecko) Chrome/120.0.0.0 Safari/537.36"
172.213.2.180 - - [01/Aug/2026:03:47:34 +0200] "GET /V5.php HTTP/1.1" 403 317 "-" "Mozilla/5.0 (Windows NT 10.0; Win64; x64) AppleWebKit/537.36 (KHTML, like Gecko) Chrome/120.0.0.0 Safari/537.36"
51.116.175.137 - - [01/Aug/2026:03:47:33 +0200] "GET /02.php HTTP/1.1" 200 12378 "-" "Mozilla/5.0 (Windows NT 10.0; Win64; x64) AppleWebKit/537.36 (KHTML, like Gecko) Chrome/120.0.0.0 Safari/537.36"
172.213.2.180 - - [01/Aug/2026:03:47:36 +0200] "GET /WP-DIRCHECKEKdj.php HTTP/1.1" 403 317 "-" "Mozilla/5.0 (Windows NT 10.0; Win64; x64) AppleWebKit/537.36 (KHTML, like Gecko) Chrome/120.0.0.0 Safari/537.36"
51.116.175.137 - - [01/Aug/2026:03:47:36 +0200] "GET /07.php HTTP/1.1" 200 12378 "-" "Mozilla/5.0 (Windows NT 10.0; Win64; x64) AppleWebKit/537.36 (KHTML, like Gecko) Chrome/120.0.0.0 Safari/537.36"
172.213.2.180 - - [01/Aug/2026:03:47:38 +0200] "GET /WSOEnigma.php HTTP/1.1" 403 317 "-" "Mozilla/5.0 (Windows NT 10.0; Win64; x64) AppleWebKit/537.36 (KHTML, like Gecko) Chrome/120.0.0.0 Safari/537.36"
172.213.2.180 - - [01/Aug/2026:03:47:39 +0200] "GET /WebShell.php HTTP/1.1" 403 317 "-" "Mozilla/5.0 (Windows NT 10.0; Win64; x64) AppleWebKit/537.36 (KHTML, like Gecko) Chrome/120.0.0.0 Safari/537.36"
51.116.175.137 - - [01/Aug/2026:03:47:38 +0200] "GET /098.php HTTP/1.1" 200 12377 "-" "Mozilla/5.0 (Windows NT 10.0; Win64; x64) AppleWebKit/537.36 (KHTML, like Gecko) Chrome/120.0.0.0 Safari/537.36"
172.213.2.180 - - [01/Aug/2026:03:47:41 +0200] "GET /WordPressCore/cong.php HTTP/1.1" 200 317 "-" "Mozilla/5.0 (Windows NT 10.0; Win64; x64) AppleWebKit/537.36 (KHTML, like Gecko) Chrome/120.0.0.0 Safari/537.36"
172.213.2.180 - - [01/Aug/2026:03:47:43 +0200] "GET /WordPressCore/fm.php HTTP/1.1" 200 317 "-" "Mozilla/5.0 (Windows NT 10.0; Win64; x64) AppleWebKit/537.36 (KHTML, like Gecko) Chrome/120.0.0.0 Safari/537.36"
51.116.175.137 - - [01/Aug/2026:03:47:42 +0200] "GET /0byte.php HTTP/1.1" 200 12383 "-" "Mozilla/5.0 (Windows NT 10.0; Win64; x64) AppleWebKit/537.36 (KHTML, like Gecko) Chrome/120.0.0.0 Safari/537.36"
172.213.2.180 - - [01/Aug/2026:03:47:45 +0200] "GET /WordPressCore/include.php HTTP/1.1" 200 317 "-" "Mozilla/5.0 (Windows NT 10.0; Win64; x64) AppleWebKit/537.36 (KHTML, like Gecko) Chrome/120.0.0.0 Safari/537.36"
51.116.175.137 - - [01/Aug/2026:03:47:45 +0200] "GET /0o.php HTTP/1.1" 200 12370 "-" "Mozilla/5.0 (Windows NT 10.0; Win64; x64) AppleWebKit/537.36 (KHTML, like Gecko) Chrome/120.0.0.0 Safari/537.36"
172.213.2.180 - - [01/Aug/2026:03:47:47 +0200] "GET /WordPressCore/index.php HTTP/1.1" 200 317 "-" "Mozilla/5.0 (Windows NT 10.0; Win64; x64) AppleWebKit/537.36 (KHTML, like Gecko) Chrome/120.0.0.0 Safari/537.36"
51.116.175.137 - - [01/Aug/2026:03:47:48 +0200] "GET /0x.php HTTP/1.1" 200 12372 "-" "Mozilla/5.0 (Windows NT 10.0; Win64; x64) AppleWebKit/537.36 (KHTML, like Gecko) Chrome/120.0.0.0 Safari/537.36"
172.213.2.180 - - [01/Aug/2026:03:47:49 +0200] "GET /XxX.php HTTP/1.1" 403 317 "-" "Mozilla/5.0 (Windows NT 10.0; Win64; x64) AppleWebKit/537.36 (KHTML, like Gecko) Chrome/120.0.0.0 Safari/537.36"
172.213.2.180 - - [01/Aug/2026:03:47:52 +0200] "GET /Xzd.php HTTP/1.1" 403 317 "-" "Mozilla/5.0 (Windows NT 10.0; Win64; x64) AppleWebKit/537.36 (KHTML, like Gecko) Chrome/120.0.0.0 Safari/537.36"
172.213.2.180 - - [01/Aug/2026:03:47:54 +0200] "GET /Yetix.php HTTP/1.1" 403 317 "-" "Mozilla/5.0 (Windows NT 10.0; Win64; x64) AppleWebKit/537.36 (KHTML, like Gecko) Chrome/120.0.0.0 Safari/537.36"
172.213.2.180 - - [01/Aug/2026:03:47:57 +0200] "GET /Ysuyo.php HTTP/1.1" 403 317 "-" "Mozilla/5.0 (Windows NT 10.0; Win64; x64) AppleWebKit/537.36 (KHTML, like Gecko) Chrome/120.0.0.0 Safari/537.36"
51.116.175.137 - - [01/Aug/2026:03:47:51 +0200] "GET /0x0.php HTTP/1.1" 200 12379 "-" "Mozilla/5.0 (Windows NT 10.0; Win64; x64) AppleWebKit/537.36 (KHTML, like Gecko) Chrome/120.0.0.0 Safari/537.36"
172.213.2.180 - - [01/Aug/2026:03:48:01 +0200] "GET /_Podt.php HTTP/1.1" 403 317 "-" "Mozilla/5.0 (Windows NT 10.0; Win64; x64) AppleWebKit/537.36 (KHTML, like Gecko) Chrome/120.0.0.0 Safari/537.36"
172.213.2.180 - - [01/Aug/2026:03:48:06 +0200] "GET /_adminer.php HTTP/1.1" 403 317 "-" "Mozilla/5.0 (Windows NT 10.0; Win64; x64) AppleWebKit/537.36 (KHTML, like Gecko) Chrome/120.0.0.0 Safari/537.36"
172.213.2.180 - - [01/Aug/2026:03:48:09 +0200] "GET /a.php HTTP/1.1" 403 317 "-" "Mozilla/5.0 (Windows NT 10.0; Win64; x64) AppleWebKit/537.36 (KHTML, like Gecko) Chrome/120.0.0.0 Safari/537.36"
51.116.175.137 - - [01/Aug/2026:03:48:00 +0200] "GET /0x1.php HTTP/1.1" 200 12377 "-" "Mozilla/5.0 (Windows NT 10.0; Win64; x64) AppleWebKit/537.36 (KHTML, like Gecko) Chrome/120.0.0.0 Safari/537.36"
172.213.2.180 - - [01/Aug/2026:03:48:14 +0200] "GET /a1.php HTTP/1.1" 403 317 "-" "Mozilla/5.0 (Windows NT 10.0; Win64; x64) AppleWebKit/537.36 (KHTML, like Gecko) Chrome/120.0.0.0 Safari/537.36"
172.213.2.180 - - [01/Aug/2026:03:48:18 +0200] "GET /a2.php HTTP/1.1" 403 317 "-" "Mozilla/5.0 (Windows NT 10.0; Win64; x64) AppleWebKit/537.36 (KHTML, like Gecko) Chrome/120.0.0.0 Safari/537.36"
172.213.2.180 - - [01/Aug/2026:03:48:20 +0200] "GET /a3.php HTTP/1.1" 403 317 "-" "Mozilla/5.0 (Windows NT 10.0; Win64; x64) AppleWebKit/537.36 (KHTML, like Gecko) Chrome/120.0.0.0 Safari/537.36"
51.116.175.137 - - [01/Aug/2026:03:48:13 +0200] "GET /1.php HTTP/1.1" 200 12372 "-" "Mozilla/5.0 (Windows NT 10.0; Win64; x64) AppleWebKit/537.36 (KHTML, like Gecko) Chrome/120.0.0.0 Safari/537.36"
172.213.2.180 - - [01/Aug/2026:03:48:21 +0200] "GET /aa.php HTTP/1.1" 403 317 "-" "Mozilla/5.0 (Windows NT 10.0; Win64; x64) AppleWebKit/537.36 (KHTML, like Gecko) Chrome/120.0.0.0 Safari/537.36"
51.116.175.137 - - [01/Aug/2026:03:48:25 +0200] "GET /10.php HTTP/1.1" 200 12377 "-" "Mozilla/5.0 (Windows NT 10.0; Win64; x64) AppleWebKit/537.36 (KHTML, like Gecko) Chrome/120.0.0.0 Safari/537.36"
172.213.2.180 - - [01/Aug/2026:03:48:29 +0200] "GET /aaa.php HTTP/1.1" 403 317 "-" "Mozilla/5.0 (Windows NT 10.0; Win64; x64) AppleWebKit/537.36 (KHTML, like Gecko) Chrome/120.0.0.0 Safari/537.36"
172.213.2.180 - - [01/Aug/2026:03:48:31 +0200] "GET /aaaa.php HTTP/1.1" 403 317 "-" "Mozilla/5.0 (Windows NT 10.0; Win64; x64) AppleWebKit/537.36 (KHTML, like Gecko) Chrome/120.0.0.0 Safari/537.36"
172.213.2.180 - - [01/Aug/2026:03:48:33 +0200] "GET /aahana/json.php HTTP/1.1" 200 317 "-" "Mozilla/5.0 (Windows NT 10.0; Win64; x64) AppleWebKit/537.36 (KHTML, like Gecko) Chrome/120.0.0.0 Safari/537.36"
51.116.175.137 - - [01/Aug/2026:03:48:30 +0200] "GET /100.php HTTP/1.1" 200 12378 "-" "Mozilla/5.0 (Windows NT 10.0; Win64; x64) AppleWebKit/537.36 (KHTML, like Gecko) Chrome/120.0.0.0 Safari/537.36"
172.213.2.180 - - [01/Aug/2026:03:48:35 +0200] "GET /aahana/worksec.php HTTP/1.1" 200 317 "-" "Mozilla/5.0 (Windows NT 10.0; Win64; x64) AppleWebKit/537.36 (KHTML, like Gecko) Chrome/120.0.0.0 Safari/537.36"
172.213.2.180 - - [01/Aug/2026:03:48:37 +0200] "GET /ab.php HTTP/1.1" 403 317 "-" "Mozilla/5.0 (Windows NT 10.0; Win64; x64) AppleWebKit/537.36 (KHTML, like Gecko) Chrome/120.0.0.0 Safari/537.36"
51.116.175.137 - - [01/Aug/2026:03:48:36 +0200] "GET /11.php HTTP/1.1" 200 12373 "-" "Mozilla/5.0 (Windows NT 10.0; Win64; x64) AppleWebKit/537.36 (KHTML, like Gecko) Chrome/120.0.0.0 Safari/537.36"
172.213.2.180 - - [01/Aug/2026:03:48:39 +0200] "GET /abby.php HTTP/1.1" 403 317 "-" "Mozilla/5.0 (Windows NT 10.0; Win64; x64) AppleWebKit/537.36 (KHTML, like Gecko) Chrome/120.0.0.0 Safari/537.36"
51.116.175.137 - - [01/Aug/2026:03:48:39 +0200] "GET /11index.php HTTP/1.1" 200 12380 "-" "Mozilla/5.0 (Windows NT 10.0; Win64; x64) AppleWebKit/537.36 (KHTML, like Gecko) Chrome/120.0.0.0 Safari/537.36"
172.213.2.180 - - [01/Aug/2026:03:48:41 +0200] "GET /abc.php HTTP/1.1" 403 317 "-" "Mozilla/5.0 (Windows NT 10.0; Win64; x64) AppleWebKit/537.36 (KHTML, like Gecko) Chrome/120.0.0.0 Safari/537.36"
172.213.2.180 - - [01/Aug/2026:03:48:43 +0200] "GET /abcd.php HTTP/1.1" 403 317 "-" "Mozilla/5.0 (Windows NT 10.0; Win64; x64) AppleWebKit/537.36 (KHTML, like Gecko) Chrome/120.0.0.0 Safari/537.36"
172.213.2.180 - - [01/Aug/2026:03:48:44 +0200] "GET /abcde.php HTTP/1.1" 403 317 "-" "Mozilla/5.0 (Windows NT 10.0; Win64; x64) AppleWebKit/537.36 (KHTML, like Gecko) Chrome/120.0.0.0 Safari/537.36"
172.213.2.180 - - [01/Aug/2026:03:48:47 +0200] "GET /about.php HTTP/1.1" 200 317 "-" "Mozilla/5.0 (Windows NT 10.0; Win64; x64) AppleWebKit/537.36 (KHTML, like Gecko) Chrome/120.0.0.0 Safari/537.36"
51.116.175.137 - - [01/Aug/2026:03:48:46 +0200] "GET /12.php HTTP/1.1" 200 12373 "-" "Mozilla/5.0 (Windows NT 10.0; Win64; x64) AppleWebKit/537.36 (KHTML, like Gecko) Chrome/120.0.0.0 Safari/537.36"
172.213.2.180 - - [01/Aug/2026:03:48:48 +0200] "GET /about.php/wp-content/x/index.php HTTP/1.1" 200 317 "-" "Mozilla/5.0 (Windows NT 10.0; Win64; x64) AppleWebKit/537.36 (KHTML, like Gecko) Chrome/120.0.0.0 Safari/537.36"
172.213.2.180 - - [01/Aug/2026:03:48:51 +0200] "GET /abuot.php HTTP/1.1" 403 317 "-" "Mozilla/5.0 (Windows NT 10.0; Win64; x64) AppleWebKit/537.36 (KHTML, like Gecko) Chrome/120.0.0.0 Safari/537.36"
51.116.175.137 - - [01/Aug/2026:03:48:50 +0200] "GET /120f9.php HTTP/1.1" 200 12375 "-" "Mozilla/5.0 (Windows NT 10.0; Win64; x64) AppleWebKit/537.36 (KHTML, like Gecko) Chrome/120.0.0.0 Safari/537.36"
172.213.2.180 - - [01/Aug/2026:03:48:52 +0200] "GET /ac.php HTTP/1.1" 403 317 "-" "Mozilla/5.0 (Windows NT 10.0; Win64; x64) AppleWebKit/537.36 (KHTML, like Gecko) Chrome/120.0.0.0 Safari/537.36"
172.213.2.180 - - [01/Aug/2026:03:48:54 +0200] "GET /acces.php HTTP/1.1" 403 317 "-" "Mozilla/5.0 (Windows NT 10.0; Win64; x64) AppleWebKit/537.36 (KHTML, like Gecko) Chrome/120.0.0.0 Safari/537.36"
51.116.175.137 - - [01/Aug/2026:03:48:55 +0200] "GET /123.php HTTP/1.1" 200 12379 "-" "Mozilla/5.0 (Windows NT 10.0; Win64; x64) AppleWebKit/537.36 (KHTML, like Gecko) Chrome/120.0.0.0 Safari/537.36"
172.213.2.180 - - [01/Aug/2026:03:48:56 +0200] "GET /access.php HTTP/1.1" 403 317 "-" "Mozilla/5.0 (Windows NT 10.0; Win64; x64) AppleWebKit/537.36 (KHTML, like Gecko) Chrome/120.0.0.0 Safari/537.36"
51.116.175.137 - - [01/Aug/2026:03:48:57 +0200] "GET /1234.php HTTP/1.1" 200 12374 "-" "Mozilla/5.0 (Windows NT 10.0; Win64; x64) AppleWebKit/537.36 (KHTML, like Gecko) Chrome/120.0.0.0 Safari/537.36"
172.213.2.180 - - [01/Aug/2026:03:49:00 +0200] "GET /ace.php HTTP/1.1" 403 317 "-" "Mozilla/5.0 (Windows NT 10.0; Win64; x64) AppleWebKit/537.36 (KHTML, like Gecko) Chrome/120.0.0.0 Safari/537.36"
172.213.2.180 - - [01/Aug/2026:03:49:02 +0200] "GET /acme-challengeadmin.php HTTP/1.1" 403 317 "-" "Mozilla/5.0 (Windows NT 10.0; Win64; x64) AppleWebKit/537.36 (KHTML, like Gecko) Chrome/120.0.0.0 Safari/537.36"
172.213.2.180 - - [01/Aug/2026:03:49:05 +0200] "GET /acme-challengealfa.php HTTP/1.1" 403 317 "-" "Mozilla/5.0 (Windows NT 10.0; Win64; x64) AppleWebKit/537.36 (KHTML, like Gecko) Chrome/120.0.0.0 Safari/537.36"
51.116.175.137 - - [01/Aug/2026:03:49:00 +0200] "GET /12r4jd.php HTTP/1.1" 200 12377 "-" "Mozilla/5.0 (Windows NT 10.0; Win64; x64) AppleWebKit/537.36 (KHTML, like Gecko) Chrome/120.0.0.0 Safari/537.36"
172.213.2.180 - - [01/Aug/2026:03:49:08 +0200] "GET /acme-challengebypass.php HTTP/1.1" 403 317 "-" "Mozilla/5.0 (Windows NT 10.0; Win64; x64) AppleWebKit/537.36 (KHTML, like Gecko) Chrome/120.0.0.0 Safari/537.36"
51.116.175.137 - - [01/Aug/2026:03:49:11 +0200] "GET /13.php HTTP/1.1" 200 12371 "-" "Mozilla/5.0 (Windows NT 10.0; Win64; x64) AppleWebKit/537.36 (KHTML, like Gecko) Chrome/120.0.0.0 Safari/537.36"
172.213.2.180 - - [01/Aug/2026:03:49:12 +0200] "GET /acme-challengek.php HTTP/1.1" 403 317 "-" "Mozilla/5.0 (Windows NT 10.0; Win64; x64) AppleWebKit/537.36 (KHTML, like Gecko) Chrome/120.0.0.0 Safari/537.36"
172.213.2.180 - - [01/Aug/2026:03:49:15 +0200] "GET /acme-challengewp.php HTTP/1.1" 403 317 "-" "Mozilla/5.0 (Windows NT 10.0; Win64; x64) AppleWebKit/537.36 (KHTML, like Gecko) Chrome/120.0.0.0 Safari/537.36"
51.116.175.137 - - [01/Aug/2026:03:49:14 +0200] "GET /1337.php HTTP/1.1" 200 12374 "-" "Mozilla/5.0 (Windows NT 10.0; Win64; x64) AppleWebKit/537.36 (KHTML, like Gecko) Chrome/120.0.0.0 Safari/537.36"
51.116.175.137 - - [01/Aug/2026:03:49:18 +0200] "GET /13k.php HTTP/1.1" 200 12374 "-" "Mozilla/5.0 (Windows NT 10.0; Win64; x64) AppleWebKit/537.36 (KHTML, like Gecko) Chrome/120.0.0.0 Safari/537.36"
51.116.175.137 - - [01/Aug/2026:03:49:21 +0200] "GET /15.php HTTP/1.1" 200 12373 "-" "Mozilla/5.0 (Windows NT 10.0; Win64; x64) AppleWebKit/537.36 (KHTML, like Gecko) Chrome/120.0.0.0 Safari/537.36"
51.116.175.137 - - [01/Aug/2026:03:49:23 +0200] "GET /1945.php HTTP/1.1" 200 12381 "-" "Mozilla/5.0 (Windows NT 10.0; Win64; x64) AppleWebKit/537.36 (KHTML, like Gecko) Chrome/120.0.0.0 Safari/537.36"
66.249.68.32 - - [01/Aug/2026:03:50:32 +0200] "GET /shop/products/67599489824.shtml HTTP/1.1" 200 5091 "-" "Mozilla/5.0 (Linux; Android 6.0.1; Nexus 5X Build/MMB29P) AppleWebKit/537.36 (KHTML, like Gecko) Chrome/150.0.7871.186 Mobile Safari/537.36 (compatible; Googlebot/2.1; +http://www.google.com/bot.html)"
114.119.146.109 - - [01/Aug/2026:03:57:23 +0200] "GET /shop/detail/charter198033863.htm HTTP/1.1" 200 - "https://www.bigpunchmedia.co.za/shop/detail/charter198033863.htm" "Mozilla/5.0 (Linux; Android 7.0;) AppleWebKit/537.36 (HTML, like Gecko) Mobile Safari/537.36 (compatible; PetalBot;+https://webmaster.petalsearch.com/site/petalbot)"
66.249.68.33 - - [01/Aug/2026:03:58:11 +0200] "GET /detail/297001177 HTTP/1.1" 200 5091 "-" "Mozilla/5.0 (Linux; Android 6.0.1; Nexus 5X Build/MMB29P) AppleWebKit/537.36 (KHTML, like Gecko) Chrome/150.0.7871.186 Mobile Safari/537.36 (compatible; Googlebot/2.1; +http://www.google.com/bot.html)"
66.249.68.65 - - [01/Aug/2026:03:58:13 +0200] "GET /detail/010005014 HTTP/1.1" 200 5091 "-" "Mozilla/5.0 (Linux; Android 6.0.1; Nexus 5X Build/MMB29P) AppleWebKit/537.36 (KHTML, like Gecko) Chrome/150.0.7871.186 Mobile Safari/537.36 (compatible; Googlebot/2.1; +http://www.google.com/bot.html)"
66.249.68.32 - - [01/Aug/2026:03:59:14 +0200] "GET /detail/250040042 HTTP/1.1" 200 5091 "-" "Mozilla/5.0 (Linux; Android 6.0.1; Nexus 5X Build/MMB29P) AppleWebKit/537.36 (KHTML, like Gecko) Chrome/150.0.7871.186 Mobile Safari/537.36 (compatible; Googlebot/2.1; +http://www.google.com/bot.html)"
66.249.68.39 - - [01/Aug/2026:03:59:16 +0200] "GET /detail/286017684 HTTP/1.1" 200 5090 "-" "Mozilla/5.0 (Linux; Android 6.0.1; Nexus 5X Build/MMB29P) AppleWebKit/537.36 (KHTML, like Gecko) Chrome/150.0.7871.186 Mobile Safari/537.36 (compatible; Googlebot/2.1; +http://www.google.com/bot.html)"
66.249.68.39 - - [01/Aug/2026:03:59:19 +0200] "GET /detail/212028390 HTTP/1.1" 200 5090 "-" "Mozilla/5.0 (Linux; Android 6.0.1; Nexus 5X Build/MMB29P) AppleWebKit/537.36 (KHTML, like Gecko) Chrome/150.0.7871.186 Mobile Safari/537.36 (compatible; Googlebot/2.1; +http://www.google.com/bot.html)"
66.249.68.32 - - [01/Aug/2026:03:59:21 +0200] "GET /shop/products/5839917819.shtml HTTP/1.1" 200 5089 "-" "Mozilla/5.0 (Linux; Android 6.0.1; Nexus 5X Build/MMB29P) AppleWebKit/537.36 (KHTML, like Gecko) Chrome/150.0.7871.186 Mobile Safari/537.36 (compatible; Googlebot/2.1; +http://www.google.com/bot.html)"
66.249.68.39 - - [01/Aug/2026:03:59:23 +0200] "GET /detail/009044647 HTTP/1.1" 200 5091 "-" "Mozilla/5.0 (Linux; Android 6.0.1; Nexus 5X Build/MMB29P) AppleWebKit/537.36 (KHTML, like Gecko) Chrome/150.0.7871.186 Mobile Safari/537.36 (compatible; Googlebot/2.1; +http://www.google.com/bot.html)"
66.249.68.65 - - [01/Aug/2026:03:59:26 +0200] "GET /detail/053034473 HTTP/1.1" 200 5090 "-" "Mozilla/5.0 (Linux; Android 6.0.1; Nexus 5X Build/MMB29P) AppleWebKit/537.36 (KHTML, like Gecko) Chrome/150.0.7871.186 Mobile Safari/537.36 (compatible; Googlebot/2.1; +http://www.google.com/bot.html)"
66.249.68.65 - - [01/Aug/2026:03:59:28 +0200] "GET /shop/detail/code012007583.htm HTTP/1.1" 200 5091 "-" "Mozilla/5.0 (Linux; Android 6.0.1; Nexus 5X Build/MMB29P) AppleWebKit/537.36 (KHTML, like Gecko) Chrome/150.0.7871.186 Mobile Safari/537.36 (compatible; Googlebot/2.1; +http://www.google.com/bot.html)"
66.249.68.39 - - [01/Aug/2026:03:59:30 +0200] "GET /shop/detail/bankruptcy047000086.htm HTTP/1.1" 200 5091 "-" "Mozilla/5.0 (Linux; Android 6.0.1; Nexus 5X Build/MMB29P) AppleWebKit/537.36 (KHTML, like Gecko) Chrome/150.0.7871.186 Mobile Safari/537.36 (compatible; Googlebot/2.1; +http://www.google.com/bot.html)"
66.249.68.65 - - [01/Aug/2026:04:03:36 +0200] "GET /shop/products/7069986808.html HTTP/1.1" 200 5091 "-" "Mozilla/5.0 (Linux; Android 6.0.1; Nexus 5X Build/MMB29P) AppleWebKit/537.36 (KHTML, like Gecko) Chrome/150.0.7871.186 Mobile Safari/537.36 (compatible; Googlebot/2.1; +http://www.google.com/bot.html)"
114.119.146.219 - - [01/Aug/2026:04:06:05 +0200] "GET /shop/detail/western188028863.htm HTTP/1.1" 200 - "https://www.bigpunchmedia.co.za/sitemap99.xml" "Mozilla/5.0 (Linux; Android 7.0;) AppleWebKit/537.36 (HTML, like Gecko) Mobile Safari/537.36 (compatible; PetalBot;+https://webmaster.petalsearch.com/site/petalbot)"
66.249.68.64 - - [01/Aug/2026:04:06:40 +0200] "GET /detail/244035934 HTTP/1.1" 200 5091 "-" "Mozilla/5.0 (Linux; Android 6.0.1; Nexus 5X Build/MMB29P) AppleWebKit/537.36 (KHTML, like Gecko) Chrome/150.0.7871.186 Mobile Safari/537.36 (compatible; Googlebot/2.1; +http://www.google.com/bot.html)"
66.249.68.71 - - [01/Aug/2026:04:07:41 +0200] "GET /?goods/021000318 HTTP/1.1" 200 5091 "-" "Mozilla/5.0 (Linux; Android 6.0.1; Nexus 5X Build/MMB29P) AppleWebKit/537.36 (KHTML, like Gecko) Chrome/150.0.7871.186 Mobile Safari/537.36 (compatible; Googlebot/2.1; +http://www.google.com/bot.html)"
66.249.68.64 - - [01/Aug/2026:04:09:42 +0200] "GET /?goods/025000115 HTTP/1.1" 200 5091 "-" "Mozilla/5.0 (Linux; Android 6.0.1; Nexus 5X Build/MMB29P) AppleWebKit/537.36 (KHTML, like Gecko) Chrome/150.0.7871.186 Mobile Safari/537.36 (compatible; Googlebot/2.1; +http://www.google.com/bot.html)"
66.249.68.64 - - [01/Aug/2026:04:12:43 +0200] "GET /products/65199216705.html HTTP/1.1" 200 5091 "-" "Mozilla/5.0 (Linux; Android 6.0.1; Nexus 5X Build/MMB29P) AppleWebKit/537.36 (KHTML, like Gecko) Chrome/150.0.7871.186 Mobile Safari/537.36 (compatible; Googlebot/2.1; +http://www.google.com/bot.html)"
66.249.68.39 - - [01/Aug/2026:04:12:46 +0200] "GET /goods/92499194184.shtml HTTP/1.1" 200 5091 "-" "Mozilla/5.0 (Linux; Android 6.0.1; Nexus 5X Build/MMB29P) AppleWebKit/537.36 (KHTML, like Gecko) Chrome/150.0.7871.186 Mobile Safari/537.36 (compatible; Googlebot/2.1; +http://www.google.com/bot.html)"
66.249.68.33 - - [01/Aug/2026:04:17:03 +0200] "GET /shop/pg/1AvailableInfo/188125246748 HTTP/1.1" 200 5091 "-" "Mozilla/5.0 (Linux; Android 6.0.1; Nexus 5X Build/MMB29P) AppleWebKit/537.36 (KHTML, like Gecko) Chrome/150.0.7871.186 Mobile Safari/537.36 (compatible; Googlebot/2.1; +http://www.google.com/bot.html)"
66.249.68.32 - - [01/Aug/2026:04:17:06 +0200] "GET /shop/detail/lemon051000236.htm HTTP/1.1" 200 5091 "-" "Mozilla/5.0 (Linux; Android 6.0.1; Nexus 5X Build/MMB29P) AppleWebKit/537.36 (KHTML, like Gecko) Chrome/150.0.7871.186 Mobile Safari/537.36 (compatible; Googlebot/2.1; +http://www.google.com/bot.html)"
66.249.68.32 - - [01/Aug/2026:04:18:19 +0200] "GET /shop/detail/strength001033282.htm HTTP/1.1" 200 5091 "-" "Mozilla/5.0 (Linux; Android 6.0.1; Nexus 5X Build/MMB29P) AppleWebKit/537.36 (KHTML, like Gecko) Chrome/150.0.7871.186 Mobile Safari/537.36 (compatible; Googlebot/2.1; +http://www.google.com/bot.html)"
66.249.68.64 - - [01/Aug/2026:04:18:30 +0200] "GET /shop/pg/1AvailableInfo/228473118393 HTTP/1.1" 200 5090 "-" "Mozilla/5.0 (Linux; Android 6.0.1; Nexus 5X Build/MMB29P) AppleWebKit/537.36 (KHTML, like Gecko) Chrome/150.0.7871.186 Mobile Safari/537.36 (compatible; Googlebot/2.1; +http://www.google.com/bot.html)"
66.249.68.71 - - [01/Aug/2026:04:18:36 +0200] "GET /shop/products/63899217284.html HTTP/1.1" 200 5090 "-" "Mozilla/5.0 (Linux; Android 6.0.1; Nexus 5X Build/MMB29P) AppleWebKit/537.36 (KHTML, like Gecko) Chrome/150.0.7871.186 Mobile Safari/537.36 (compatible; Googlebot/2.1; +http://www.google.com/bot.html)"
66.249.68.64 - - [01/Aug/2026:04:23:02 +0200] "GET /shop/pg/1AvailableInfo/2284211130477 HTTP/1.1" 200 5091 "-" "Mozilla/5.0 (Linux; Android 6.0.1; Nexus 5X Build/MMB29P) AppleWebKit/537.36 (KHTML, like Gecko) Chrome/150.0.7871.186 Mobile Safari/537.36 (compatible; Googlebot/2.1; +http://www.google.com/bot.html)"
66.249.68.39 - - [01/Aug/2026:04:23:09 +0200] "GET /shop/products/26399248225.shtml HTTP/1.1" 200 5090 "-" "Mozilla/5.0 (Linux; Android 6.0.1; Nexus 5X Build/MMB29P) AppleWebKit/537.36 (KHTML, like Gecko) Chrome/150.0.7871.186 Mobile Safari/537.36 (compatible; Googlebot/2.1; +http://www.google.com/bot.html)"
66.249.68.39 - - [01/Aug/2026:04:25:10 +0200] "GET /detail/010001632 HTTP/1.1" 200 5090 "-" "Mozilla/5.0 (Linux; Android 6.0.1; Nexus 5X Build/MMB29P) AppleWebKit/537.36 (KHTML, like Gecko) Chrome/150.0.7871.186 Mobile Safari/537.36 (compatible; Googlebot/2.1; +http://www.google.com/bot.html)"
66.249.68.39 - - [01/Aug/2026:04:27:11 +0200] "GET /shop/detail/translation020001651.htm HTTP/1.1" 200 5091 "-" "Mozilla/5.0 (Linux; Android 6.0.1; Nexus 5X Build/MMB29P) AppleWebKit/537.36 (KHTML, like Gecko) Chrome/150.0.7871.186 Mobile Safari/537.36 (compatible; Googlebot/2.1; +http://www.google.com/bot.html)"
66.249.68.71 - - [01/Aug/2026:04:28:13 +0200] "GET /shop/products/12199262126.html HTTP/1.1" 200 5091 "-" "Mozilla/5.0 (Linux; Android 6.0.1; Nexus 5X Build/MMB29P) AppleWebKit/537.36 (KHTML, like Gecko) Chrome/150.0.7871.186 Mobile Safari/537.36 (compatible; Googlebot/2.1; +http://www.google.com/bot.html)"
66.249.68.32 - - [01/Aug/2026:04:29:14 +0200] "GET /detail/115009985 HTTP/1.1" 200 5091 "-" "Mozilla/5.0 (Linux; Android 6.0.1; Nexus 5X Build/MMB29P) AppleWebKit/537.36 (KHTML, like Gecko) Chrome/150.0.7871.186 Mobile Safari/537.36 (compatible; Googlebot/2.1; +http://www.google.com/bot.html)"
114.119.146.109 - - [01/Aug/2026:04:29:20 +0200] "GET /shop/detail/internal044025967.htm HTTP/1.1" 200 - "https://www.bigpunchmedia.co.za/sitemap2.xml" "Mozilla/5.0 (Linux; Android 7.0;) AppleWebKit/537.36 (HTML, like Gecko) Mobile Safari/537.36 (compatible; PetalBot;+https://webmaster.petalsearch.com/site/petalbot)"
66.249.68.64 - - [01/Aug/2026:04:31:15 +0200] "GET /shop/products/51999448301.html HTTP/1.1" 200 5090 "-" "Mozilla/5.0 (Linux; Android 6.0.1; Nexus 5X Build/MMB29P) AppleWebKit/537.36 (KHTML, like Gecko) Chrome/150.0.7871.186 Mobile Safari/537.36 (compatible; Googlebot/2.1; +http://www.google.com/bot.html)"
66.249.68.39 - - [01/Aug/2026:04:32:20 +0200] "GET /shop/detail/civilian001003958.htm HTTP/1.1" 200 5091 "-" "Mozilla/5.0 (Linux; Android 6.0.1; Nexus 5X Build/MMB29P) AppleWebKit/537.36 (KHTML, like Gecko) Chrome/150.0.7871.186 Mobile Safari/537.36 (compatible; Googlebot/2.1; +http://www.google.com/bot.html)"
66.249.68.64 - - [01/Aug/2026:04:32:28 +0200] "GET /shop/pg/1AvailableInfo/228431280397 HTTP/1.1" 200 5091 "-" "Mozilla/5.0 (Linux; Android 6.0.1; Nexus 5X Build/MMB29P) AppleWebKit/537.36 (KHTML, like Gecko) Chrome/150.0.7871.186 Mobile Safari/537.36 (compatible; Googlebot/2.1; +http://www.google.com/bot.html)"
66.249.68.32 - - [01/Aug/2026:04:37:39 +0200] "GET /shop/pg/1AvailableInfo/188119382496 HTTP/1.1" 200 5091 "-" "Mozilla/5.0 (Linux; Android 6.0.1; Nexus 5X Build/MMB29P) AppleWebKit/537.36 (KHTML, like Gecko) Chrome/150.0.7871.186 Mobile Safari/537.36 (compatible; Googlebot/2.1; +http://www.google.com/bot.html)"
66.249.68.65 - - [01/Aug/2026:04:37:57 +0200] "GET /shop/products/5829955241.html HTTP/1.1" 200 5091 "-" "Mozilla/5.0 (Linux; Android 6.0.1; Nexus 5X Build/MMB29P) AppleWebKit/537.36 (KHTML, like Gecko) Chrome/150.0.7871.186 Mobile Safari/537.36 (compatible; Googlebot/2.1; +http://www.google.com/bot.html)"
66.249.68.71 - - [01/Aug/2026:04:38:05 +0200] "GET /shop/products/4469990407.html HTTP/1.1" 200 5090 "-" "Mozilla/5.0 (Linux; Android 6.0.1; Nexus 5X Build/MMB29P) AppleWebKit/537.36 (KHTML, like Gecko) Chrome/150.0.7871.186 Mobile Safari/537.36 (compatible; Googlebot/2.1; +http://www.google.com/bot.html)"
66.249.68.39 - - [01/Aug/2026:04:38:33 +0200] "GET /?jp/006000560.html HTTP/1.1" 200 5091 "-" "Mozilla/5.0 (Linux; Android 6.0.1; Nexus 5X Build/MMB29P) AppleWebKit/537.36 (KHTML, like Gecko) Chrome/150.0.7871.186 Mobile Safari/537.36 (compatible; Googlebot/2.1; +http://www.google.com/bot.html)"
66.249.68.64 - - [01/Aug/2026:04:44:20 +0200] "GET /shop/products/33499337464.html HTTP/1.1" 200 5091 "-" "Mozilla/5.0 (Linux; Android 6.0.1; Nexus 5X Build/MMB29P) AppleWebKit/537.36 (KHTML, like Gecko) Chrome/150.0.7871.186 Mobile Safari/537.36 (compatible; Googlebot/2.1; +http://www.google.com/bot.html)"
66.249.68.64 - - [01/Aug/2026:04:44:38 +0200] "GET /shop/products/22199240728.html HTTP/1.1" 200 5091 "-" "Mozilla/5.0 (Linux; Android 6.0.1; Nexus 5X Build/MMB29P) AppleWebKit/537.36 (KHTML, like Gecko) Chrome/150.0.7871.186 Mobile Safari/537.36 (compatible; Googlebot/2.1; +http://www.google.com/bot.html)"
66.249.68.71 - - [01/Aug/2026:04:44:48 +0200] "GET /shop/products/3909960580.html HTTP/1.1" 200 5091 "-" "Mozilla/5.0 (Linux; Android 6.0.1; Nexus 5X Build/MMB29P) AppleWebKit/537.36 (KHTML, like Gecko) Chrome/150.0.7871.186 Mobile Safari/537.36 (compatible; Googlebot/2.1; +http://www.google.com/bot.html)"
66.249.68.71 - - [01/Aug/2026:04:45:52 +0200] "GET /shop/products/7849968589.html HTTP/1.1" 200 5091 "-" "Mozilla/5.0 (Linux; Android 6.0.1; Nexus 5X Build/MMB29P) AppleWebKit/537.36 (KHTML, like Gecko) Chrome/150.0.7871.186 Mobile Safari/537.36 (compatible; Googlebot/2.1; +http://www.google.com/bot.html)"
66.249.68.71 - - [01/Aug/2026:04:47:58 +0200] "GET /shop/products/59499131023.html HTTP/1.1" 200 5090 "-" "Mozilla/5.0 (Linux; Android 6.0.1; Nexus 5X Build/MMB29P) AppleWebKit/537.36 (KHTML, like Gecko) Chrome/150.0.7871.186 Mobile Safari/537.36 (compatible; Googlebot/2.1; +http://www.google.com/bot.html)"
66.249.68.65 - - [01/Aug/2026:04:49:00 +0200] "GET /shop/detail/while039001336.htm HTTP/1.1" 200 5091 "-" "Mozilla/5.0 (Linux; Android 6.0.1; Nexus 5X Build/MMB29P) AppleWebKit/537.36 (KHTML, like Gecko) Chrome/150.0.7871.186 Mobile Safari/537.36 (compatible; Googlebot/2.1; +http://www.google.com/bot.html)"
66.249.68.71 - - [01/Aug/2026:04:50:10 +0200] "GET /shop/products/24499273972.html HTTP/1.1" 200 5090 "-" "Mozilla/5.0 (Linux; Android 6.0.1; Nexus 5X Build/MMB29P) AppleWebKit/537.36 (KHTML, like Gecko) Chrome/150.0.7871.186 Mobile Safari/537.36 (compatible; Googlebot/2.1; +http://www.google.com/bot.html)"
66.249.68.71 - - [01/Aug/2026:04:53:23 +0200] "GET /shop/products/77799199352.html HTTP/1.1" 200 5090 "-" "Mozilla/5.0 (Linux; Android 6.0.1; Nexus 5X Build/MMB29P) AppleWebKit/537.36 (KHTML, like Gecko) Chrome/150.0.7871.186 Mobile Safari/537.36 (compatible; Googlebot/2.1; +http://www.google.com/bot.html)"
66.249.68.71 - - [01/Aug/2026:04:55:36 +0200] "GET /shop/products/83799397913.html HTTP/1.1" 200 5091 "-" "Mozilla/5.0 (Linux; Android 6.0.1; Nexus 5X Build/MMB29P) AppleWebKit/537.36 (KHTML, like Gecko) Chrome/150.0.7871.186 Mobile Safari/537.36 (compatible; Googlebot/2.1; +http://www.google.com/bot.html)"
66.249.68.71 - - [01/Aug/2026:04:57:37 +0200] "GET /shop/products/70399126503.html HTTP/1.1" 200 5091 "-" "Mozilla/5.0 (Linux; Android 6.0.1; Nexus 5X Build/MMB29P) AppleWebKit/537.36 (KHTML, like Gecko) Chrome/150.0.7871.186 Mobile Safari/537.36 (compatible; Googlebot/2.1; +http://www.google.com/bot.html)"
66.249.68.39 - - [01/Aug/2026:04:59:38 +0200] "GET /shop/products/10199164839.shtml HTTP/1.1" 200 5091 "-" "Mozilla/5.0 (Linux; Android 6.0.1; Nexus 5X Build/MMB29P) AppleWebKit/537.36 (KHTML, like Gecko) Chrome/150.0.7871.186 Mobile Safari/537.36 (compatible; Googlebot/2.1; +http://www.google.com/bot.html)"
66.249.68.64 - - [01/Aug/2026:05:00:40 +0200] "GET /shop/pg/1AvailableInfo/2284208101846 HTTP/1.1" 200 5091 "-" "Mozilla/5.0 (Linux; Android 6.0.1; Nexus 5X Build/MMB29P) AppleWebKit/537.36 (KHTML, like Gecko) Chrome/150.0.7871.186 Mobile Safari/537.36 (compatible; Googlebot/2.1; +http://www.google.com/bot.html)"
66.249.68.65 - - [01/Aug/2026:05:01:41 +0200] "GET /shop/products/18499499908.html HTTP/1.1" 200 5091 "-" "Mozilla/5.0 (Linux; Android 6.0.1; Nexus 5X Build/MMB29P) AppleWebKit/537.36 (KHTML, like Gecko) Chrome/150.0.7871.186 Mobile Safari/537.36 (compatible; Googlebot/2.1; +http://www.google.com/bot.html)"
114.119.158.151 - - [01/Aug/2026:05:04:36 +0200] "GET /shop/detail/pregnancy086010317.htm HTTP/1.1" 200 - "https://www.bigpunchmedia.co.za/shop/detail/pregnancy086010317.htm" "Mozilla/5.0 (Linux; Android 7.0;) AppleWebKit/537.36 (HTML, like Gecko) Mobile Safari/537.36 (compatible; PetalBot;+https://webmaster.petalsearch.com/site/petalbot)"
114.119.158.151 - - [01/Aug/2026:05:10:30 +0200] "GET /shop/detail/molecule148026073.htm HTTP/1.1" 200 - "https://www.bigpunchmedia.co.za/sitemap70.xml" "Mozilla/5.0 (Linux; Android 7.0;) AppleWebKit/537.36 (HTML, like Gecko) Mobile Safari/537.36 (compatible; PetalBot;+https://webmaster.petalsearch.com/site/petalbot)"
66.249.68.32 - - [01/Aug/2026:05:11:34 +0200] "GET /goods/7739938081.shtml HTTP/1.1" 200 5091 "-" "Mozilla/5.0 (Linux; Android 6.0.1; Nexus 5X Build/MMB29P) AppleWebKit/537.36 (KHTML, like Gecko) Chrome/150.0.7871.186 Mobile Safari/537.36 (compatible; Googlebot/2.1; +http://www.google.com/bot.html)"
66.249.68.33 - - [01/Aug/2026:05:13:30 +0200] "GET /shop/detail/genuine010017477.htm HTTP/1.1" 200 5091 "-" "Mozilla/5.0 (Linux; Android 6.0.1; Nexus 5X Build/MMB29P) AppleWebKit/537.36 (KHTML, like Gecko) Chrome/150.0.7871.186 Mobile Safari/537.36 (compatible; Googlebot/2.1; +http://www.google.com/bot.html)"
66.249.68.39 - - [01/Aug/2026:05:13:32 +0200] "GET /goods/51399228321.shtml HTTP/1.1" 200 5090 "-" "Mozilla/5.0 (Linux; Android 6.0.1; Nexus 5X Build/MMB29P) AppleWebKit/537.36 (KHTML, like Gecko) Chrome/150.0.7871.186 Mobile Safari/537.36 (compatible; Googlebot/2.1; +http://www.google.com/bot.html)"
66.249.68.39 - - [01/Aug/2026:05:13:35 +0200] "GET /shop/detail/somewhat008046695.htm HTTP/1.1" 200 5091 "-" "Mozilla/5.0 (Linux; Android 6.0.1; Nexus 5X Build/MMB29P) AppleWebKit/537.36 (KHTML, like Gecko) Chrome/150.0.7871.186 Mobile Safari/537.36 (compatible; Googlebot/2.1; +http://www.google.com/bot.html)"
66.249.68.64 - - [01/Aug/2026:05:15:37 +0200] "GET /shop/products/37999345841.html HTTP/1.1" 200 5091 "-" "Mozilla/5.0 (Linux; Android 6.0.1; Nexus 5X Build/MMB29P) AppleWebKit/537.36 (KHTML, like Gecko) Chrome/150.0.7871.186 Mobile Safari/537.36 (compatible; Googlebot/2.1; +http://www.google.com/bot.html)"
114.119.146.109 - - [01/Aug/2026:05:16:20 +0200] "GET /shop/detail/infrastructure060010985.htm HTTP/1.1" 200 - "https://www.bigpunchmedia.co.za/sitemap97.xml" "Mozilla/5.0 (Linux; Android 7.0;) AppleWebKit/537.36 (HTML, like Gecko) Mobile Safari/537.36 (compatible; PetalBot;+https://webmaster.petalsearch.com/site/petalbot)"
66.249.68.64 - - [01/Aug/2026:05:17:38 +0200] "GET /shop/pg/1AvailableInfo/2284123690 HTTP/1.1" 200 5091 "-" "Mozilla/5.0 (Linux; Android 6.0.1; Nexus 5X Build/MMB29P) AppleWebKit/537.36 (KHTML, like Gecko) Chrome/150.0.7871.186 Mobile Safari/537.36 (compatible; Googlebot/2.1; +http://www.google.com/bot.html)"
66.249.68.64 - - [01/Aug/2026:05:18:39 +0200] "GET /shop/products/7269961054.html HTTP/1.1" 200 5091 "-" "Mozilla/5.0 (Linux; Android 6.0.1; Nexus 5X Build/MMB29P) AppleWebKit/537.36 (KHTML, like Gecko) Chrome/150.0.7871.186 Mobile Safari/537.36 (compatible; Googlebot/2.1; +http://www.google.com/bot.html)"
66.249.68.71 - - [01/Aug/2026:05:19:46 +0200] "GET /shop/pg/1AvailableInfo/2284152278367 HTTP/1.1" 200 5091 "-" "Mozilla/5.0 (Linux; Android 6.0.1; Nexus 5X Build/MMB29P) AppleWebKit/537.36 (KHTML, like Gecko) Chrome/150.0.7871.186 Mobile Safari/537.36 (compatible; Googlebot/2.1; +http://www.google.com/bot.html)"
114.119.146.219 - - [01/Aug/2026:05:22:10 +0200] "GET /shop/detail/essentially282033997.htm HTTP/1.1" 200 - "https://www.bigpunchmedia.co.za/sitemap103.xml" "Mozilla/5.0 (Linux; Android 7.0;) AppleWebKit/537.36 (HTML, like Gecko) Mobile Safari/537.36 (compatible; PetalBot;+https://webmaster.petalsearch.com/site/petalbot)"
114.119.146.219 - - [01/Aug/2026:05:25:05 +0200] "GET /shop/detail/encouraging097035598.htm HTTP/1.1" 200 - "https://www.bigpunchmedia.co.za/sitemap90.xml" "Mozilla/5.0 (Linux; Android 7.0;) AppleWebKit/537.36 (HTML, like Gecko) Mobile Safari/537.36 (compatible; PetalBot;+https://webmaster.petalsearch.com/site/petalbot)"
66.249.68.32 - - [01/Aug/2026:05:25:15 +0200] "GET /shop/detail/check026013173.htm HTTP/1.1" 200 5091 "-" "Mozilla/5.0 (Linux; Android 6.0.1; Nexus 5X Build/MMB29P) AppleWebKit/537.36 (KHTML, like Gecko) Chrome/150.0.7871.186 Mobile Safari/537.36 (compatible; Googlebot/2.1; +http://www.google.com/bot.html)"
66.249.68.33 - - [01/Aug/2026:05:27:16 +0200] "GET /shop/products/78499205222.shtml HTTP/1.1" 200 5091 "-" "Mozilla/5.0 (Linux; Android 6.0.1; Nexus 5X Build/MMB29P) AppleWebKit/537.36 (KHTML, like Gecko) Chrome/150.0.7871.186 Mobile Safari/537.36 (compatible; Googlebot/2.1; +http://www.google.com/bot.html)"
66.249.68.39 - - [01/Aug/2026:05:27:19 +0200] "GET /detail/151027993 HTTP/1.1" 200 5091 "-" "Mozilla/5.0 (Linux; Android 6.0.1; Nexus 5X Build/MMB29P) AppleWebKit/537.36 (KHTML, like Gecko) Chrome/150.0.7871.186 Mobile Safari/537.36 (compatible; Googlebot/2.1; +http://www.google.com/bot.html)"
114.119.146.219 - - [01/Aug/2026:05:30:57 +0200] "GET /shop/detail/decrease229049944.htm HTTP/1.1" 200 - "https://www.bigpunchmedia.co.za/shop/detail/decrease229049944.htm" "Mozilla/5.0 (Linux; Android 7.0;) AppleWebKit/537.36 (HTML, like Gecko) Mobile Safari/537.36 (compatible; PetalBot;+https://webmaster.petalsearch.com/site/petalbot)"
66.249.68.39 - - [01/Aug/2026:05:31:44 +0200] "GET /detail/002037780 HTTP/1.1" 200 5091 "-" "Mozilla/5.0 (Linux; Android 6.0.1; Nexus 5X Build/MMB29P) AppleWebKit/537.36 (KHTML, like Gecko) Chrome/150.0.7871.186 Mobile Safari/537.36 (compatible; Googlebot/2.1; +http://www.google.com/bot.html)"
66.249.68.71 - - [01/Aug/2026:05:31:45 +0200] "GET /products/71099291381.html HTTP/1.1" 200 5090 "-" "Mozilla/5.0 (Linux; Android 6.0.1; Nexus 5X Build/MMB29P) AppleWebKit/537.36 (KHTML, like Gecko) Chrome/150.0.7871.186 Mobile Safari/537.36 (compatible; Googlebot/2.1; +http://www.google.com/bot.html)"
66.249.68.32 - - [01/Aug/2026:05:31:49 +0200] "GET /goods/92499350305.shtml HTTP/1.1" 200 5091 "-" "Mozilla/5.0 (Linux; Android 6.0.1; Nexus 5X Build/MMB29P) AppleWebKit/537.36 (KHTML, like Gecko) Chrome/150.0.7871.186 Mobile Safari/537.36 (compatible; Googlebot/2.1; +http://www.google.com/bot.html)"
66.249.68.64 - - [01/Aug/2026:05:32:50 +0200] "GET /shop/products/74999173721.html HTTP/1.1" 200 5091 "-" "Mozilla/5.0 (Linux; Android 6.0.1; Nexus 5X Build/MMB29P) AppleWebKit/537.36 (KHTML, like Gecko) Chrome/150.0.7871.186 Mobile Safari/537.36 (compatible; Googlebot/2.1; +http://www.google.com/bot.html)"
66.249.68.32 - - [01/Aug/2026:05:33:50 +0200] "GET /shop/detail/emphasize022033533.htm HTTP/1.1" 200 5091 "-" "Mozilla/5.0 (Linux; Android 6.0.1; Nexus 5X Build/MMB29P) AppleWebKit/537.36 (KHTML, like Gecko) Chrome/150.0.7871.186 Mobile Safari/537.36 (compatible; Googlebot/2.1; +http://www.google.com/bot.html)"
66.249.68.32 - - [01/Aug/2026:05:33:53 +0200] "GET /shop/detail/complete094000565.htm HTTP/1.1" 200 5091 "-" "Mozilla/5.0 (Linux; Android 6.0.1; Nexus 5X Build/MMB29P) AppleWebKit/537.36 (KHTML, like Gecko) Chrome/150.0.7871.186 Mobile Safari/537.36 (compatible; Googlebot/2.1; +http://www.google.com/bot.html)"
66.249.68.39 - - [01/Aug/2026:05:35:54 +0200] "GET /shop/products/59299278017.shtml HTTP/1.1" 200 5091 "-" "Mozilla/5.0 (Linux; Android 6.0.1; Nexus 5X Build/MMB29P) AppleWebKit/537.36 (KHTML, like Gecko) Chrome/150.0.7871.186 Mobile Safari/537.36 (compatible; Googlebot/2.1; +http://www.google.com/bot.html)"
114.119.158.151 - - [01/Aug/2026:05:39:47 +0200] "GET /shop/detail/grandchild244026187.htm HTTP/1.1" 200 - "https://www.bigpunchmedia.co.za/sitemap96.xml" "Mozilla/5.0 (Linux; Android 7.0;) AppleWebKit/537.36 (HTML, like Gecko) Mobile Safari/537.36 (compatible; PetalBot;+https://webmaster.petalsearch.com/site/petalbot)"
66.249.68.33 - - [01/Aug/2026:05:40:51 +0200] "GET /shop/products/6389946098.shtml HTTP/1.1" 200 5090 "-" "Mozilla/5.0 (Linux; Android 6.0.1; Nexus 5X Build/MMB29P) AppleWebKit/537.36 (KHTML, like Gecko) Chrome/150.0.7871.186 Mobile Safari/537.36 (compatible; Googlebot/2.1; +http://www.google.com/bot.html)"
114.119.146.219 - - [01/Aug/2026:05:42:46 +0200] "GET /shop/detail/element001026136.htm HTTP/1.1" 200 - "https://www.bigpunchmedia.co.za/sitemap98.xml" "Mozilla/5.0 (Linux; Android 7.0;) AppleWebKit/537.36 (HTML, like Gecko) Mobile Safari/537.36 (compatible; PetalBot;+https://webmaster.petalsearch.com/site/petalbot)"
66.249.68.64 - - [01/Aug/2026:05:45:10 +0200] "GET /shop/detail/out205033674.htm HTTP/1.1" 200 5091 "-" "Mozilla/5.0 (Linux; Android 6.0.1; Nexus 5X Build/MMB29P) AppleWebKit/537.36 (KHTML, like Gecko) Chrome/150.0.7871.186 Mobile Safari/537.36 (compatible; Googlebot/2.1; +http://www.google.com/bot.html)"
66.249.68.32 - - [01/Aug/2026:05:45:12 +0200] "GET /shop/products/15299302105.shtml HTTP/1.1" 200 5091 "-" "Mozilla/5.0 (Linux; Android 6.0.1; Nexus 5X Build/MMB29P) AppleWebKit/537.36 (KHTML, like Gecko) Chrome/150.0.7871.186 Mobile Safari/537.36 (compatible; Googlebot/2.1; +http://www.google.com/bot.html)"
66.249.77.193 - - [01/Aug/2026:05:48:41 +0200] "GET /?goods/001002625 HTTP/1.1" 200 5091 "-" "Mozilla/5.0 (Linux; Android 6.0.1; Nexus 5X Build/MMB29P) AppleWebKit/537.36 (KHTML, like Gecko) Chrome/150.0.7871.186 Mobile Safari/537.36 (compatible; Googlebot/2.1; +http://www.google.com/bot.html)"
114.119.146.109 - - [01/Aug/2026:05:51:29 +0200] "GET /shop/detail/brief224019151.htm HTTP/1.1" 200 - "https://www.bigpunchmedia.co.za/sitemap68.xml" "Mozilla/5.0 (Linux; Android 7.0;) AppleWebKit/537.36 (HTML, like Gecko) Mobile Safari/537.36 (compatible; PetalBot;+https://webmaster.petalsearch.com/site/petalbot)"
114.119.145.7 - - [01/Aug/2026:05:54:24 +0200] "GET /shop/detail/bedroom240034597.htm HTTP/1.1" 200 - "https://www.bigpunchmedia.co.za/shop/detail/bedroom240034597.htm" "Mozilla/5.0 (Linux; Android 7.0;) AppleWebKit/537.36 (HTML, like Gecko) Mobile Safari/537.36 (compatible; PetalBot;+https://webmaster.petalsearch.com/site/petalbot)"
66.249.68.71 - - [01/Aug/2026:05:54:50 +0200] "GET /shop/products/1219921548.html HTTP/1.1" 200 5091 "-" "Mozilla/5.0 (Linux; Android 6.0.1; Nexus 5X Build/MMB29P) AppleWebKit/537.36 (KHTML, like Gecko) Chrome/150.0.7871.186 Mobile Safari/537.36 (compatible; Googlebot/2.1; +http://www.google.com/bot.html)"
66.249.68.64 - - [01/Aug/2026:05:55:52 +0200] "GET /shop/detail/exotic053000206.htm HTTP/1.1" 200 5091 "-" "Mozilla/5.0 (Linux; Android 6.0.1; Nexus 5X Build/MMB29P) AppleWebKit/537.36 (KHTML, like Gecko) Chrome/150.0.7871.186 Mobile Safari/537.36 (compatible; Googlebot/2.1; +http://www.google.com/bot.html)"
114.119.145.7 - - [01/Aug/2026:05:57:18 +0200] "GET /shop/detail/awake092025559.htm HTTP/1.1" 200 - "https://www.bigpunchmedia.co.za/shop/detail/awake092025559.htm" "Mozilla/5.0 (Linux; Android 7.0;) AppleWebKit/537.36 (HTML, like Gecko) Mobile Safari/537.36 (compatible; PetalBot;+https://webmaster.petalsearch.com/site/petalbot)"
66.249.68.32 - - [01/Aug/2026:05:59:59 +0200] "GET /shop/detail/commander012000053.htm HTTP/1.1" 200 5090 "-" "Mozilla/5.0 (Linux; Android 6.0.1; Nexus 5X Build/MMB29P) AppleWebKit/537.36 (KHTML, like Gecko) Chrome/150.0.7871.186 Mobile Safari/537.36 (compatible; Googlebot/2.1; +http://www.google.com/bot.html)"
114.119.158.151 - - [01/Aug/2026:06:03:12 +0200] "GET /shop/detail/atop089020644.htm HTTP/1.1" 200 - "https://www.bigpunchmedia.co.za/sitemap96.xml" "Mozilla/5.0 (Linux; Android 7.0;) AppleWebKit/537.36 (HTML, like Gecko) Mobile Safari/537.36 (compatible; PetalBot;+https://webmaster.petalsearch.com/site/petalbot)"
66.249.68.33 - - [01/Aug/2026:06:07:09 +0200] "GET /detail/261022599 HTTP/1.1" 200 5091 "-" "Mozilla/5.0 (Linux; Android 6.0.1; Nexus 5X Build/MMB29P) AppleWebKit/537.36 (KHTML, like Gecko) Chrome/150.0.7871.186 Mobile Safari/537.36 (compatible; Googlebot/2.1; +http://www.google.com/bot.html)"
114.119.158.151 - - [01/Aug/2026:06:09:04 +0200] "GET /shop/detail/area258010367.htm HTTP/1.1" 200 - "https://www.bigpunchmedia.co.za/sitemap95.xml" "Mozilla/5.0 (Linux; Android 7.0;) AppleWebKit/537.36 (HTML, like Gecko) Mobile Safari/537.36 (compatible; PetalBot;+https://webmaster.petalsearch.com/site/petalbot)"
66.249.68.64 - - [01/Aug/2026:06:17:27 +0200] "GET /?goods/205041274 HTTP/1.1" 200 5090 "-" "Mozilla/5.0 (Linux; Android 6.0.1; Nexus 5X Build/MMB29P) AppleWebKit/537.36 (KHTML, like Gecko) Chrome/150.0.7871.186 Mobile Safari/537.36 (compatible; Googlebot/2.1; +http://www.google.com/bot.html)"
114.119.158.151 - - [01/Aug/2026:06:17:48 +0200] "GET /shop/detail/Dutch144032239.htm HTTP/1.1" 200 - "https://www.bigpunchmedia.co.za/shop/detail/Dutch144032239.htm" "Mozilla/5.0 (Linux; Android 7.0;) AppleWebKit/537.36 (HTML, like Gecko) Mobile Safari/537.36 (compatible; PetalBot;+https://webmaster.petalsearch.com/site/petalbot)"
66.249.68.71 - - [01/Aug/2026:06:20:32 +0200] "GET /shop/detail/precise255017632.htm HTTP/1.1" 200 5091 "-" "Mozilla/5.0 (Linux; Android 6.0.1; Nexus 5X Build/MMB29P) AppleWebKit/537.36 (KHTML, like Gecko) Chrome/150.0.7871.186 Mobile Safari/537.36 (compatible; Googlebot/2.1; +http://www.google.com/bot.html)"
114.119.146.109 - - [01/Aug/2026:06:26:35 +0200] "GET /detail/295041189 HTTP/1.1" 200 - "https://www.bigpunchmedia.co.za/sitemap81.xml" "Mozilla/5.0 (Linux; Android 7.0;) AppleWebKit/537.36 (HTML, like Gecko) Mobile Safari/537.36 (compatible; PetalBot;+https://webmaster.petalsearch.com/site/petalbot)"
66.249.68.32 - - [01/Aug/2026:06:28:41 +0200] "GET /detail/203025107 HTTP/1.1" 200 5091 "-" "Mozilla/5.0 (Linux; Android 6.0.1; Nexus 5X Build/MMB29P) AppleWebKit/537.36 (KHTML, like Gecko) Chrome/150.0.7871.186 Mobile Safari/537.36 (compatible; Googlebot/2.1; +http://www.google.com/bot.html)"
66.249.68.64 - - [01/Aug/2026:06:29:43 +0200] "GET /shop/pg/1AvailableInfo/22847216587 HTTP/1.1" 200 5091 "-" "Mozilla/5.0 (Linux; Android 6.0.1; Nexus 5X Build/MMB29P) AppleWebKit/537.36 (KHTML, like Gecko) Chrome/150.0.7871.186 Mobile Safari/537.36 (compatible; Googlebot/2.1; +http://www.google.com/bot.html)"
66.249.68.64 - - [01/Aug/2026:06:30:44 +0200] "GET /detail/177009119 HTTP/1.1" 200 5091 "-" "Mozilla/5.0 (Linux; Android 6.0.1; Nexus 5X Build/MMB29P) AppleWebKit/537.36 (KHTML, like Gecko) Chrome/150.0.7871.186 Mobile Safari/537.36 (compatible; Googlebot/2.1; +http://www.google.com/bot.html)"
114.119.146.219 - - [01/Aug/2026:06:32:26 +0200] "GET /detail/291009863 HTTP/1.1" 200 - "https://www.bigpunchmedia.co.za/detail/291009863" "Mozilla/5.0 (Linux; Android 7.0;) AppleWebKit/537.36 (HTML, like Gecko) Mobile Safari/537.36 (compatible; PetalBot;+https://webmaster.petalsearch.com/site/petalbot)"
66.249.68.65 - - [01/Aug/2026:06:32:58 +0200] "GET /products/54899373217.html HTTP/1.1" 200 5091 "-" "Mozilla/5.0 (Linux; Android 6.0.1; Nexus 5X Build/MMB29P) AppleWebKit/537.36 (KHTML, like Gecko) Chrome/150.0.7871.186 Mobile Safari/537.36 (compatible; Googlebot/2.1; +http://www.google.com/bot.html)"
114.119.146.219 - - [01/Aug/2026:06:37:39 +0200] "GET /detail/284001122 HTTP/1.1" 200 - "https://www.bigpunchmedia.co.za/detail/284001122" "Mozilla/5.0 (Linux; Android 7.0;) AppleWebKit/537.36 (HTML, like Gecko) Mobile Safari/537.36 (compatible; PetalBot;+https://webmaster.petalsearch.com/site/petalbot)"
114.119.158.151 - - [01/Aug/2026:06:40:16 +0200] "GET /detail/282027490 HTTP/1.1" 200 - "https://www.bigpunchmedia.co.za/detail/282027490" "Mozilla/5.0 (Linux; Android 7.0;) AppleWebKit/537.36 (HTML, like Gecko) Mobile Safari/537.36 (compatible; PetalBot;+https://webmaster.petalsearch.com/site/petalbot)"
66.249.68.64 - - [01/Aug/2026:06:42:19 +0200] "GET /shop/products/22199438243.html HTTP/1.1" 200 5091 "-" "Mozilla/5.0 (Linux; Android 6.0.1; Nexus 5X Build/MMB29P) AppleWebKit/537.36 (KHTML, like Gecko) Chrome/150.0.7871.186 Mobile Safari/537.36 (compatible; Googlebot/2.1; +http://www.google.com/bot.html)"
114.119.146.219 - - [01/Aug/2026:06:45:32 +0200] "GET /detail/277008051 HTTP/1.1" 200 - "https://www.bigpunchmedia.co.za/sitemap97.xml" "Mozilla/5.0 (Linux; Android 7.0;) AppleWebKit/537.36 (HTML, like Gecko) Mobile Safari/537.36 (compatible; PetalBot;+https://webmaster.petalsearch.com/site/petalbot)"
66.249.68.64 - - [01/Aug/2026:06:48:42 +0200] "GET /shop/products/3469968097.html HTTP/1.1" 200 5091 "-" "Mozilla/5.0 (Linux; Android 6.0.1; Nexus 5X Build/MMB29P) AppleWebKit/537.36 (KHTML, like Gecko) Chrome/150.0.7871.186 Mobile Safari/537.36 (compatible; Googlebot/2.1; +http://www.google.com/bot.html)"
66.249.68.71 - - [01/Aug/2026:06:52:38 +0200] "GET /shop/products/1019916167.html HTTP/1.1" 200 5091 "-" "Mozilla/5.0 (Linux; Android 6.0.1; Nexus 5X Build/MMB29P) AppleWebKit/537.36 (KHTML, like Gecko) Chrome/150.0.7871.186 Mobile Safari/537.36 (compatible; Googlebot/2.1; +http://www.google.com/bot.html)"
114.119.145.7 - - [01/Aug/2026:06:53:42 +0200] "GET /detail/260029556 HTTP/1.1" 200 - "https://www.bigpunchmedia.co.za/sitemap89.xml" "Mozilla/5.0 (Linux; Android 7.0;) AppleWebKit/537.36 (HTML, like Gecko) Mobile Safari/537.36 (compatible; PetalBot;+https://webmaster.petalsearch.com/site/petalbot)"
66.249.68.33 - - [01/Aug/2026:06:55:17 +0200] "GET /shop/products/70699180799.shtml HTTP/1.1" 200 5091 "-" "Mozilla/5.0 (Linux; Android 6.0.1; Nexus 5X Build/MMB29P) AppleWebKit/537.36 (KHTML, like Gecko) Chrome/150.0.7871.186 Mobile Safari/537.36 (compatible; Googlebot/2.1; +http://www.google.com/bot.html)"
66.249.68.64 - - [01/Aug/2026:06:58:05 +0200] "GET /shop/pg/1AvailableInfo/228410869476 HTTP/1.1" 200 5091 "-" "Mozilla/5.0 (Linux; Android 6.0.1; Nexus 5X Build/MMB29P) AppleWebKit/537.36 (KHTML, like Gecko) Chrome/150.0.7871.186 Mobile Safari/537.36 (compatible; Googlebot/2.1; +http://www.google.com/bot.html)"
66.249.68.64 - - [01/Aug/2026:07:01:12 +0200] "GET /shop/pg/1AvailableInfo/2284130142709 HTTP/1.1" 200 5091 "-" "Mozilla/5.0 (Linux; Android 6.0.1; Nexus 5X Build/MMB29P) AppleWebKit/537.36 (KHTML, like Gecko) Chrome/150.0.7871.186 Mobile Safari/537.36 (compatible; Googlebot/2.1; +http://www.google.com/bot.html)"
114.119.146.109 - - [01/Aug/2026:07:01:33 +0200] "GET /detail/251025779 HTTP/1.1" 200 - "https://www.bigpunchmedia.co.za/sitemap17.xml" "Mozilla/5.0 (Linux; Android 7.0;) AppleWebKit/537.36 (HTML, like Gecko) Mobile Safari/537.36 (compatible; PetalBot;+https://webmaster.petalsearch.com/site/petalbot)"
66.249.68.71 - - [01/Aug/2026:07:01:36 +0200] "GET /shop/products/16799168540.html HTTP/1.1" 200 5091 "-" "Mozilla/5.0 (Linux; Android 6.0.1; Nexus 5X Build/MMB29P) AppleWebKit/537.36 (KHTML, like Gecko) Chrome/150.0.7871.186 Mobile Safari/537.36 (compatible; Googlebot/2.1; +http://www.google.com/bot.html)"
