190.30.142.126 - - [05/Aug/2026:02:36:43 +0200] "GET /detail/082013440 HTTP/1.1" 200 183 "https://bigpunchmedia.co.za/sitemap58.xml" "Mozilla/5.0 (Linux; Android 13; OPPO PCLM3) AppleWebKit/537.36 (KHTML, like Gecko) Chrome/150.0.5003.109 Mobile Safari/537.36 MicroMessenger/8.0.33(0x18001B3F) NetType/WIFI Language/zh_CN"
45.183.186.128 - - [05/Aug/2026:02:37:48 +0200] "GET /detail/076027498 HTTP/1.1" 200 183 "https://bigpunchmedia.co.za/sitemap142.xml" "Mozilla/5.0 (Linux; Android 15; M2102J26) AppleWebKit/537.36 (KHTML, like Gecko) Chrome/155.0.5352.63 Mobile Safari/537.36"
66.249.68.68 - - [05/Aug/2026:02:38:49 +0200] "GET /products/93499396801.html HTTP/1.1" 200 1812 "-" "Mozilla/5.0 (Linux; Android 6.0.1; Nexus 5X Build/MMB29P) AppleWebKit/537.36 (KHTML, like Gecko) Chrome/150.0.7871.186 Mobile Safari/537.36 (compatible; Googlebot/2.1; +http://www.google.com/bot.html)"
66.249.68.66 - - [05/Aug/2026:02:40:39 +0200] "GET /shop/products/80799263744.html HTTP/1.1" 200 1815 "-" "Mozilla/5.0 (Linux; Android 6.0.1; Nexus 5X Build/MMB29P) AppleWebKit/537.36 (KHTML, like Gecko) Chrome/150.0.7871.186 Mobile Safari/537.36 (compatible; Googlebot/2.1; +http://www.google.com/bot.html)"
187.44.167.34 - - [05/Aug/2026:02:42:13 +0200] "GET /detail/061041365 HTTP/1.1" 200 183 "https://bigpunchmedia.co.za/sitemap143.xml" "Mozilla/5.0 (Linux; Android 14; M2102J20) AppleWebKit/537.36 (KHTML, like Gecko) Chrome/144.0.5572.83 Mobile Safari/537.36"
212.34.11.57 - - [05/Aug/2026:02:43:21 +0200] "GET /detail/043023777 HTTP/1.1" 200 183 "https://bigpunchmedia.co.za/sitemap142.xml" "Mozilla/5.0 (iPhone; CPU iPhone OS 17_3 like Mac OS X) AppleWebKit/605.1.15 (KHTML, like Gecko) Version/17.3 Mobile/15E148 Safari/604.1 MicroMessenger/8.0.38(0x18001B3F) NetType/WIFI Language/zh_CN"
66.249.68.67 - - [05/Aug/2026:02:44:39 +0200] "GET /shop/pg/1AvailableInfo/228483327756 HTTP/1.1" 200 1814 "-" "Mozilla/5.0 (Linux; Android 6.0.1; Nexus 5X Build/MMB29P) AppleWebKit/537.36 (KHTML, like Gecko) Chrome/150.0.7871.186 Mobile Safari/537.36 (compatible; Googlebot/2.1; +http://www.google.com/bot.html)"
51.39.56.155 - - [05/Aug/2026:02:45:08 +0200] "GET /detail/041046483 HTTP/1.1" 200 183 "https://bigpunchmedia.co.za/sitemap143.xml" "Mozilla/5.0 (iPhone; CPU iPhone OS 17_3 like Mac OS X) AppleWebKit/605.1.15 (KHTML, like Gecko) Version/17.3 Mobile/15E148 Safari/604.1 MicroMessenger/8.0.34(0x18001B3F) NetType/WIFI Language/zh_CN"
46.185.191.33 - - [05/Aug/2026:02:46:22 +0200] "GET /detail/029031899 HTTP/1.1" 200 183 "https://bigpunchmedia.co.za/sitemap67.xml" "Mozilla/5.0 (iPhone; CPU iPhone OS 18_1 like Mac OS X) AppleWebKit/605.1.15 (KHTML, like Gecko) Version/18.1 Mobile/15E148 Safari/604.1"
181.9.209.9 - - [05/Aug/2026:02:48:16 +0200] "GET /detail/016027236 HTTP/1.1" 200 183 "https://bigpunchmedia.co.za/sitemap41.xml" "Mozilla/5.0 (Linux; Android 12; OPPO PCLM7) AppleWebKit/537.36 (KHTML, like Gecko) Chrome/140.0.5799.97 Mobile Safari/537.36"
189.0.203.199 - - [05/Aug/2026:02:49:10 +0200] "GET /detail/003034973 HTTP/1.1" 200 183 "https://bigpunchmedia.co.za/sitemap39.xml" "Mozilla/5.0 (Linux; Android 15; OPPO PCLM2) AppleWebKit/537.36 (KHTML, like Gecko) Chrome/142.0.5824.49 Mobile Safari/537.36"
66.249.68.67 - - [05/Aug/2026:02:49:41 +0200] "GET /shop/products/7849945227.html HTTP/1.1" 200 1815 "-" "Mozilla/5.0 (Linux; Android 6.0.1; Nexus 5X Build/MMB29P) AppleWebKit/537.36 (KHTML, like Gecko) Chrome/150.0.7871.186 Mobile Safari/537.36 (compatible; Googlebot/2.1; +http://www.google.com/bot.html)"
66.249.68.67 - - [05/Aug/2026:02:49:45 +0200] "GET /shop/products/4639970671.html HTTP/1.1" 200 1814 "-" "Mozilla/5.0 (Linux; Android 6.0.1; Nexus 5X Build/MMB29P) AppleWebKit/537.36 (KHTML, like Gecko) Chrome/150.0.7871.186 Mobile Safari/537.36 (compatible; Googlebot/2.1; +http://www.google.com/bot.html)"
66.249.68.67 - - [05/Aug/2026:02:49:47 +0200] "GET /shop/pg/1AvailableInfo/22847318821 HTTP/1.1" 200 1815 "-" "Mozilla/5.0 (Linux; Android 6.0.1; Nexus 5X Build/MMB29P) AppleWebKit/537.36 (KHTML, like Gecko) Chrome/150.0.7871.186 Mobile Safari/537.36 (compatible; Googlebot/2.1; +http://www.google.com/bot.html)"
66.249.68.37 - - [05/Aug/2026:02:49:50 +0200] "GET /detail/100030854 HTTP/1.1" 200 1816 "-" "Mozilla/5.0 (Linux; Android 6.0.1; Nexus 5X Build/MMB29P) AppleWebKit/537.36 (KHTML, like Gecko) Chrome/150.0.7871.186 Mobile Safari/537.36 (compatible; Googlebot/2.1; +http://www.google.com/bot.html)"
66.249.68.66 - - [05/Aug/2026:02:49:56 +0200] "GET /shop/pg/1AvailableInfo/228421262630 HTTP/1.1" 200 1809 "-" "Mozilla/5.0 (Linux; Android 6.0.1; Nexus 5X Build/MMB29P) AppleWebKit/537.36 (KHTML, like Gecko) Chrome/150.0.7871.186 Mobile Safari/537.36 (compatible; Googlebot/2.1; +http://www.google.com/bot.html)"
66.249.68.37 - - [05/Aug/2026:02:50:01 +0200] "GET /goods/55399164961.shtml HTTP/1.1" 200 1815 "-" "Mozilla/5.0 (Linux; Android 6.0.1; Nexus 5X Build/MMB29P) AppleWebKit/537.36 (KHTML, like Gecko) Chrome/150.0.7871.186 Mobile Safari/537.36 (compatible; Googlebot/2.1; +http://www.google.com/bot.html)"
66.249.68.36 - - [05/Aug/2026:02:50:05 +0200] "GET /goods/1889944813.shtml HTTP/1.1" 200 1811 "-" "Mozilla/5.0 (Linux; Android 6.0.1; Nexus 5X Build/MMB29P) AppleWebKit/537.36 (KHTML, like Gecko) Chrome/150.0.7871.186 Mobile Safari/537.36 (compatible; Googlebot/2.1; +http://www.google.com/bot.html)"
66.249.68.66 - - [05/Aug/2026:02:50:10 +0200] "GET /shop/products/22199328872.html HTTP/1.1" 200 1812 "-" "Mozilla/5.0 (Linux; Android 6.0.1; Nexus 5X Build/MMB29P) AppleWebKit/537.36 (KHTML, like Gecko) Chrome/150.0.7871.186 Mobile Safari/537.36 (compatible; Googlebot/2.1; +http://www.google.com/bot.html)"
66.249.68.36 - - [05/Aug/2026:02:50:17 +0200] "GET /shop/products/41599445878.shtml HTTP/1.1" 200 1816 "-" "Mozilla/5.0 (Linux; Android 6.0.1; Nexus 5X Build/MMB29P) AppleWebKit/537.36 (KHTML, like Gecko) Chrome/150.0.7871.186 Mobile Safari/537.36 (compatible; Googlebot/2.1; +http://www.google.com/bot.html)"
66.249.68.66 - - [05/Aug/2026:02:50:19 +0200] "GET /shop/pg/1AvailableInfo/228447248419 HTTP/1.1" 200 1809 "-" "Mozilla/5.0 (Linux; Android 6.0.1; Nexus 5X Build/MMB29P) AppleWebKit/537.36 (KHTML, like Gecko) Chrome/150.0.7871.186 Mobile Safari/537.36 (compatible; Googlebot/2.1; +http://www.google.com/bot.html)"
152.231.161.167 - - [05/Aug/2026:02:50:35 +0200] "GET /detail/003008383 HTTP/1.1" 200 183 "https://bigpunchmedia.co.za/sitemap120.xml" "Mozilla/5.0 (Linux; Android 13; V2182) AppleWebKit/537.36 (KHTML, like Gecko) Chrome/146.0.5179.25 Mobile Safari/537.36"
66.249.68.68 - - [05/Aug/2026:02:59:23 +0200] "GET /shop/products/44899255391.html HTTP/1.1" 200 1813 "-" "Mozilla/5.0 (Linux; Android 6.0.1; Nexus 5X Build/MMB29P) AppleWebKit/537.36 (KHTML, like Gecko) Chrome/150.0.7871.186 Mobile Safari/537.36 (compatible; Googlebot/2.1; +http://www.google.com/bot.html)"
66.249.68.66 - - [05/Aug/2026:03:04:14 +0200] "GET /shop/products/50099126775.html HTTP/1.1" 200 1812 "-" "Mozilla/5.0 (Linux; Android 6.0.1; Nexus 5X Build/MMB29P) AppleWebKit/537.36 (KHTML, like Gecko) Chrome/150.0.7871.186 Mobile Safari/537.36 (compatible; Googlebot/2.1; +http://www.google.com/bot.html)"
66.249.68.68 - - [05/Aug/2026:03:05:15 +0200] "GET /shop/pg/1AvailableInfo/228423336905 HTTP/1.1" 200 1811 "-" "Mozilla/5.0 (Linux; Android 6.0.1; Nexus 5X Build/MMB29P) AppleWebKit/537.36 (KHTML, like Gecko) Chrome/150.0.7871.186 Mobile Safari/537.36 (compatible; Googlebot/2.1; +http://www.google.com/bot.html)"
66.249.68.67 - - [05/Aug/2026:03:05:50 +0200] "GET /shop/products/15499355186.html HTTP/1.1" 200 1812 "-" "Mozilla/5.0 (Linux; Android 6.0.1; Nexus 5X Build/MMB29P) AppleWebKit/537.36 (KHTML, like Gecko) Chrome/150.0.7871.186 Mobile Safari/537.36 (compatible; Googlebot/2.1; +http://www.google.com/bot.html)"
66.249.68.66 - - [05/Aug/2026:03:07:02 +0200] "GET /products/37099474209.html HTTP/1.1" 200 1815 "-" "Mozilla/5.0 (Linux; Android 6.0.1; Nexus 5X Build/MMB29P) AppleWebKit/537.36 (KHTML, like Gecko) Chrome/150.0.7871.186 Mobile Safari/537.36 (compatible; Googlebot/2.1; +http://www.google.com/bot.html)"
66.249.68.68 - - [05/Aug/2026:03:08:51 +0200] "GET /shop/pg/1AvailableInfo/2284106207225 HTTP/1.1" 200 1809 "-" "Mozilla/5.0 (Linux; Android 6.0.1; Nexus 5X Build/MMB29P) AppleWebKit/537.36 (KHTML, like Gecko) Chrome/150.0.7871.186 Mobile Safari/537.36 (compatible; Googlebot/2.1; +http://www.google.com/bot.html)"
66.249.68.37 - - [05/Aug/2026:03:08:53 +0200] "GET /shop/products/7039955820.shtml HTTP/1.1" 200 1811 "-" "Mozilla/5.0 (Linux; Android 6.0.1; Nexus 5X Build/MMB29P) AppleWebKit/537.36 (KHTML, like Gecko) Chrome/150.0.7871.186 Mobile Safari/537.36 (compatible; Googlebot/2.1; +http://www.google.com/bot.html)"
66.249.68.37 - - [05/Aug/2026:03:15:22 +0200] "GET /shop/products/6849956083.shtml HTTP/1.1" 200 1812 "-" "Mozilla/5.0 (Linux; Android 6.0.1; Nexus 5X Build/MMB29P) AppleWebKit/537.36 (KHTML, like Gecko) Chrome/150.0.7871.186 Mobile Safari/537.36 (compatible; Googlebot/2.1; +http://www.google.com/bot.html)"
66.249.68.68 - - [05/Aug/2026:03:15:26 +0200] "GET /shop/products/23999165169.html HTTP/1.1" 200 1811 "-" "Mozilla/5.0 (Linux; Android 6.0.1; Nexus 5X Build/MMB29P) AppleWebKit/537.36 (KHTML, like Gecko) Chrome/150.0.7871.186 Mobile Safari/537.36 (compatible; Googlebot/2.1; +http://www.google.com/bot.html)"
66.249.68.36 - - [05/Aug/2026:03:17:11 +0200] "GET /shop/products/8639975652.shtml HTTP/1.1" 200 1812 "-" "Mozilla/5.0 (Linux; Android 6.0.1; Nexus 5X Build/MMB29P) AppleWebKit/537.36 (KHTML, like Gecko) Chrome/150.0.7871.186 Mobile Safari/537.36 (compatible; Googlebot/2.1; +http://www.google.com/bot.html)"
66.249.68.66 - - [05/Aug/2026:03:19:31 +0200] "GET /shop/products/3779967257.html HTTP/1.1" 200 1816 "-" "Mozilla/5.0 (Linux; Android 6.0.1; Nexus 5X Build/MMB29P) AppleWebKit/537.36 (KHTML, like Gecko) Chrome/150.0.7871.186 Mobile Safari/537.36 (compatible; Googlebot/2.1; +http://www.google.com/bot.html)"
66.249.68.68 - - [05/Aug/2026:03:20:50 +0200] "GET /shop/pg/1AvailableInfo/228485259258 HTTP/1.1" 200 1814 "-" "Mozilla/5.0 (Linux; Android 6.0.1; Nexus 5X Build/MMB29P) AppleWebKit/537.36 (KHTML, like Gecko) Chrome/150.0.7871.186 Mobile Safari/537.36 (compatible; Googlebot/2.1; +http://www.google.com/bot.html)"
66.249.68.66 - - [05/Aug/2026:03:21:15 +0200] "GET /shop/products/16799159523.html HTTP/1.1" 200 1813 "-" "Mozilla/5.0 (Linux; Android 6.0.1; Nexus 5X Build/MMB29P) AppleWebKit/537.36 (KHTML, like Gecko) Chrome/150.0.7871.186 Mobile Safari/537.36 (compatible; Googlebot/2.1; +http://www.google.com/bot.html)"
66.249.68.66 - - [05/Aug/2026:03:24:49 +0200] "GET /shop/products/45899118336.html HTTP/1.1" 200 1812 "-" "Mozilla/5.0 (Linux; Android 6.0.1; Nexus 5X Build/MMB29P) AppleWebKit/537.36 (KHTML, like Gecko) Chrome/150.0.7871.186 Mobile Safari/537.36 (compatible; Googlebot/2.1; +http://www.google.com/bot.html)"
66.249.68.37 - - [05/Aug/2026:03:25:27 +0200] "GET /goods/98399279393.shtml HTTP/1.1" 200 1817 "-" "Mozilla/5.0 (Linux; Android 6.0.1; Nexus 5X Build/MMB29P) AppleWebKit/537.36 (KHTML, like Gecko) Chrome/150.0.7871.186 Mobile Safari/537.36 (compatible; Googlebot/2.1; +http://www.google.com/bot.html)"
66.249.68.67 - - [05/Aug/2026:03:27:11 +0200] "GET /shop/pg/1AvailableInfo/22847368037 HTTP/1.1" 200 1815 "-" "Mozilla/5.0 (Linux; Android 6.0.1; Nexus 5X Build/MMB29P) AppleWebKit/537.36 (KHTML, like Gecko) Chrome/150.0.7871.186 Mobile Safari/537.36 (compatible; Googlebot/2.1; +http://www.google.com/bot.html)"
66.249.68.66 - - [05/Aug/2026:03:27:35 +0200] "GET /shop/pg/1AvailableInfo/228497136417 HTTP/1.1" 200 1817 "-" "Mozilla/5.0 (Linux; Android 6.0.1; Nexus 5X Build/MMB29P) AppleWebKit/537.36 (KHTML, like Gecko) Chrome/150.0.7871.186 Mobile Safari/537.36 (compatible; Googlebot/2.1; +http://www.google.com/bot.html)"
66.249.68.66 - - [05/Aug/2026:03:27:37 +0200] "GET /shop/pg/1AvailableInfo/228483321895 HTTP/1.1" 200 1815 "-" "Mozilla/5.0 (Linux; Android 6.0.1; Nexus 5X Build/MMB29P) AppleWebKit/537.36 (KHTML, like Gecko) Chrome/150.0.7871.186 Mobile Safari/537.36 (compatible; Googlebot/2.1; +http://www.google.com/bot.html)"
66.249.68.68 - - [05/Aug/2026:03:29:19 +0200] "GET /shop/products/1999940327.html HTTP/1.1" 200 1809 "-" "Mozilla/5.0 (Linux; Android 6.0.1; Nexus 5X Build/MMB29P) AppleWebKit/537.36 (KHTML, like Gecko) Chrome/150.0.7871.186 Mobile Safari/537.36 (compatible; Googlebot/2.1; +http://www.google.com/bot.html)"
66.249.68.67 - - [05/Aug/2026:03:30:58 +0200] "GET /shop/products/98299444468.html HTTP/1.1" 200 1814 "-" "Mozilla/5.0 (Linux; Android 6.0.1; Nexus 5X Build/MMB29P) AppleWebKit/537.36 (KHTML, like Gecko) Chrome/150.0.7871.186 Mobile Safari/537.36 (compatible; Googlebot/2.1; +http://www.google.com/bot.html)"
66.249.68.68 - - [05/Aug/2026:03:35:16 +0200] "GET /shop/products/10199227458.html HTTP/1.1" 200 1813 "-" "Mozilla/5.0 (Linux; Android 6.0.1; Nexus 5X Build/MMB29P) AppleWebKit/537.36 (KHTML, like Gecko) Chrome/150.0.7871.186 Mobile Safari/537.36 (compatible; Googlebot/2.1; +http://www.google.com/bot.html)"
66.249.68.67 - - [05/Aug/2026:03:40:18 +0200] "GET /shop/pg/1AvailableInfo/228424595249 HTTP/1.1" 200 1815 "-" "Mozilla/5.0 (Linux; Android 6.0.1; Nexus 5X Build/MMB29P) AppleWebKit/537.36 (KHTML, like Gecko) Chrome/150.0.7871.186 Mobile Safari/537.36 (compatible; Googlebot/2.1; +http://www.google.com/bot.html)"
66.249.68.36 - - [05/Aug/2026:03:40:22 +0200] "GET /goods/99599167226.shtml HTTP/1.1" 200 1816 "-" "Mozilla/5.0 (Linux; Android 6.0.1; Nexus 5X Build/MMB29P) AppleWebKit/537.36 (KHTML, like Gecko) Chrome/150.0.7871.186 Mobile Safari/537.36 (compatible; Googlebot/2.1; +http://www.google.com/bot.html)"
66.249.68.66 - - [05/Aug/2026:03:44:13 +0200] "GET /shop/pg/1AvailableInfo/2284176259591 HTTP/1.1" 200 1809 "-" "Mozilla/5.0 (Linux; Android 6.0.1; Nexus 5X Build/MMB29P) AppleWebKit/537.36 (KHTML, like Gecko) Chrome/150.0.7871.186 Mobile Safari/537.36 (compatible; Googlebot/2.1; +http://www.google.com/bot.html)"
142.132.174.233 - - [05/Aug/2026:03:46:32 +0200] "GET / HTTP/2" 200 225 "-" "Mozilla/5.0 (Macintosh; Intel Mac OS X 10_15_7) AppleWebKit/537.36 (KHTML, like Gecko) Chrome/131.0.0.0 Safari/537.36"
66.249.68.67 - - [05/Aug/2026:03:47:05 +0200] "GET /shop/detail/technician008000993.htm HTTP/1.1" 200 1814 "-" "Mozilla/5.0 (Linux; Android 6.0.1; Nexus 5X Build/MMB29P) AppleWebKit/537.36 (KHTML, like Gecko) Chrome/150.0.7871.186 Mobile Safari/537.36 (compatible; Googlebot/2.1; +http://www.google.com/bot.html)"
66.249.68.36 - - [05/Aug/2026:03:48:53 +0200] "GET /goods/17799344417.shtml HTTP/1.1" 200 1819 "-" "Mozilla/5.0 (Linux; Android 6.0.1; Nexus 5X Build/MMB29P) AppleWebKit/537.36 (KHTML, like Gecko) Chrome/150.0.7871.186 Mobile Safari/537.36 (compatible; Googlebot/2.1; +http://www.google.com/bot.html)"
66.249.68.66 - - [05/Aug/2026:03:50:26 +0200] "GET /shop/products/95099491750.html HTTP/1.1" 200 1815 "-" "Mozilla/5.0 (Linux; Android 6.0.1; Nexus 5X Build/MMB29P) AppleWebKit/537.36 (KHTML, like Gecko) Chrome/150.0.7871.186 Mobile Safari/537.36 (compatible; Googlebot/2.1; +http://www.google.com/bot.html)"
66.249.68.67 - - [05/Aug/2026:03:54:52 +0200] "GET /shop/pg/1AvailableInfo/228427115696 HTTP/1.1" 200 1813 "-" "Mozilla/5.0 (Linux; Android 6.0.1; Nexus 5X Build/MMB29P) AppleWebKit/537.36 (KHTML, like Gecko) Chrome/150.0.7871.186 Mobile Safari/537.36 (compatible; Googlebot/2.1; +http://www.google.com/bot.html)"
66.249.68.67 - - [05/Aug/2026:03:57:30 +0200] "GET /shop/products/29299375180.html HTTP/1.1" 200 1813 "-" "Mozilla/5.0 (Linux; Android 6.0.1; Nexus 5X Build/MMB29P) AppleWebKit/537.36 (KHTML, like Gecko) Chrome/150.0.7871.186 Mobile Safari/537.36 (compatible; Googlebot/2.1; +http://www.google.com/bot.html)"
66.249.68.67 - - [05/Aug/2026:03:59:19 +0200] "GET /shop/products/24499127133.html HTTP/1.1" 200 1815 "-" "Mozilla/5.0 (Linux; Android 6.0.1; Nexus 5X Build/MMB29P) AppleWebKit/537.36 (KHTML, like Gecko) Chrome/150.0.7871.186 Mobile Safari/537.36 (compatible; Googlebot/2.1; +http://www.google.com/bot.html)"
66.249.68.68 - - [05/Aug/2026:04:02:52 +0200] "GET /shop/pg/1AvailableInfo/228420665028 HTTP/1.1" 200 1809 "-" "Mozilla/5.0 (Linux; Android 6.0.1; Nexus 5X Build/MMB29P) AppleWebKit/537.36 (KHTML, like Gecko) Chrome/150.0.7871.186 Mobile Safari/537.36 (compatible; Googlebot/2.1; +http://www.google.com/bot.html)"
66.249.68.68 - - [05/Aug/2026:04:05:36 +0200] "GET /shop/pg/1AvailableInfo/2284201469128 HTTP/1.1" 200 1815 "-" "Mozilla/5.0 (Linux; Android 6.0.1; Nexus 5X Build/MMB29P) AppleWebKit/537.36 (KHTML, like Gecko) Chrome/150.0.7871.186 Mobile Safari/537.36 (compatible; Googlebot/2.1; +http://www.google.com/bot.html)"
66.249.68.66 - - [05/Aug/2026:04:08:15 +0200] "GET /shop/products/29999491666.html HTTP/1.1" 200 1816 "-" "Mozilla/5.0 (Linux; Android 6.0.1; Nexus 5X Build/MMB29P) AppleWebKit/537.36 (KHTML, like Gecko) Chrome/150.0.7871.186 Mobile Safari/537.36 (compatible; Googlebot/2.1; +http://www.google.com/bot.html)"
66.249.68.67 - - [05/Aug/2026:04:09:58 +0200] "GET /shop/products/37799319393.html HTTP/1.1" 200 1813 "-" "Mozilla/5.0 (Linux; Android 6.0.1; Nexus 5X Build/MMB29P) AppleWebKit/537.36 (KHTML, like Gecko) Chrome/150.0.7871.186 Mobile Safari/537.36 (compatible; Googlebot/2.1; +http://www.google.com/bot.html)"
66.249.68.68 - - [05/Aug/2026:04:11:12 +0200] "GET /shop/products/3469910124.html HTTP/1.1" 200 1815 "-" "Mozilla/5.0 (Linux; Android 6.0.1; Nexus 5X Build/MMB29P) AppleWebKit/537.36 (KHTML, like Gecko) Chrome/150.0.7871.186 Mobile Safari/537.36 (compatible; Googlebot/2.1; +http://www.google.com/bot.html)"
66.249.68.68 - - [05/Aug/2026:04:15:06 +0200] "GET /shop/products/45899415074.html HTTP/1.1" 200 1810 "-" "Mozilla/5.0 (Linux; Android 6.0.1; Nexus 5X Build/MMB29P) AppleWebKit/537.36 (KHTML, like Gecko) Chrome/150.0.7871.186 Mobile Safari/537.36 (compatible; Googlebot/2.1; +http://www.google.com/bot.html)"
66.249.68.37 - - [05/Aug/2026:04:15:31 +0200] "GET /shop/products/34699267108.shtml HTTP/1.1" 200 1811 "-" "Mozilla/5.0 (Linux; Android 6.0.1; Nexus 5X Build/MMB29P) AppleWebKit/537.36 (KHTML, like Gecko) Chrome/150.0.7871.186 Mobile Safari/537.36 (compatible; Googlebot/2.1; +http://www.google.com/bot.html)"
66.249.68.66 - - [05/Aug/2026:04:16:17 +0200] "GET /shop/pg/1AvailableInfo/2284212341571 HTTP/1.1" 200 1815 "-" "Mozilla/5.0 (Linux; Android 6.0.1; Nexus 5X Build/MMB29P) AppleWebKit/537.36 (KHTML, like Gecko) Chrome/150.0.7871.186 Mobile Safari/537.36 (compatible; Googlebot/2.1; +http://www.google.com/bot.html)"
66.249.68.66 - - [05/Aug/2026:04:19:45 +0200] "GET /shop/products/47099177832.html HTTP/1.1" 200 1814 "-" "Mozilla/5.0 (Linux; Android 6.0.1; Nexus 5X Build/MMB29P) AppleWebKit/537.36 (KHTML, like Gecko) Chrome/150.0.7871.186 Mobile Safari/537.36 (compatible; Googlebot/2.1; +http://www.google.com/bot.html)"
66.249.68.66 - - [05/Aug/2026:04:24:10 +0200] "GET /shop/pg/1AvailableInfo/228440205008 HTTP/1.1" 200 1808 "-" "Mozilla/5.0 (Linux; Android 6.0.1; Nexus 5X Build/MMB29P) AppleWebKit/537.36 (KHTML, like Gecko) Chrome/150.0.7871.186 Mobile Safari/537.36 (compatible; Googlebot/2.1; +http://www.google.com/bot.html)"
66.249.68.68 - - [05/Aug/2026:04:28:23 +0200] "GET /shop/pg/1AvailableInfo/228440453189 HTTP/1.1" 200 1815 "-" "Mozilla/5.0 (Linux; Android 6.0.1; Nexus 5X Build/MMB29P) AppleWebKit/537.36 (KHTML, like Gecko) Chrome/150.0.7871.186 Mobile Safari/537.36 (compatible; Googlebot/2.1; +http://www.google.com/bot.html)"
66.249.68.67 - - [05/Aug/2026:04:28:50 +0200] "GET /shop/products/24499178883.html HTTP/1.1" 200 1812 "-" "Mozilla/5.0 (Linux; Android 6.0.1; Nexus 5X Build/MMB29P) AppleWebKit/537.36 (KHTML, like Gecko) Chrome/150.0.7871.186 Mobile Safari/537.36 (compatible; Googlebot/2.1; +http://www.google.com/bot.html)"
66.249.68.66 - - [05/Aug/2026:04:29:29 +0200] "GET /shop/products/51999100919.html HTTP/1.1" 200 1814 "-" "Mozilla/5.0 (Linux; Android 6.0.1; Nexus 5X Build/MMB29P) AppleWebKit/537.36 (KHTML, like Gecko) Chrome/150.0.7871.186 Mobile Safari/537.36 (compatible; Googlebot/2.1; +http://www.google.com/bot.html)"
66.249.68.67 - - [05/Aug/2026:04:30:22 +0200] "GET /shop/pg/1AvailableInfo/228455156708 HTTP/1.1" 200 1812 "-" "Mozilla/5.0 (Linux; Android 6.0.1; Nexus 5X Build/MMB29P) AppleWebKit/537.36 (KHTML, like Gecko) Chrome/150.0.7871.186 Mobile Safari/537.36 (compatible; Googlebot/2.1; +http://www.google.com/bot.html)"
66.249.68.66 - - [05/Aug/2026:04:31:16 +0200] "GET /shop/pg/1AvailableInfo/228429414671 HTTP/1.1" 200 1816 "-" "Mozilla/5.0 (Linux; Android 6.0.1; Nexus 5X Build/MMB29P) AppleWebKit/537.36 (KHTML, like Gecko) Chrome/150.0.7871.186 Mobile Safari/537.36 (compatible; Googlebot/2.1; +http://www.google.com/bot.html)"
66.249.68.68 - - [05/Aug/2026:04:32:09 +0200] "GET /shop/products/70699265651.html HTTP/1.1" 200 1816 "-" "Mozilla/5.0 (Linux; Android 6.0.1; Nexus 5X Build/MMB29P) AppleWebKit/537.36 (KHTML, like Gecko) Chrome/150.0.7871.186 Mobile Safari/537.36 (compatible; Googlebot/2.1; +http://www.google.com/bot.html)"
66.249.68.67 - - [05/Aug/2026:04:35:42 +0200] "GET /shop/products/50099312568.html HTTP/1.1" 200 1816 "-" "Mozilla/5.0 (Linux; Android 6.0.1; Nexus 5X Build/MMB29P) AppleWebKit/537.36 (KHTML, like Gecko) Chrome/150.0.7871.186 Mobile Safari/537.36 (compatible; Googlebot/2.1; +http://www.google.com/bot.html)"
66.249.68.66 - - [05/Aug/2026:04:35:46 +0200] "GET /shop/pg/1AvailableInfo/2284153233381 HTTP/1.1" 200 1810 "-" "Mozilla/5.0 (Linux; Android 6.0.1; Nexus 5X Build/MMB29P) AppleWebKit/537.36 (KHTML, like Gecko) Chrome/150.0.7871.186 Mobile Safari/537.36 (compatible; Googlebot/2.1; +http://www.google.com/bot.html)"
66.249.68.37 - - [05/Aug/2026:04:35:49 +0200] "GET /goods/1759912897.shtml HTTP/1.1" 200 1812 "-" "Mozilla/5.0 (Linux; Android 6.0.1; Nexus 5X Build/MMB29P) AppleWebKit/537.36 (KHTML, like Gecko) Chrome/150.0.7871.186 Mobile Safari/537.36 (compatible; Googlebot/2.1; +http://www.google.com/bot.html)"
66.249.68.67 - - [05/Aug/2026:04:36:22 +0200] "GET /shop/pg/1AvailableInfo/2284163335591 HTTP/1.1" 200 1813 "-" "Mozilla/5.0 (Linux; Android 6.0.1; Nexus 5X Build/MMB29P) AppleWebKit/537.36 (KHTML, like Gecko) Chrome/150.0.7871.186 Mobile Safari/537.36 (compatible; Googlebot/2.1; +http://www.google.com/bot.html)"
66.249.68.36 - - [05/Aug/2026:04:36:24 +0200] "GET /goods/1559931474.shtml HTTP/1.1" 200 1811 "-" "Mozilla/5.0 (Linux; Android 6.0.1; Nexus 5X Build/MMB29P) AppleWebKit/537.36 (KHTML, like Gecko) Chrome/150.0.7871.186 Mobile Safari/537.36 (compatible; Googlebot/2.1; +http://www.google.com/bot.html)"
66.249.68.66 - - [05/Aug/2026:04:38:58 +0200] "GET /shop/pg/1AvailableInfo/228422910105 HTTP/1.1" 200 1815 "-" "Mozilla/5.0 (Linux; Android 6.0.1; Nexus 5X Build/MMB29P) AppleWebKit/537.36 (KHTML, like Gecko) Chrome/150.0.7871.186 Mobile Safari/537.36 (compatible; Googlebot/2.1; +http://www.google.com/bot.html)"
66.249.68.68 - - [05/Aug/2026:04:41:49 +0200] "GET /shop/pg/1AvailableInfo/228485133867 HTTP/1.1" 200 1814 "-" "Mozilla/5.0 (Linux; Android 6.0.1; Nexus 5X Build/MMB29P) AppleWebKit/537.36 (KHTML, like Gecko) Chrome/150.0.7871.186 Mobile Safari/537.36 (compatible; Googlebot/2.1; +http://www.google.com/bot.html)"
66.249.68.66 - - [05/Aug/2026:04:43:52 +0200] "GET /shop/products/37799260988.html HTTP/1.1" 200 1813 "-" "Mozilla/5.0 (Linux; Android 6.0.1; Nexus 5X Build/MMB29P) AppleWebKit/537.36 (KHTML, like Gecko) Chrome/150.0.7871.186 Mobile Safari/537.36 (compatible; Googlebot/2.1; +http://www.google.com/bot.html)"
66.249.68.67 - - [05/Aug/2026:04:45:26 +0200] "GET /shop/pg/1AvailableInfo/2284140353101 HTTP/1.1" 200 1814 "-" "Mozilla/5.0 (Linux; Android 6.0.1; Nexus 5X Build/MMB29P) AppleWebKit/537.36 (KHTML, like Gecko) Chrome/150.0.7871.186 Mobile Safari/537.36 (compatible; Googlebot/2.1; +http://www.google.com/bot.html)"
66.249.68.67 - - [05/Aug/2026:04:48:17 +0200] "GET /shop/products/61999345509.html HTTP/1.1" 200 1816 "-" "Mozilla/5.0 (Linux; Android 6.0.1; Nexus 5X Build/MMB29P) AppleWebKit/537.36 (KHTML, like Gecko) Chrome/150.0.7871.186 Mobile Safari/537.36 (compatible; Googlebot/2.1; +http://www.google.com/bot.html)"
66.249.68.66 - - [05/Aug/2026:04:49:20 +0200] "GET /shop/pg/1AvailableInfo/2284160208712 HTTP/1.1" 200 1814 "-" "Mozilla/5.0 (Linux; Android 6.0.1; Nexus 5X Build/MMB29P) AppleWebKit/537.36 (KHTML, like Gecko) Chrome/150.0.7871.186 Mobile Safari/537.36 (compatible; Googlebot/2.1; +http://www.google.com/bot.html)"
66.249.68.66 - - [05/Aug/2026:04:52:51 +0200] "GET /shop/products/49399341741.html HTTP/1.1" 200 1814 "-" "Mozilla/5.0 (Linux; Android 6.0.1; Nexus 5X Build/MMB29P) AppleWebKit/537.36 (KHTML, like Gecko) Chrome/150.0.7871.186 Mobile Safari/537.36 (compatible; Googlebot/2.1; +http://www.google.com/bot.html)"
66.249.68.67 - - [05/Aug/2026:04:53:27 +0200] "GET /shop/pg/1AvailableInfo/228466460679 HTTP/1.1" 200 1814 "-" "Mozilla/5.0 (Linux; Android 6.0.1; Nexus 5X Build/MMB29P) AppleWebKit/537.36 (KHTML, like Gecko) Chrome/150.0.7871.186 Mobile Safari/537.36 (compatible; Googlebot/2.1; +http://www.google.com/bot.html)"
66.249.68.67 - - [05/Aug/2026:04:53:54 +0200] "GET /shop/products/39299239429.html HTTP/1.1" 200 1811 "-" "Mozilla/5.0 (Linux; Android 6.0.1; Nexus 5X Build/MMB29P) AppleWebKit/537.36 (KHTML, like Gecko) Chrome/150.0.7871.186 Mobile Safari/537.36 (compatible; Googlebot/2.1; +http://www.google.com/bot.html)"
66.249.68.37 - - [05/Aug/2026:04:55:04 +0200] "GET /shop/products/48999239046.shtml HTTP/1.1" 200 1816 "-" "Mozilla/5.0 (Linux; Android 6.0.1; Nexus 5X Build/MMB29P) AppleWebKit/537.36 (KHTML, like Gecko) Chrome/150.0.7871.186 Mobile Safari/537.36 (compatible; Googlebot/2.1; +http://www.google.com/bot.html)"
66.249.68.67 - - [05/Aug/2026:04:55:57 +0200] "GET /shop/products/4709919510.html HTTP/1.1" 200 1814 "-" "Mozilla/5.0 (Linux; Android 6.0.1; Nexus 5X Build/MMB29P) AppleWebKit/537.36 (KHTML, like Gecko) Chrome/150.0.7871.186 Mobile Safari/537.36 (compatible; Googlebot/2.1; +http://www.google.com/bot.html)"
66.249.68.67 - - [05/Aug/2026:04:56:33 +0200] "GET /shop/products/69899152067.html HTTP/1.1" 200 1811 "-" "Mozilla/5.0 (Linux; Android 6.0.1; Nexus 5X Build/MMB29P) AppleWebKit/537.36 (KHTML, like Gecko) Chrome/150.0.7871.186 Mobile Safari/537.36 (compatible; Googlebot/2.1; +http://www.google.com/bot.html)"
66.249.68.67 - - [05/Aug/2026:04:58:48 +0200] "GET /shop/products/6609943013.html HTTP/1.1" 200 1808 "-" "Mozilla/5.0 (Linux; Android 6.0.1; Nexus 5X Build/MMB29P) AppleWebKit/537.36 (KHTML, like Gecko) Chrome/150.0.7871.186 Mobile Safari/537.36 (compatible; Googlebot/2.1; +http://www.google.com/bot.html)"
66.249.68.68 - - [05/Aug/2026:05:00:29 +0200] "GET /shop/products/77799169392.html HTTP/1.1" 200 1815 "-" "Mozilla/5.0 (Linux; Android 6.0.1; Nexus 5X Build/MMB29P) AppleWebKit/537.36 (KHTML, like Gecko) Chrome/150.0.7871.186 Mobile Safari/537.36 (compatible; Googlebot/2.1; +http://www.google.com/bot.html)"
66.249.68.68 - - [05/Aug/2026:05:01:55 +0200] "GET /shop/products/80799187843.html HTTP/1.1" 200 1811 "-" "Mozilla/5.0 (Linux; Android 6.0.1; Nexus 5X Build/MMB29P) AppleWebKit/537.36 (KHTML, like Gecko) Chrome/150.0.7871.186 Mobile Safari/537.36 (compatible; Googlebot/2.1; +http://www.google.com/bot.html)"
54.39.0.247 - - [05/Aug/2026:05:02:35 +0200] "GET /robots.txt HTTP/2" 200 111 "-" "Mozilla/5.0 (compatible; AhrefsBot/7.0; +http://ahrefs.com/robot/)"
37.59.204.129 - - [05/Aug/2026:05:02:37 +0200] "GET /shop/products/263998832.shtml HTTP/2" 200 0 "-" "Mozilla/5.0 (compatible; AhrefsBot/7.0; +http://ahrefs.com/robot/)"
66.249.68.66 - - [05/Aug/2026:05:02:38 +0200] "GET /shop/products/22199316462.html HTTP/1.1" 200 1815 "-" "Mozilla/5.0 (Linux; Android 6.0.1; Nexus 5X Build/MMB29P) AppleWebKit/537.36 (KHTML, like Gecko) Chrome/150.0.7871.186 Mobile Safari/537.36 (compatible; Googlebot/2.1; +http://www.google.com/bot.html)"
66.249.68.66 - - [05/Aug/2026:05:03:22 +0200] "GET /shop/products/83699456402.html HTTP/1.1" 200 1812 "-" "Mozilla/5.0 (Linux; Android 6.0.1; Nexus 5X Build/MMB29P) AppleWebKit/537.36 (KHTML, like Gecko) Chrome/150.0.7871.186 Mobile Safari/537.36 (compatible; Googlebot/2.1; +http://www.google.com/bot.html)"
94.23.188.215 - - [05/Aug/2026:05:03:24 +0200] "GET /shop/products/263998476.shtml HTTP/2" 200 0 "-" "Mozilla/5.0 (compatible; AhrefsBot/7.0; +http://ahrefs.com/robot/)"
51.68.247.213 - - [05/Aug/2026:05:04:16 +0200] "GET /shop/products/12199412570.shtml HTTP/2" 200 0 "-" "Mozilla/5.0 (compatible; AhrefsBot/7.0; +http://ahrefs.com/robot/)"
66.249.68.66 - - [05/Aug/2026:05:04:21 +0200] "GET /shop/products/46199187005.html HTTP/1.1" 200 1813 "-" "Mozilla/5.0 (Linux; Android 6.0.1; Nexus 5X Build/MMB29P) AppleWebKit/537.36 (KHTML, like Gecko) Chrome/150.0.7871.186 Mobile Safari/537.36 (compatible; Googlebot/2.1; +http://www.google.com/bot.html)"
66.249.68.67 - - [05/Aug/2026:05:04:54 +0200] "GET /shop/products/90299187895.html HTTP/1.1" 200 1810 "-" "Mozilla/5.0 (Linux; Android 6.0.1; Nexus 5X Build/MMB29P) AppleWebKit/537.36 (KHTML, like Gecko) Chrome/150.0.7871.186 Mobile Safari/537.36 (compatible; Googlebot/2.1; +http://www.google.com/bot.html)"
66.249.68.38 - - [05/Aug/2026:05:04:56 +0200] "GET /shop/products/55899236732.shtml HTTP/1.1" 200 1814 "-" "Mozilla/5.0 (Linux; Android 6.0.1; Nexus 5X Build/MMB29P) AppleWebKit/537.36 (KHTML, like Gecko) Chrome/150.0.7871.186 Mobile Safari/537.36 (compatible; Googlebot/2.1; +http://www.google.com/bot.html)"
66.249.68.66 - - [05/Aug/2026:05:04:58 +0200] "GET /shop/products/1419991509.html HTTP/1.1" 200 1817 "-" "Mozilla/5.0 (Linux; Android 6.0.1; Nexus 5X Build/MMB29P) AppleWebKit/537.36 (KHTML, like Gecko) Chrome/150.0.7871.186 Mobile Safari/537.36 (compatible; Googlebot/2.1; +http://www.google.com/bot.html)"
54.37.118.76 - - [05/Aug/2026:05:05:04 +0200] "GET /shop/products/12199411719.shtml HTTP/2" 200 0 "-" "Mozilla/5.0 (compatible; AhrefsBot/7.0; +http://ahrefs.com/robot/)"
51.75.236.153 - - [05/Aug/2026:05:05:53 +0200] "GET /shop/products/12199411209.shtml HTTP/2" 200 0 "-" "Mozilla/5.0 (compatible; AhrefsBot/7.0; +http://ahrefs.com/robot/)"
66.249.68.67 - - [05/Aug/2026:05:06:13 +0200] "GET /shop/products/59499132398.html HTTP/1.1" 200 1813 "-" "Mozilla/5.0 (Linux; Android 6.0.1; Nexus 5X Build/MMB29P) AppleWebKit/537.36 (KHTML, like Gecko) Chrome/150.0.7871.186 Mobile Safari/537.36 (compatible; Googlebot/2.1; +http://www.google.com/bot.html)"
37.59.204.137 - - [05/Aug/2026:05:06:41 +0200] "GET /shop/products/95099352188.shtml HTTP/2" 200 0 "-" "Mozilla/5.0 (compatible; AhrefsBot/7.0; +http://ahrefs.com/robot/)"
66.249.68.66 - - [05/Aug/2026:05:06:56 +0200] "GET /shop/products/37799241872.html HTTP/1.1" 200 1813 "-" "Mozilla/5.0 (Linux; Android 6.0.1; Nexus 5X Build/MMB29P) AppleWebKit/537.36 (KHTML, like Gecko) Chrome/150.0.7871.186 Mobile Safari/537.36 (compatible; Googlebot/2.1; +http://www.google.com/bot.html)"
94.23.188.221 - - [05/Aug/2026:05:07:30 +0200] "GET /shop/products/95099350992.shtml HTTP/2" 200 0 "-" "Mozilla/5.0 (compatible; AhrefsBot/7.0; +http://ahrefs.com/robot/)"
66.249.68.67 - - [05/Aug/2026:05:07:39 +0200] "GET /shop/pg/1AvailableInfo/2284229393114 HTTP/1.1" 200 1814 "-" "Mozilla/5.0 (Linux; Android 6.0.1; Nexus 5X Build/MMB29P) AppleWebKit/537.36 (KHTML, like Gecko) Chrome/150.0.7871.186 Mobile Safari/537.36 (compatible; Googlebot/2.1; +http://www.google.com/bot.html)"
66.249.68.68 - - [05/Aug/2026:05:08:25 +0200] "GET /shop/products/5839918370.html HTTP/1.1" 200 1809 "-" "Mozilla/5.0 (Linux; Android 6.0.1; Nexus 5X Build/MMB29P) AppleWebKit/537.36 (KHTML, like Gecko) Chrome/150.0.7871.186 Mobile Safari/537.36 (compatible; Googlebot/2.1; +http://www.google.com/bot.html)"
92.222.104.204 - - [05/Aug/2026:05:08:25 +0200] "GET /shop/products/95099350946.shtml HTTP/2" 200 0 "-" "Mozilla/5.0 (compatible; AhrefsBot/7.0; +http://ahrefs.com/robot/)"
66.249.68.67 - - [05/Aug/2026:05:09:06 +0200] "GET /shop/products/19999165681.html HTTP/1.1" 200 1817 "-" "Mozilla/5.0 (Linux; Android 6.0.1; Nexus 5X Build/MMB29P) AppleWebKit/537.36 (KHTML, like Gecko) Chrome/150.0.7871.186 Mobile Safari/537.36 (compatible; Googlebot/2.1; +http://www.google.com/bot.html)"
51.75.236.158 - - [05/Aug/2026:05:09:06 +0200] "GET /shop/products/95099350852.shtml HTTP/2" 200 0 "-" "Mozilla/5.0 (compatible; AhrefsBot/7.0; +http://ahrefs.com/robot/)"
66.249.68.68 - - [05/Aug/2026:05:09:49 +0200] "GET /shop/products/70699330755.html HTTP/1.1" 200 1814 "-" "Mozilla/5.0 (Linux; Android 6.0.1; Nexus 5X Build/MMB29P) AppleWebKit/537.36 (KHTML, like Gecko) Chrome/150.0.7871.186 Mobile Safari/537.36 (compatible; Googlebot/2.1; +http://www.google.com/bot.html)"
54.37.118.66 - - [05/Aug/2026:05:09:56 +0200] "GET /shop/products/95099349964.shtml HTTP/2" 200 0 "-" "Mozilla/5.0 (compatible; AhrefsBot/7.0; +http://ahrefs.com/robot/)"
66.249.68.66 - - [05/Aug/2026:05:10:33 +0200] "GET /shop/products/95799353865.html HTTP/1.1" 200 1816 "-" "Mozilla/5.0 (Linux; Android 6.0.1; Nexus 5X Build/MMB29P) AppleWebKit/537.36 (KHTML, like Gecko) Chrome/150.0.7871.186 Mobile Safari/537.36 (compatible; Googlebot/2.1; +http://www.google.com/bot.html)"
51.75.236.140 - - [05/Aug/2026:05:10:43 +0200] "GET /shop/products/78699120988.shtml HTTP/2" 200 0 "-" "Mozilla/5.0 (compatible; AhrefsBot/7.0; +http://ahrefs.com/robot/)"
66.249.68.67 - - [05/Aug/2026:05:11:15 +0200] "GET /shop/products/22199227615.html HTTP/1.1" 200 1815 "-" "Mozilla/5.0 (Linux; Android 6.0.1; Nexus 5X Build/MMB29P) AppleWebKit/537.36 (KHTML, like Gecko) Chrome/150.0.7871.186 Mobile Safari/537.36 (compatible; Googlebot/2.1; +http://www.google.com/bot.html)"
51.75.236.140 - - [05/Aug/2026:05:11:32 +0200] "GET /shop/products/78699120736.shtml HTTP/2" 200 0 "-" "Mozilla/5.0 (compatible; AhrefsBot/7.0; +http://ahrefs.com/robot/)"
66.249.68.66 - - [05/Aug/2026:05:11:58 +0200] "GET /shop/products/67499224108.html HTTP/1.1" 200 1816 "-" "Mozilla/5.0 (Linux; Android 6.0.1; Nexus 5X Build/MMB29P) AppleWebKit/537.36 (KHTML, like Gecko) Chrome/150.0.7871.186 Mobile Safari/537.36 (compatible; Googlebot/2.1; +http://www.google.com/bot.html)"
5.39.1.254 - - [05/Aug/2026:05:12:19 +0200] "GET /shop/products/78699120611.shtml HTTP/2" 200 0 "-" "Mozilla/5.0 (compatible; AhrefsBot/7.0; +http://ahrefs.com/robot/)"
66.249.68.68 - - [05/Aug/2026:05:12:41 +0200] "GET /shop/products/86999208077.html HTTP/1.1" 200 1813 "-" "Mozilla/5.0 (Linux; Android 6.0.1; Nexus 5X Build/MMB29P) AppleWebKit/537.36 (KHTML, like Gecko) Chrome/150.0.7871.186 Mobile Safari/537.36 (compatible; Googlebot/2.1; +http://www.google.com/bot.html)"
54.37.118.86 - - [05/Aug/2026:05:13:09 +0200] "GET /shop/products/78699120092.shtml HTTP/2" 200 0 "-" "Mozilla/5.0 (compatible; AhrefsBot/7.0; +http://ahrefs.com/robot/)"
66.249.68.66 - - [05/Aug/2026:05:13:44 +0200] "GET /shop/products/48999150929.html HTTP/1.1" 200 1814 "-" "Mozilla/5.0 (Linux; Android 6.0.1; Nexus 5X Build/MMB29P) AppleWebKit/537.36 (KHTML, like Gecko) Chrome/150.0.7871.186 Mobile Safari/537.36 (compatible; Googlebot/2.1; +http://www.google.com/bot.html)"
66.249.68.66 - - [05/Aug/2026:05:13:46 +0200] "GET /shop/products/45899347207.html HTTP/1.1" 200 1809 "-" "Mozilla/5.0 (Linux; Android 6.0.1; Nexus 5X Build/MMB29P) AppleWebKit/537.36 (KHTML, like Gecko) Chrome/150.0.7871.186 Mobile Safari/537.36 (compatible; Googlebot/2.1; +http://www.google.com/bot.html)"
51.68.247.207 - - [05/Aug/2026:05:13:56 +0200] "GET /shop/products/78699119370.shtml HTTP/2" 200 0 "-" "Mozilla/5.0 (compatible; AhrefsBot/7.0; +http://ahrefs.com/robot/)"
66.249.68.66 - - [05/Aug/2026:05:14:20 +0200] "GET /shop/pg/1AvailableInfo/228413189504 HTTP/1.1" 200 1815 "-" "Mozilla/5.0 (Linux; Android 6.0.1; Nexus 5X Build/MMB29P) AppleWebKit/537.36 (KHTML, like Gecko) Chrome/150.0.7871.186 Mobile Safari/537.36 (compatible; Googlebot/2.1; +http://www.google.com/bot.html)"
94.23.188.203 - - [05/Aug/2026:05:14:45 +0200] "GET /shop/products/6989959720.shtml HTTP/2" 200 0 "-" "Mozilla/5.0 (compatible; AhrefsBot/7.0; +http://ahrefs.com/robot/)"
66.249.68.67 - - [05/Aug/2026:05:14:54 +0200] "GET /shop/products/2909912041.html HTTP/1.1" 200 1813 "-" "Mozilla/5.0 (Linux; Android 6.0.1; Nexus 5X Build/MMB29P) AppleWebKit/537.36 (KHTML, like Gecko) Chrome/150.0.7871.186 Mobile Safari/537.36 (compatible; Googlebot/2.1; +http://www.google.com/bot.html)"
66.249.68.68 - - [05/Aug/2026:05:15:27 +0200] "GET /shop/products/68499135680.html HTTP/1.1" 200 1813 "-" "Mozilla/5.0 (Linux; Android 6.0.1; Nexus 5X Build/MMB29P) AppleWebKit/537.36 (KHTML, like Gecko) Chrome/150.0.7871.186 Mobile Safari/537.36 (compatible; Googlebot/2.1; +http://www.google.com/bot.html)"
51.68.247.222 - - [05/Aug/2026:05:15:33 +0200] "GET /shop/products/2909998069.shtml HTTP/2" 200 0 "-" "Mozilla/5.0 (compatible; AhrefsBot/7.0; +http://ahrefs.com/robot/)"
66.249.68.67 - - [05/Aug/2026:05:16:00 +0200] "GET /shop/pg/1AvailableInfo/228415621878 HTTP/1.1" 200 1813 "-" "Mozilla/5.0 (Linux; Android 6.0.1; Nexus 5X Build/MMB29P) AppleWebKit/537.36 (KHTML, like Gecko) Chrome/150.0.7871.186 Mobile Safari/537.36 (compatible; Googlebot/2.1; +http://www.google.com/bot.html)"
66.249.68.66 - - [05/Aug/2026:05:16:34 +0200] "GET /shop/pg/1AvailableInfo/2284252333654 HTTP/1.1" 200 1811 "-" "Mozilla/5.0 (Linux; Android 6.0.1; Nexus 5X Build/MMB29P) AppleWebKit/537.36 (KHTML, like Gecko) Chrome/150.0.7871.186 Mobile Safari/537.36 (compatible; Googlebot/2.1; +http://www.google.com/bot.html)"
66.249.68.37 - - [05/Aug/2026:05:16:36 +0200] "GET /shop/products/7729981596.shtml HTTP/1.1" 200 1811 "-" "Mozilla/5.0 (Linux; Android 6.0.1; Nexus 5X Build/MMB29P) AppleWebKit/537.36 (KHTML, like Gecko) Chrome/150.0.7871.186 Mobile Safari/537.36 (compatible; Googlebot/2.1; +http://www.google.com/bot.html)"
66.249.68.66 - - [05/Aug/2026:05:16:59 +0200] "GET /shop/pg/1AvailableInfo/2284163110841 HTTP/1.1" 200 1809 "-" "Mozilla/5.0 (Linux; Android 6.0.1; Nexus 5X Build/MMB29P) AppleWebKit/537.36 (KHTML, like Gecko) Chrome/150.0.7871.186 Mobile Safari/537.36 (compatible; Googlebot/2.1; +http://www.google.com/bot.html)"
66.249.68.66 - - [05/Aug/2026:05:17:42 +0200] "GET /shop/products/31299371115.html HTTP/1.1" 200 1812 "-" "Mozilla/5.0 (Linux; Android 6.0.1; Nexus 5X Build/MMB29P) AppleWebKit/537.36 (KHTML, like Gecko) Chrome/150.0.7871.186 Mobile Safari/537.36 (compatible; Googlebot/2.1; +http://www.google.com/bot.html)"
66.249.68.68 - - [05/Aug/2026:05:18:26 +0200] "GET /shop/products/59199168868.html HTTP/1.1" 200 1815 "-" "Mozilla/5.0 (Linux; Android 6.0.1; Nexus 5X Build/MMB29P) AppleWebKit/537.36 (KHTML, like Gecko) Chrome/150.0.7871.186 Mobile Safari/537.36 (compatible; Googlebot/2.1; +http://www.google.com/bot.html)"
66.249.68.68 - - [05/Aug/2026:05:19:16 +0200] "GET /shop/products/83799331064.html HTTP/1.1" 200 1815 "-" "Mozilla/5.0 (Linux; Android 6.0.1; Nexus 5X Build/MMB29P) AppleWebKit/537.36 (KHTML, like Gecko) Chrome/150.0.7871.186 Mobile Safari/537.36 (compatible; Googlebot/2.1; +http://www.google.com/bot.html)"
66.249.68.66 - - [05/Aug/2026:05:19:51 +0200] "GET /shop/detail/member008001371.htm HTTP/1.1" 200 1814 "-" "Mozilla/5.0 (Linux; Android 6.0.1; Nexus 5X Build/MMB29P) AppleWebKit/537.36 (KHTML, like Gecko) Chrome/150.0.7871.186 Mobile Safari/537.36 (compatible; Googlebot/2.1; +http://www.google.com/bot.html)"
66.249.68.68 - - [05/Aug/2026:05:19:54 +0200] "GET /shop/pg/1AvailableInfo/228423379776 HTTP/1.1" 200 1813 "-" "Mozilla/5.0 (Linux; Android 6.0.1; Nexus 5X Build/MMB29P) AppleWebKit/537.36 (KHTML, like Gecko) Chrome/150.0.7871.186 Mobile Safari/537.36 (compatible; Googlebot/2.1; +http://www.google.com/bot.html)"
66.249.68.67 - - [05/Aug/2026:05:19:56 +0200] "GET /shop/products/57299284352.html HTTP/1.1" 200 1815 "-" "Mozilla/5.0 (Linux; Android 6.0.1; Nexus 5X Build/MMB29P) AppleWebKit/537.36 (KHTML, like Gecko) Chrome/150.0.7871.186 Mobile Safari/537.36 (compatible; Googlebot/2.1; +http://www.google.com/bot.html)"
66.249.68.67 - - [05/Aug/2026:05:21:07 +0200] "GET /shop/products/61299356537.html HTTP/1.1" 200 1812 "-" "Mozilla/5.0 (Linux; Android 6.0.1; Nexus 5X Build/MMB29P) AppleWebKit/537.36 (KHTML, like Gecko) Chrome/150.0.7871.186 Mobile Safari/537.36 (compatible; Googlebot/2.1; +http://www.google.com/bot.html)"
66.249.68.66 - - [05/Aug/2026:05:21:09 +0200] "GET /shop/products/5799942104.html HTTP/1.1" 200 1814 "-" "Mozilla/5.0 (Linux; Android 6.0.1; Nexus 5X Build/MMB29P) AppleWebKit/537.36 (KHTML, like Gecko) Chrome/150.0.7871.186 Mobile Safari/537.36 (compatible; Googlebot/2.1; +http://www.google.com/bot.html)"
66.249.68.66 - - [05/Aug/2026:05:21:26 +0200] "GET /shop/products/489995074.html HTTP/1.1" 200 1814 "-" "Mozilla/5.0 (Linux; Android 6.0.1; Nexus 5X Build/MMB29P) AppleWebKit/537.36 (KHTML, like Gecko) Chrome/150.0.7871.186 Mobile Safari/537.36 (compatible; Googlebot/2.1; +http://www.google.com/bot.html)"
66.249.68.68 - - [05/Aug/2026:05:22:01 +0200] "GET /shop/products/44699197652.html HTTP/1.1" 200 1812 "-" "Mozilla/5.0 (Linux; Android 6.0.1; Nexus 5X Build/MMB29P) AppleWebKit/537.36 (KHTML, like Gecko) Chrome/150.0.7871.186 Mobile Safari/537.36 (compatible; Googlebot/2.1; +http://www.google.com/bot.html)"
66.249.68.67 - - [05/Aug/2026:05:22:44 +0200] "GET /shop/pg/1AvailableInfo/2284133155259 HTTP/1.1" 200 1809 "-" "Mozilla/5.0 (Linux; Android 6.0.1; Nexus 5X Build/MMB29P) AppleWebKit/537.36 (KHTML, like Gecko) Chrome/150.0.7871.186 Mobile Safari/537.36 (compatible; Googlebot/2.1; +http://www.google.com/bot.html)"
66.249.68.68 - - [05/Aug/2026:05:23:28 +0200] "GET /shop/products/37799268375.html HTTP/1.1" 200 1814 "-" "Mozilla/5.0 (Linux; Android 6.0.1; Nexus 5X Build/MMB29P) AppleWebKit/537.36 (KHTML, like Gecko) Chrome/150.0.7871.186 Mobile Safari/537.36 (compatible; Googlebot/2.1; +http://www.google.com/bot.html)"