66.249.68.33 - - [01/Aug/2026:13:17:26 +0200] "GET /shop/detail/communicate012000385.htm HTTP/1.1" 200 5091 "-" "Mozilla/5.0 (Linux; Android 6.0.1; Nexus 5X Build/MMB29P) AppleWebKit/537.36 (KHTML, like Gecko) Chrome/150.0.7871.186 Mobile Safari/537.36 (compatible; Googlebot/2.1; +http://www.google.com/bot.html)"
66.249.68.64 - - [01/Aug/2026:13:20:27 +0200] "GET /shop/products/39099208716.html HTTP/1.1" 200 5090 "-" "Mozilla/5.0 (Linux; Android 6.0.1; Nexus 5X Build/MMB29P) AppleWebKit/537.36 (KHTML, like Gecko) Chrome/150.0.7871.186 Mobile Safari/537.36 (compatible; Googlebot/2.1; +http://www.google.com/bot.html)"
66.249.68.64 - - [01/Aug/2026:13:24:33 +0200] "GET /shop/products/72699257625.html HTTP/1.1" 200 5090 "-" "Mozilla/5.0 (Linux; Android 6.0.1; Nexus 5X Build/MMB29P) AppleWebKit/537.36 (KHTML, like Gecko) Chrome/150.0.7871.186 Mobile Safari/537.36 (compatible; Googlebot/2.1; +http://www.google.com/bot.html)"
66.249.68.64 - - [01/Aug/2026:13:24:42 +0200] "GET /shop/products/84299325669.html HTTP/1.1" 200 5091 "-" "Mozilla/5.0 (Linux; Android 6.0.1; Nexus 5X Build/MMB29P) AppleWebKit/537.36 (KHTML, like Gecko) Chrome/150.0.7871.186 Mobile Safari/537.36 (compatible; Googlebot/2.1; +http://www.google.com/bot.html)"
66.249.68.71 - - [01/Aug/2026:13:25:32 +0200] "GET /shop/pg/1AvailableInfo/228427356124 HTTP/1.1" 200 5091 "-" "Mozilla/5.0 (Linux; Android 6.0.1; Nexus 5X Build/MMB29P) AppleWebKit/537.36 (KHTML, like Gecko) Chrome/150.0.7871.186 Mobile Safari/537.36 (compatible; Googlebot/2.1; +http://www.google.com/bot.html)"
66.249.68.32 - - [01/Aug/2026:13:28:25 +0200] "GET /shop/pg/1AvailableInfo/1881426306 HTTP/1.1" 200 5091 "-" "Mozilla/5.0 (Linux; Android 6.0.1; Nexus 5X Build/MMB29P) AppleWebKit/537.36 (KHTML, like Gecko) Chrome/150.0.7871.186 Mobile Safari/537.36 (compatible; Googlebot/2.1; +http://www.google.com/bot.html)"
66.249.68.64 - - [01/Aug/2026:13:31:57 +0200] "GET /shop/products/8369945930.html HTTP/1.1" 200 5091 "-" "Mozilla/5.0 (Linux; Android 6.0.1; Nexus 5X Build/MMB29P) AppleWebKit/537.36 (KHTML, like Gecko) Chrome/150.0.7871.186 Mobile Safari/537.36 (compatible; Googlebot/2.1; +http://www.google.com/bot.html)"
114.119.146.219 - - [01/Aug/2026:13:35:31 +0200] "GET /shop/detail/account078019253.htm HTTP/1.1" 200 - "https://www.bigpunchmedia.co.za/sitemap97.xml" "Mozilla/5.0 (Linux; Android 7.0;) AppleWebKit/537.36 (HTML, like Gecko) Mobile Safari/537.36 (compatible; PetalBot;+https://webmaster.petalsearch.com/site/petalbot)"
66.249.68.65 - - [01/Aug/2026:13:35:49 +0200] "GET /detail/037040239 HTTP/1.1" 200 5091 "-" "Mozilla/5.0 (Linux; Android 6.0.1; Nexus 5X Build/MMB29P) AppleWebKit/537.36 (KHTML, like Gecko) Chrome/150.0.7871.186 Mobile Safari/537.36 (compatible; Googlebot/2.1; +http://www.google.com/bot.html)"
66.249.68.64 - - [01/Aug/2026:13:36:50 +0200] "GET /shop/products/10199372915.html HTTP/1.1" 200 5091 "-" "Mozilla/5.0 (Linux; Android 6.0.1; Nexus 5X Build/MMB29P) AppleWebKit/537.36 (KHTML, like Gecko) Chrome/150.0.7871.186 Mobile Safari/537.36 (compatible; Googlebot/2.1; +http://www.google.com/bot.html)"
66.249.68.71 - - [01/Aug/2026:13:36:57 +0200] "GET /shop/products/8799925996.html HTTP/1.1" 200 5091 "-" "Mozilla/5.0 (Linux; Android 6.0.1; Nexus 5X Build/MMB29P) AppleWebKit/537.36 (KHTML, like Gecko) Chrome/150.0.7871.186 Mobile Safari/537.36 (compatible; Googlebot/2.1; +http://www.google.com/bot.html)"
66.249.68.33 - - [01/Aug/2026:13:37:17 +0200] "GET /goods/66799271937.shtml HTTP/1.1" 200 5090 "-" "Mozilla/5.0 (Linux; Android 6.0.1; Nexus 5X Build/MMB29P) AppleWebKit/537.36 (KHTML, like Gecko) Chrome/150.0.7871.186 Mobile Safari/537.36 (compatible; Googlebot/2.1; +http://www.google.com/bot.html)"
66.249.68.32 - - [01/Aug/2026:13:37:36 +0200] "GET /detail/028029626 HTTP/1.1" 200 5090 "-" "Mozilla/5.0 (Linux; Android 6.0.1; Nexus 5X Build/MMB29P) AppleWebKit/537.36 (KHTML, like Gecko) Chrome/150.0.7871.186 Mobile Safari/537.36 (compatible; Googlebot/2.1; +http://www.google.com/bot.html)"
66.249.68.65 - - [01/Aug/2026:13:38:40 +0200] "GET /shop/products/44899428123.html HTTP/1.1" 200 5090 "-" "Mozilla/5.0 (Linux; Android 6.0.1; Nexus 5X Build/MMB29P) AppleWebKit/537.36 (KHTML, like Gecko) Chrome/150.0.7871.186 Mobile Safari/537.36 (compatible; Googlebot/2.1; +http://www.google.com/bot.html)"
66.249.68.71 - - [01/Aug/2026:13:38:46 +0200] "GET /shop/products/59199375135.html HTTP/1.1" 200 5091 "-" "Mozilla/5.0 (Linux; Android 6.0.1; Nexus 5X Build/MMB29P) AppleWebKit/537.36 (KHTML, like Gecko) Chrome/150.0.7871.186 Mobile Safari/537.36 (compatible; Googlebot/2.1; +http://www.google.com/bot.html)"
66.249.68.71 - - [01/Aug/2026:13:38:56 +0200] "GET /shop/products/6579929680.html HTTP/1.1" 200 5091 "-" "Mozilla/5.0 (Linux; Android 6.0.1; Nexus 5X Build/MMB29P) AppleWebKit/537.36 (KHTML, like Gecko) Chrome/150.0.7871.186 Mobile Safari/537.36 (compatible; Googlebot/2.1; +http://www.google.com/bot.html)"
66.249.68.64 - - [01/Aug/2026:13:39:05 +0200] "GET /shop/products/7699934603.html HTTP/1.1" 200 5091 "-" "Mozilla/5.0 (Linux; Android 6.0.1; Nexus 5X Build/MMB29P) AppleWebKit/537.36 (KHTML, like Gecko) Chrome/150.0.7871.186 Mobile Safari/537.36 (compatible; Googlebot/2.1; +http://www.google.com/bot.html)"
66.249.68.65 - - [01/Aug/2026:13:45:23 +0200] "GET /shop/pg/1AvailableInfo/22843137928 HTTP/1.1" 200 5091 "-" "Mozilla/5.0 (Linux; Android 6.0.1; Nexus 5X Build/MMB29P) AppleWebKit/537.36 (KHTML, like Gecko) Chrome/150.0.7871.186 Mobile Safari/537.36 (compatible; Googlebot/2.1; +http://www.google.com/bot.html)"
66.249.68.71 - - [01/Aug/2026:13:49:18 +0200] "GET /shop/products/6199989444.html HTTP/1.1" 200 5091 "-" "Mozilla/5.0 (Linux; Android 6.0.1; Nexus 5X Build/MMB29P) AppleWebKit/537.36 (KHTML, like Gecko) Chrome/150.0.7871.186 Mobile Safari/537.36 (compatible; Googlebot/2.1; +http://www.google.com/bot.html)"
66.249.68.33 - - [01/Aug/2026:13:50:38 +0200] "GET /shop/detail/develop040001477.htm HTTP/1.1" 200 5091 "-" "Mozilla/5.0 (Linux; Android 6.0.1; Nexus 5X Build/MMB29P) AppleWebKit/537.36 (KHTML, like Gecko) Chrome/150.0.7871.186 Mobile Safari/537.36 (compatible; Googlebot/2.1; +http://www.google.com/bot.html)"
66.249.68.71 - - [01/Aug/2026:13:52:41 +0200] "GET /shop/pg/1AvailableInfo/228415635744 HTTP/1.1" 200 5091 "-" "Mozilla/5.0 (Linux; Android 6.0.1; Nexus 5X Build/MMB29P) AppleWebKit/537.36 (KHTML, like Gecko) Chrome/150.0.7871.186 Mobile Safari/537.36 (compatible; Googlebot/2.1; +http://www.google.com/bot.html)"
54.37.118.69 - - [01/Aug/2026:13:54:09 +0200] "GET /shop/products/263999043.shtml HTTP/1.1" 200 - "-" "Mozilla/5.0 (compatible; AhrefsBot/7.0; +http://ahrefs.com/robot/)"
114.119.146.219 - - [01/Aug/2026:13:54:47 +0200] "GET /detail/289043669 HTTP/1.1" 200 - "https://www.bigpunchmedia.co.za/sitemap99.xml" "Mozilla/5.0 (Linux; Android 7.0;) AppleWebKit/537.36 (HTML, like Gecko) Mobile Safari/537.36 (compatible; PetalBot;+https://webmaster.petalsearch.com/site/petalbot)"
66.249.68.71 - - [01/Aug/2026:13:55:43 +0200] "GET /shop/products/49399376081.html HTTP/1.1" 200 5089 "-" "Mozilla/5.0 (Linux; Android 6.0.1; Nexus 5X Build/MMB29P) AppleWebKit/537.36 (KHTML, like Gecko) Chrome/150.0.7871.186 Mobile Safari/537.36 (compatible; Googlebot/2.1; +http://www.google.com/bot.html)"
66.249.68.71 - - [01/Aug/2026:13:58:44 +0200] "GET /shop/products/52299108392.html HTTP/1.1" 200 5091 "-" "Mozilla/5.0 (Linux; Android 6.0.1; Nexus 5X Build/MMB29P) AppleWebKit/537.36 (KHTML, like Gecko) Chrome/150.0.7871.186 Mobile Safari/537.36 (compatible; Googlebot/2.1; +http://www.google.com/bot.html)"
66.249.68.65 - - [01/Aug/2026:14:04:40 +0200] "GET /shop/products/97599107510.html HTTP/1.1" 200 5090 "-" "Mozilla/5.0 (Linux; Android 6.0.1; Nexus 5X Build/MMB29P) AppleWebKit/537.36 (KHTML, like Gecko) Chrome/150.0.7871.186 Mobile Safari/537.36 (compatible; Googlebot/2.1; +http://www.google.com/bot.html)"
66.249.68.33 - - [01/Aug/2026:14:04:42 +0200] "GET /detail/101026219 HTTP/1.1" 200 5091 "-" "Mozilla/5.0 (Linux; Android 6.0.1; Nexus 5X Build/MMB29P) AppleWebKit/537.36 (KHTML, like Gecko) Chrome/150.0.7871.186 Mobile Safari/537.36 (compatible; Googlebot/2.1; +http://www.google.com/bot.html)"
66.249.68.65 - - [01/Aug/2026:14:05:25 +0200] "GET /?detail/01600004400696 HTTP/1.1" 200 5091 "-" "Mozilla/5.0 (Linux; Android 6.0.1; Nexus 5X Build/MMB29P) AppleWebKit/537.36 (KHTML, like Gecko) Chrome/150.0.7871.186 Mobile Safari/537.36 (compatible; Googlebot/2.1; +http://www.google.com/bot.html)"
114.119.146.219 - - [01/Aug/2026:14:06:51 +0200] "GET /detail/256007062 HTTP/1.1" 200 - "https://www.bigpunchmedia.co.za/sitemap92.xml" "Mozilla/5.0 (Linux; Android 7.0;) AppleWebKit/537.36 (HTML, like Gecko) Mobile Safari/537.36 (compatible; PetalBot;+https://webmaster.petalsearch.com/site/petalbot)"
66.249.68.39 - - [01/Aug/2026:14:08:49 +0200] "GET /shop/detail/size229011412.htm HTTP/1.1" 200 5091 "-" "Mozilla/5.0 (Linux; Android 6.0.1; Nexus 5X Build/MMB29P) AppleWebKit/537.36 (KHTML, like Gecko) Chrome/150.0.7871.186 Mobile Safari/537.36 (compatible; Googlebot/2.1; +http://www.google.com/bot.html)"
66.249.68.65 - - [01/Aug/2026:14:13:31 +0200] "GET /shop/products/67499354038.html HTTP/1.1" 200 5091 "-" "Mozilla/5.0 (Linux; Android 6.0.1; Nexus 5X Build/MMB29P) AppleWebKit/537.36 (KHTML, like Gecko) Chrome/150.0.7871.186 Mobile Safari/537.36 (compatible; Googlebot/2.1; +http://www.google.com/bot.html)"
66.249.68.64 - - [01/Aug/2026:14:15:53 +0200] "GET /shop/products/82299474307.html HTTP/1.1" 200 5091 "-" "Mozilla/5.0 (Linux; Android 6.0.1; Nexus 5X Build/MMB29P) AppleWebKit/537.36 (KHTML, like Gecko) Chrome/150.0.7871.186 Mobile Safari/537.36 (compatible; Googlebot/2.1; +http://www.google.com/bot.html)"
66.249.68.65 - - [01/Aug/2026:14:15:55 +0200] "GET /shop/products/674993409.html HTTP/1.1" 200 5091 "-" "Mozilla/5.0 (Linux; Android 6.0.1; Nexus 5X Build/MMB29P) AppleWebKit/537.36 (KHTML, like Gecko) Chrome/150.0.7871.186 Mobile Safari/537.36 (compatible; Googlebot/2.1; +http://www.google.com/bot.html)"
114.119.158.151 - - [01/Aug/2026:14:16:30 +0200] "GET /detail/230002496 HTTP/1.1" 200 - "https://www.bigpunchmedia.co.za/detail/230002496" "Mozilla/5.0 (Linux; Android 7.0;) AppleWebKit/537.36 (HTML, like Gecko) Mobile Safari/537.36 (compatible; PetalBot;+https://webmaster.petalsearch.com/site/petalbot)"
66.249.68.65 - - [01/Aug/2026:14:18:21 +0200] "GET /shop/products/48999101377.html HTTP/1.1" 200 5090 "-" "Mozilla/5.0 (Linux; Android 6.0.1; Nexus 5X Build/MMB29P) AppleWebKit/537.36 (KHTML, like Gecko) Chrome/150.0.7871.186 Mobile Safari/537.36 (compatible; Googlebot/2.1; +http://www.google.com/bot.html)"
114.119.146.219 - - [01/Aug/2026:14:18:54 +0200] "GET /detail/215032701 HTTP/1.1" 200 - "https://www.bigpunchmedia.co.za/sitemap97.xml" "Mozilla/5.0 (Linux; Android 7.0;) AppleWebKit/537.36 (HTML, like Gecko) Mobile Safari/537.36 (compatible; PetalBot;+https://webmaster.petalsearch.com/site/petalbot)"
92.222.108.96 - - [01/Aug/2026:14:20:52 +0200] "GET /shop/products/8639978408.shtml HTTP/1.1" 200 - "-" "Mozilla/5.0 (compatible; AhrefsBot/7.0; +http://ahrefs.com/robot/)"
66.249.68.65 - - [01/Aug/2026:14:22:52 +0200] "GET /shop/pg/1AvailableInfo/22846657542 HTTP/1.1" 200 5090 "-" "Mozilla/5.0 (Linux; Android 6.0.1; Nexus 5X Build/MMB29P) AppleWebKit/537.36 (KHTML, like Gecko) Chrome/150.0.7871.186 Mobile Safari/537.36 (compatible; Googlebot/2.1; +http://www.google.com/bot.html)"
114.119.158.151 - - [01/Aug/2026:14:26:06 +0200] "GET /detail/210001390 HTTP/1.1" 200 - "https://www.bigpunchmedia.co.za/detail/210001390" "Mozilla/5.0 (Linux; Android 7.0;) AppleWebKit/537.36 (HTML, like Gecko) Mobile Safari/537.36 (compatible; PetalBot;+https://webmaster.petalsearch.com/site/petalbot)"
66.249.68.65 - - [01/Aug/2026:14:34:09 +0200] "GET /shop/products/84299425137.html HTTP/1.1" 200 5091 "-" "Mozilla/5.0 (Linux; Android 6.0.1; Nexus 5X Build/MMB29P) AppleWebKit/537.36 (KHTML, like Gecko) Chrome/150.0.7871.186 Mobile Safari/537.36 (compatible; Googlebot/2.1; +http://www.google.com/bot.html)"
37.59.204.155 - - [01/Aug/2026:14:34:16 +0200] "GET /shop/products/78699120441.shtml HTTP/1.1" 200 - "-" "Mozilla/5.0 (compatible; AhrefsBot/7.0; +http://ahrefs.com/robot/)"
66.249.68.65 - - [01/Aug/2026:14:35:58 +0200] "GET /shop/products/59299113908.html HTTP/1.1" 200 5091 "-" "Mozilla/5.0 (Linux; Android 6.0.1; Nexus 5X Build/MMB29P) AppleWebKit/537.36 (KHTML, like Gecko) Chrome/150.0.7871.186 Mobile Safari/537.36 (compatible; Googlebot/2.1; +http://www.google.com/bot.html)"
66.249.68.71 - - [01/Aug/2026:14:36:55 +0200] "GET /shop/products/44799406131.html HTTP/1.1" 200 5090 "-" "Mozilla/5.0 (Linux; Android 6.0.1; Nexus 5X Build/MMB29P) AppleWebKit/537.36 (KHTML, like Gecko) Chrome/150.0.7871.186 Mobile Safari/537.36 (compatible; Googlebot/2.1; +http://www.google.com/bot.html)"
114.119.158.151 - - [01/Aug/2026:14:40:33 +0200] "GET /detail/184021870 HTTP/1.1" 200 - "https://www.bigpunchmedia.co.za/sitemap9.xml" "Mozilla/5.0 (Linux; Android 7.0;) AppleWebKit/537.36 (HTML, like Gecko) Mobile Safari/537.36 (compatible; PetalBot;+https://webmaster.petalsearch.com/site/petalbot)"
66.249.68.71 - - [01/Aug/2026:14:40:37 +0200] "GET /shop/pg/1AvailableInfo/228418081594 HTTP/1.1" 200 5091 "-" "Mozilla/5.0 (Linux; Android 6.0.1; Nexus 5X Build/MMB29P) AppleWebKit/537.36 (KHTML, like Gecko) Chrome/150.0.7871.186 Mobile Safari/537.36 (compatible; Googlebot/2.1; +http://www.google.com/bot.html)"
66.249.68.64 - - [01/Aug/2026:14:40:43 +0200] "GET /shop/products/8639929098.html HTTP/1.1" 200 5091 "-" "Mozilla/5.0 (Linux; Android 6.0.1; Nexus 5X Build/MMB29P) AppleWebKit/537.36 (KHTML, like Gecko) Chrome/150.0.7871.186 Mobile Safari/537.36 (compatible; Googlebot/2.1; +http://www.google.com/bot.html)"
66.249.68.64 - - [01/Aug/2026:14:42:58 +0200] "GET /shop/detail/immigrant002001043.htm HTTP/1.1" 200 5091 "-" "Mozilla/5.0 (Linux; Android 6.0.1; Nexus 5X Build/MMB29P) AppleWebKit/537.36 (KHTML, like Gecko) Chrome/150.0.7871.186 Mobile Safari/537.36 (compatible; Googlebot/2.1; +http://www.google.com/bot.html)"
66.249.68.64 - - [01/Aug/2026:14:45:02 +0200] "GET /shop/products/10199378628.html HTTP/1.1" 200 5091 "-" "Mozilla/5.0 (Linux; Android 6.0.1; Nexus 5X Build/MMB29P) AppleWebKit/537.36 (KHTML, like Gecko) Chrome/150.0.7871.186 Mobile Safari/537.36 (compatible; Googlebot/2.1; +http://www.google.com/bot.html)"
66.249.68.64 - - [01/Aug/2026:14:49:47 +0200] "GET /shop/products/8379950073.html HTTP/1.1" 200 5091 "-" "Mozilla/5.0 (Linux; Android 6.0.1; Nexus 5X Build/MMB29P) AppleWebKit/537.36 (KHTML, like Gecko) Chrome/150.0.7871.186 Mobile Safari/537.36 (compatible; Googlebot/2.1; +http://www.google.com/bot.html)"
66.249.68.65 - - [01/Aug/2026:14:53:37 +0200] "GET /shop/products/44899243361.html HTTP/1.1" 200 5091 "-" "Mozilla/5.0 (Linux; Android 6.0.1; Nexus 5X Build/MMB29P) AppleWebKit/537.36 (KHTML, like Gecko) Chrome/150.0.7871.186 Mobile Safari/537.36 (compatible; Googlebot/2.1; +http://www.google.com/bot.html)"
66.249.68.65 - - [01/Aug/2026:14:54:44 +0200] "GET /shop/products/72699499911.html HTTP/1.1" 200 5091 "-" "Mozilla/5.0 (Linux; Android 6.0.1; Nexus 5X Build/MMB29P) AppleWebKit/537.36 (KHTML, like Gecko) Chrome/150.0.7871.186 Mobile Safari/537.36 (compatible; Googlebot/2.1; +http://www.google.com/bot.html)"
114.119.158.151 - - [01/Aug/2026:14:57:24 +0200] "GET /detail/149002723 HTTP/1.1" 200 - "https://www.bigpunchmedia.co.za/sitemap98.xml" "Mozilla/5.0 (Linux; Android 7.0;) AppleWebKit/537.36 (HTML, like Gecko) Mobile Safari/537.36 (compatible; PetalBot;+https://webmaster.petalsearch.com/site/petalbot)"
66.249.68.71 - - [01/Aug/2026:14:57:49 +0200] "GET /shop/pg/1AvailableInfo/228419178742 HTTP/1.1" 200 5090 "-" "Mozilla/5.0 (Linux; Android 6.0.1; Nexus 5X Build/MMB29P) AppleWebKit/537.36 (KHTML, like Gecko) Chrome/150.0.7871.186 Mobile Safari/537.36 (compatible; Googlebot/2.1; +http://www.google.com/bot.html)"
66.249.68.64 - - [01/Aug/2026:14:59:20 +0200] "GET /shop/products/55899282947.html HTTP/1.1" 200 5091 "-" "Mozilla/5.0 (Linux; Android 6.0.1; Nexus 5X Build/MMB29P) AppleWebKit/537.36 (KHTML, like Gecko) Chrome/150.0.7871.186 Mobile Safari/537.36 (compatible; Googlebot/2.1; +http://www.google.com/bot.html)"
66.249.68.65 - - [01/Aug/2026:15:04:05 +0200] "GET /shop/pg/1AvailableInfo/228488225743 HTTP/1.1" 200 5090 "-" "Mozilla/5.0 (Linux; Android 6.0.1; Nexus 5X Build/MMB29P) AppleWebKit/537.36 (KHTML, like Gecko) Chrome/150.0.7871.186 Mobile Safari/537.36 (compatible; Googlebot/2.1; +http://www.google.com/bot.html)"
104.210.140.128 - - [01/Aug/2026:15:04:38 +0200] "GET /robots.txt HTTP/1.1" 200 396 "-" "Mozilla/5.0 (Macintosh; Intel Mac OS X 10_15_7) AppleWebKit/537.36 (KHTML, like Gecko) Chrome/131.0.0.0 Safari/537.36; compatible; OAI-SearchBot/1.0; +https://openai.com/searchbot"
114.119.158.151 - - [01/Aug/2026:15:04:38 +0200] "GET /detail/132012540 HTTP/1.1" 200 - "https://www.bigpunchmedia.co.za/sitemap92.xml" "Mozilla/5.0 (Linux; Android 7.0;) AppleWebKit/537.36 (HTML, like Gecko) Mobile Safari/537.36 (compatible; PetalBot;+https://webmaster.petalsearch.com/site/petalbot)"
66.249.68.65 - - [01/Aug/2026:15:05:29 +0200] "GET /shop/products/24499233096.html HTTP/1.1" 200 5091 "-" "Mozilla/5.0 (Linux; Android 6.0.1; Nexus 5X Build/MMB29P) AppleWebKit/537.36 (KHTML, like Gecko) Chrome/150.0.7871.186 Mobile Safari/537.36 (compatible; Googlebot/2.1; +http://www.google.com/bot.html)"
66.249.68.71 - - [01/Aug/2026:15:05:38 +0200] "GET /shop/products/5919939612.html HTTP/1.1" 200 5091 "-" "Mozilla/5.0 (Linux; Android 6.0.1; Nexus 5X Build/MMB29P) AppleWebKit/537.36 (KHTML, like Gecko) Chrome/150.0.7871.186 Mobile Safari/537.36 (compatible; Googlebot/2.1; +http://www.google.com/bot.html)"
114.119.158.151 - - [01/Aug/2026:15:07:10 +0200] "GET /detail/118044766 HTTP/1.1" 200 - "https://www.bigpunchmedia.co.za/sitemap93.xml" "Mozilla/5.0 (Linux; Android 7.0;) AppleWebKit/537.36 (HTML, like Gecko) Mobile Safari/537.36 (compatible; PetalBot;+https://webmaster.petalsearch.com/site/petalbot)"
66.249.68.64 - - [01/Aug/2026:15:07:39 +0200] "GET /shop/pg/1AvailableInfo/22849790742 HTTP/1.1" 200 5090 "-" "Mozilla/5.0 (Linux; Android 6.0.1; Nexus 5X Build/MMB29P) AppleWebKit/537.36 (KHTML, like Gecko) Chrome/150.0.7871.186 Mobile Safari/537.36 (compatible; Googlebot/2.1; +http://www.google.com/bot.html)"
114.119.158.151 - - [01/Aug/2026:15:09:27 +0200] "GET /detail/118012758 HTTP/1.1" 200 - "https://www.bigpunchmedia.co.za/sitemap95.xml" "Mozilla/5.0 (Linux; Android 7.0;) AppleWebKit/537.36 (HTML, like Gecko) Mobile Safari/537.36 (compatible; PetalBot;+https://webmaster.petalsearch.com/site/petalbot)"
66.249.68.65 - - [01/Aug/2026:15:12:24 +0200] "GET /shop/pg/1AvailableInfo/2284155485817 HTTP/1.1" 200 5091 "-" "Mozilla/5.0 (Linux; Android 6.0.1; Nexus 5X Build/MMB29P) AppleWebKit/537.36 (KHTML, like Gecko) Chrome/150.0.7871.186 Mobile Safari/537.36 (compatible; Googlebot/2.1; +http://www.google.com/bot.html)"
176.31.139.14 - - [01/Aug/2026:15:13:57 +0200] "GET /shop/products/95099352102.shtml HTTP/1.1" 200 - "-" "Mozilla/5.0 (compatible; AhrefsBot/7.0; +http://ahrefs.com/robot/)"
66.249.68.32 - - [01/Aug/2026:15:14:04 +0200] "GET /detail/075006563 HTTP/1.1" 200 5090 "-" "Mozilla/5.0 (Linux; Android 6.0.1; Nexus 5X Build/MMB29P) AppleWebKit/537.36 (KHTML, like Gecko) Chrome/150.0.7871.186 Mobile Safari/537.36 (compatible; Googlebot/2.1; +http://www.google.com/bot.html)"
66.249.68.64 - - [01/Aug/2026:15:17:13 +0200] "GET /shop/products/41599320079.html HTTP/1.1" 200 5089 "-" "Mozilla/5.0 (Linux; Android 6.0.1; Nexus 5X Build/MMB29P) AppleWebKit/537.36 (KHTML, like Gecko) Chrome/150.0.7871.186 Mobile Safari/537.36 (compatible; Googlebot/2.1; +http://www.google.com/bot.html)"
66.249.68.64 - - [01/Aug/2026:15:19:17 +0200] "GET /shop/products/24999196635.html HTTP/1.1" 200 5091 "-" "Mozilla/5.0 (Linux; Android 6.0.1; Nexus 5X Build/MMB29P) AppleWebKit/537.36 (KHTML, like Gecko) Chrome/150.0.7871.186 Mobile Safari/537.36 (compatible; Googlebot/2.1; +http://www.google.com/bot.html)"
66.249.68.32 - - [01/Aug/2026:15:20:25 +0200] "GET /?jp/005000014.html HTTP/1.1" 200 5090 "-" "Mozilla/5.0 (Linux; Android 6.0.1; Nexus 5X Build/MMB29P) AppleWebKit/537.36 (KHTML, like Gecko) Chrome/150.0.7871.186 Mobile Safari/537.36 (compatible; Googlebot/2.1; +http://www.google.com/bot.html)"
66.249.68.64 - - [01/Aug/2026:15:20:44 +0200] "GET /shop/products/26399193534.html HTTP/1.1" 200 5091 "-" "Mozilla/5.0 (Linux; Android 6.0.1; Nexus 5X Build/MMB29P) AppleWebKit/537.36 (KHTML, like Gecko) Chrome/150.0.7871.186 Mobile Safari/537.36 (compatible; Googlebot/2.1; +http://www.google.com/bot.html)"
66.249.68.64 - - [01/Aug/2026:15:22:06 +0200] "GET /shop/products/20399222068.html HTTP/1.1" 200 5091 "-" "Mozilla/5.0 (Linux; Android 6.0.1; Nexus 5X Build/MMB29P) AppleWebKit/537.36 (KHTML, like Gecko) Chrome/150.0.7871.186 Mobile Safari/537.36 (compatible; Googlebot/2.1; +http://www.google.com/bot.html)"
51.68.247.222 - - [01/Aug/2026:15:23:36 +0200] "GET /shop/products/78699118758.shtml HTTP/1.1" 200 - "-" "Mozilla/5.0 (compatible; AhrefsBot/7.0; +http://ahrefs.com/robot/)"
66.249.68.65 - - [01/Aug/2026:15:26:41 +0200] "GET /shop/products/69899307188.html HTTP/1.1" 200 5090 "-" "Mozilla/5.0 (Linux; Android 6.0.1; Nexus 5X Build/MMB29P) AppleWebKit/537.36 (KHTML, like Gecko) Chrome/150.0.7871.186 Mobile Safari/537.36 (compatible; Googlebot/2.1; +http://www.google.com/bot.html)"
94.23.188.213 - - [01/Aug/2026:15:26:48 +0200] "GET /shop/products/78699119217.shtml HTTP/1.1" 200 - "-" "Mozilla/5.0 (compatible; AhrefsBot/7.0; +http://ahrefs.com/robot/)"
66.249.68.71 - - [01/Aug/2026:15:29:50 +0200] "GET /shop/pg/1AvailableInfo/22842744724 HTTP/1.1" 200 5091 "-" "Mozilla/5.0 (Linux; Android 6.0.1; Nexus 5X Build/MMB29P) AppleWebKit/537.36 (KHTML, like Gecko) Chrome/150.0.7871.186 Mobile Safari/537.36 (compatible; Googlebot/2.1; +http://www.google.com/bot.html)"
66.249.68.39 - - [01/Aug/2026:15:31:14 +0200] "GET /detail/208027880 HTTP/1.1" 200 5091 "-" "Mozilla/5.0 (Linux; Android 6.0.1; Nexus 5X Build/MMB29P) AppleWebKit/537.36 (KHTML, like Gecko) Chrome/150.0.7871.186 Mobile Safari/537.36 (compatible; Googlebot/2.1; +http://www.google.com/bot.html)"
66.249.68.71 - - [01/Aug/2026:15:32:12 +0200] "GET /shop/pg/1AvailableInfo/2284149333710 HTTP/1.1" 200 5091 "-" "Mozilla/5.0 (Linux; Android 6.0.1; Nexus 5X Build/MMB29P) AppleWebKit/537.36 (KHTML, like Gecko) Chrome/150.0.7871.186 Mobile Safari/537.36 (compatible; Googlebot/2.1; +http://www.google.com/bot.html)"
114.119.158.151 - - [01/Aug/2026:15:33:33 +0200] "GET /detail/110018910 HTTP/1.1" 200 - "https://www.bigpunchmedia.co.za/sitemap95.xml" "Mozilla/5.0 (Linux; Android 7.0;) AppleWebKit/537.36 (HTML, like Gecko) Mobile Safari/537.36 (compatible; PetalBot;+https://webmaster.petalsearch.com/site/petalbot)"
94.23.188.214 - - [01/Aug/2026:15:33:51 +0200] "GET /shop/products/78699120173.shtml HTTP/1.1" 200 - "-" "Mozilla/5.0 (compatible; AhrefsBot/7.0; +http://ahrefs.com/robot/)"
66.249.68.64 - - [01/Aug/2026:15:36:39 +0200] "GET /shop/products/90299303404.html HTTP/1.1" 200 5090 "-" "Mozilla/5.0 (Linux; Android 6.0.1; Nexus 5X Build/MMB29P) AppleWebKit/537.36 (KHTML, like Gecko) Chrome/150.0.7871.186 Mobile Safari/537.36 (compatible; Googlebot/2.1; +http://www.google.com/bot.html)"
66.249.68.32 - - [01/Aug/2026:15:38:38 +0200] "GET /shop/detail/equipment004004193.htm HTTP/1.1" 200 5091 "-" "Mozilla/5.0 (Linux; Android 6.0.1; Nexus 5X Build/MMB29P) AppleWebKit/537.36 (KHTML, like Gecko) Chrome/150.0.7871.186 Mobile Safari/537.36 (compatible; Googlebot/2.1; +http://www.google.com/bot.html)"
5.39.1.230 - - [01/Aug/2026:15:41:30 +0200] "GET /shop/products/263999723.shtml HTTP/1.1" 200 - "-" "Mozilla/5.0 (compatible; AhrefsBot/7.0; +http://ahrefs.com/robot/)"
66.249.68.65 - - [01/Aug/2026:15:43:22 +0200] "GET /shop/products/80799234673.html HTTP/1.1" 200 5091 "-" "Mozilla/5.0 (Linux; Android 6.0.1; Nexus 5X Build/MMB29P) AppleWebKit/537.36 (KHTML, like Gecko) Chrome/150.0.7871.186 Mobile Safari/537.36 (compatible; Googlebot/2.1; +http://www.google.com/bot.html)"
114.119.158.151 - - [01/Aug/2026:15:43:32 +0200] "GET /shop/detail/supporter260002475.htm HTTP/1.1" 200 - "https://www.bigpunchmedia.co.za/sitemap90.xml" "Mozilla/5.0 (Linux; Android 7.0;) AppleWebKit/537.36 (HTML, like Gecko) Mobile Safari/537.36 (compatible; PetalBot;+https://webmaster.petalsearch.com/site/petalbot)"
66.249.68.65 - - [01/Aug/2026:15:48:07 +0200] "GET /shop/pg/1AvailableInfo/2284113285698 HTTP/1.1" 200 5091 "-" "Mozilla/5.0 (Linux; Android 6.0.1; Nexus 5X Build/MMB29P) AppleWebKit/537.36 (KHTML, like Gecko) Chrome/150.0.7871.186 Mobile Safari/537.36 (compatible; Googlebot/2.1; +http://www.google.com/bot.html)"
92.222.108.105 - - [01/Aug/2026:15:48:49 +0200] "GET /shop/products/6989959348.shtml HTTP/1.1" 200 - "-" "Mozilla/5.0 (compatible; AhrefsBot/7.0; +http://ahrefs.com/robot/)"
114.119.158.151 - - [01/Aug/2026:15:50:28 +0200] "GET /shop/detail/performance104000833.htm HTTP/1.1" 200 - "https://www.bigpunchmedia.co.za/sitemap2.xml" "Mozilla/5.0 (Linux; Android 7.0;) AppleWebKit/537.36 (HTML, like Gecko) Mobile Safari/537.36 (compatible; PetalBot;+https://webmaster.petalsearch.com/site/petalbot)"
92.222.104.204 - - [01/Aug/2026:15:52:31 +0200] "GET /shop/products/2639910318.shtml HTTP/1.1" 200 - "-" "Mozilla/5.0 (compatible; AhrefsBot/7.0; +http://ahrefs.com/robot/)"
66.249.68.71 - - [01/Aug/2026:15:53:39 +0200] "GET /shop/products/90299297154.html HTTP/1.1" 200 5091 "-" "Mozilla/5.0 (Linux; Android 6.0.1; Nexus 5X Build/MMB29P) AppleWebKit/537.36 (KHTML, like Gecko) Chrome/150.0.7871.186 Mobile Safari/537.36 (compatible; Googlebot/2.1; +http://www.google.com/bot.html)"
51.75.236.131 - - [01/Aug/2026:15:54:18 +0200] "GET /shop/products/12199411214.shtml HTTP/1.1" 200 - "-" "Mozilla/5.0 (compatible; AhrefsBot/7.0; +http://ahrefs.com/robot/)"
114.119.158.151 - - [01/Aug/2026:15:55:14 +0200] "GET /shop/detail/oral004021721.htm HTTP/1.1" 200 - "https://www.bigpunchmedia.co.za/shop/detail/oral004021721.htm" "Mozilla/5.0 (Linux; Android 7.0;) AppleWebKit/537.36 (HTML, like Gecko) Mobile Safari/537.36 (compatible; PetalBot;+https://webmaster.petalsearch.com/site/petalbot)"
66.249.68.64 - - [01/Aug/2026:15:55:37 +0200] "GET /shop/products/61999397194.html HTTP/1.1" 200 5090 "-" "Mozilla/5.0 (Linux; Android 6.0.1; Nexus 5X Build/MMB29P) AppleWebKit/537.36 (KHTML, like Gecko) Chrome/150.0.7871.186 Mobile Safari/537.36 (compatible; Googlebot/2.1; +http://www.google.com/bot.html)"
92.222.104.213 - - [01/Aug/2026:15:56:07 +0200] "GET /shop/products/12199412377.shtml HTTP/1.1" 200 - "-" "Mozilla/5.0 (compatible; AhrefsBot/7.0; +http://ahrefs.com/robot/)"
114.119.158.151 - - [01/Aug/2026:15:57:37 +0200] "GET /shop/detail/load068044171.htm HTTP/1.1" 200 - "https://www.bigpunchmedia.co.za/sitemap96.xml" "Mozilla/5.0 (Linux; Android 7.0;) AppleWebKit/537.36 (HTML, like Gecko) Mobile Safari/537.36 (compatible; PetalBot;+https://webmaster.petalsearch.com/site/petalbot)"
66.249.68.71 - - [01/Aug/2026:15:57:41 +0200] "GET /shop/products/6389992776.html HTTP/1.1" 200 5091 "-" "Mozilla/5.0 (Linux; Android 6.0.1; Nexus 5X Build/MMB29P) AppleWebKit/537.36 (KHTML, like Gecko) Chrome/150.0.7871.186 Mobile Safari/537.36 (compatible; Googlebot/2.1; +http://www.google.com/bot.html)"
94.23.188.206 - - [01/Aug/2026:15:57:52 +0200] "GET /shop/products/95099349038.shtml HTTP/1.1" 200 - "-" "Mozilla/5.0 (compatible; AhrefsBot/7.0; +http://ahrefs.com/robot/)"
66.249.68.71 - - [01/Aug/2026:15:58:39 +0200] "GET /detail/282013078 HTTP/1.1" 200 5091 "-" "Mozilla/5.0 (Linux; Android 6.0.1; Nexus 5X Build/MMB29P) AppleWebKit/537.36 (KHTML, like Gecko) Chrome/150.0.7871.186 Mobile Safari/537.36 (compatible; Googlebot/2.1; +http://www.google.com/bot.html)"
66.249.68.71 - - [01/Aug/2026:15:59:40 +0200] "GET /shop/products/41599158889.html HTTP/1.1" 200 5091 "-" "Mozilla/5.0 (Linux; Android 6.0.1; Nexus 5X Build/MMB29P) AppleWebKit/537.36 (KHTML, like Gecko) Chrome/150.0.7871.186 Mobile Safari/537.36 (compatible; Googlebot/2.1; +http://www.google.com/bot.html)"
66.249.68.71 - - [01/Aug/2026:15:59:45 +0200] "GET /shop/products/6999986079.html HTTP/1.1" 200 5091 "-" "Mozilla/5.0 (Linux; Android 6.0.1; Nexus 5X Build/MMB29P) AppleWebKit/537.36 (KHTML, like Gecko) Chrome/150.0.7871.186 Mobile Safari/537.36 (compatible; Googlebot/2.1; +http://www.google.com/bot.html)"
114.119.146.219 - - [01/Aug/2026:16:00:02 +0200] "GET /shop/detail/left076010147.htm HTTP/1.1" 200 - "https://www.bigpunchmedia.co.za/sitemap98.xml" "Mozilla/5.0 (Linux; Android 7.0;) AppleWebKit/537.36 (HTML, like Gecko) Mobile Safari/537.36 (compatible; PetalBot;+https://webmaster.petalsearch.com/site/petalbot)"
66.249.68.65 - - [01/Aug/2026:16:00:21 +0200] "GET /shop/products/1959920515.html HTTP/1.1" 200 5091 "-" "Mozilla/5.0 (Linux; Android 6.0.1; Nexus 5X Build/MMB29P) AppleWebKit/537.36 (KHTML, like Gecko) Chrome/150.0.7871.186 Mobile Safari/537.36 (compatible; Googlebot/2.1; +http://www.google.com/bot.html)"
54.37.118.78 - - [01/Aug/2026:16:00:56 +0200] "GET /shop/products/95099351462.shtml HTTP/1.1" 200 - "-" "Mozilla/5.0 (compatible; AhrefsBot/7.0; +http://ahrefs.com/robot/)"
66.249.68.65 - - [01/Aug/2026:16:01:40 +0200] "GET /shop/products/5799929417.html HTTP/1.1" 200 5091 "-" "Mozilla/5.0 (Linux; Android 6.0.1; Nexus 5X Build/MMB29P) AppleWebKit/537.36 (KHTML, like Gecko) Chrome/150.0.7871.186 Mobile Safari/537.36 (compatible; Googlebot/2.1; +http://www.google.com/bot.html)"
92.222.104.213 - - [01/Aug/2026:16:02:42 +0200] "GET /shop/products/6989959302.shtml HTTP/1.1" 200 - "-" "Mozilla/5.0 (compatible; AhrefsBot/7.0; +http://ahrefs.com/robot/)"
66.249.68.71 - - [01/Aug/2026:16:03:00 +0200] "GET /shop/pg/1AvailableInfo/22847362647 HTTP/1.1" 200 5090 "-" "Mozilla/5.0 (Linux; Android 6.0.1; Nexus 5X Build/MMB29P) AppleWebKit/537.36 (KHTML, like Gecko) Chrome/150.0.7871.186 Mobile Safari/537.36 (compatible; Googlebot/2.1; +http://www.google.com/bot.html)"
92.222.108.114 - - [01/Aug/2026:16:03:27 +0200] "GET /shop/products/8639978315.shtml HTTP/1.1" 200 - "-" "Mozilla/5.0 (compatible; AhrefsBot/7.0; +http://ahrefs.com/robot/)"
66.249.68.65 - - [01/Aug/2026:16:04:22 +0200] "GET /shop/products/1259929077.html HTTP/1.1" 200 5091 "-" "Mozilla/5.0 (Linux; Android 6.0.1; Nexus 5X Build/MMB29P) AppleWebKit/537.36 (KHTML, like Gecko) Chrome/150.0.7871.186 Mobile Safari/537.36 (compatible; Googlebot/2.1; +http://www.google.com/bot.html)"
114.119.158.151 - - [01/Aug/2026:16:04:51 +0200] "GET /shop/detail/flood254034189.htm HTTP/1.1" 200 - "https://www.bigpunchmedia.co.za/shop/detail/flood254034189.htm" "Mozilla/5.0 (Linux; Android 7.0;) AppleWebKit/537.36 (HTML, like Gecko) Mobile Safari/537.36 (compatible; PetalBot;+https://webmaster.petalsearch.com/site/petalbot)"
34.116.103.37 - - [01/Aug/2026:16:04:53 +0200] "GET /.env.dev HTTP/1.1" 200 317 "-" "crusader-worker/1.0"
34.116.103.37 - - [01/Aug/2026:16:04:53 +0200] "GET /.env.local HTTP/1.1" 200 317 "-" "crusader-worker/1.0"
34.116.103.37 - - [01/Aug/2026:16:04:53 +0200] "GET /.env.production HTTP/1.1" 200 317 "-" "crusader-worker/1.0"
34.116.103.37 - - [01/Aug/2026:16:04:53 +0200] "GET /.env.old HTTP/1.1" 200 317 "-" "crusader-worker/1.0"
34.116.103.37 - - [01/Aug/2026:16:04:53 +0200] "GET /.env.bak HTTP/1.1" 200 317 "-" "crusader-worker/1.0"
34.116.103.37 - - [01/Aug/2026:16:04:53 +0200] "GET /.env.save HTTP/1.1" 200 317 "-" "crusader-worker/1.0"
34.116.103.37 - - [01/Aug/2026:16:04:53 +0200] "GET /.env.example HTTP/1.1" 200 317 "-" "crusader-worker/1.0"
34.116.103.37 - - [01/Aug/2026:16:04:53 +0200] "GET /.env.backup HTTP/1.1" 200 317 "-" "crusader-worker/1.0"
34.116.103.37 - - [01/Aug/2026:16:04:53 +0200] "GET /.env HTTP/1.1" 200 317 "-" "crusader-worker/1.0"
34.116.103.37 - - [01/Aug/2026:16:04:54 +0200] "GET /.env.prod HTTP/1.1" 200 317 "-" "crusader-worker/1.0"
51.68.247.221 - - [01/Aug/2026:16:04:56 +0200] "GET /shop/products/2909997472.shtml HTTP/1.1" 200 - "-" "Mozilla/5.0 (compatible; AhrefsBot/7.0; +http://ahrefs.com/robot/)"
66.249.68.64 - - [01/Aug/2026:16:05:41 +0200] "GET /shop/products/83799313485.html HTTP/1.1" 200 5091 "-" "Mozilla/5.0 (Linux; Android 6.0.1; Nexus 5X Build/MMB29P) AppleWebKit/537.36 (KHTML, like Gecko) Chrome/150.0.7871.186 Mobile Safari/537.36 (compatible; Googlebot/2.1; +http://www.google.com/bot.html)"
51.75.236.130 - - [01/Aug/2026:16:06:22 +0200] "GET /shop/products/2909996656.shtml HTTP/1.1" 200 - "-" "Mozilla/5.0 (compatible; AhrefsBot/7.0; +http://ahrefs.com/robot/)"
51.75.236.129 - - [01/Aug/2026:16:07:43 +0200] "GET /shop/products/263999003.shtml HTTP/1.1" 200 - "-" "Mozilla/5.0 (compatible; AhrefsBot/7.0; +http://ahrefs.com/robot/)"
51.75.236.136 - - [01/Aug/2026:16:08:23 +0200] "GET /shop/products/95099349090.shtml HTTP/1.1" 200 - "-" "Mozilla/5.0 (compatible; AhrefsBot/7.0; +http://ahrefs.com/robot/)"
66.249.68.71 - - [01/Aug/2026:16:08:40 +0200] "GET /shop/products/26399124485.html HTTP/1.1" 200 5091 "-" "Mozilla/5.0 (Linux; Android 6.0.1; Nexus 5X Build/MMB29P) AppleWebKit/537.36 (KHTML, like Gecko) Chrome/150.0.7871.186 Mobile Safari/537.36 (compatible; Googlebot/2.1; +http://www.google.com/bot.html)"
92.222.104.210 - - [01/Aug/2026:16:09:05 +0200] "GET /shop/products/12199410895.shtml HTTP/1.1" 200 - "-" "Mozilla/5.0 (compatible; AhrefsBot/7.0; +http://ahrefs.com/robot/)"
92.222.104.213 - - [01/Aug/2026:16:09:24 +0200] "GET /shop/products/12199410417.shtml HTTP/1.1" 200 - "-" "Mozilla/5.0 (compatible; AhrefsBot/7.0; +http://ahrefs.com/robot/)"
66.249.68.64 - - [01/Aug/2026:16:09:42 +0200] "GET /shop/products/59599214668.html HTTP/1.1" 200 5091 "-" "Mozilla/5.0 (Linux; Android 6.0.1; Nexus 5X Build/MMB29P) AppleWebKit/537.36 (KHTML, like Gecko) Chrome/150.0.7871.186 Mobile Safari/537.36 (compatible; Googlebot/2.1; +http://www.google.com/bot.html)"
94.23.188.217 - - [01/Aug/2026:16:09:44 +0200] "GET /shop/products/12199409870.shtml HTTP/1.1" 200 - "-" "Mozilla/5.0 (compatible; AhrefsBot/7.0; +http://ahrefs.com/robot/)"
176.31.139.9 - - [01/Aug/2026:16:10:05 +0200] "GET /shop/products/95099351624.shtml HTTP/1.1" 200 - "-" "Mozilla/5.0 (compatible; AhrefsBot/7.0; +http://ahrefs.com/robot/)"
51.68.247.221 - - [01/Aug/2026:16:10:45 +0200] "GET /shop/products/8639978839.shtml HTTP/1.1" 200 - "-" "Mozilla/5.0 (compatible; AhrefsBot/7.0; +http://ahrefs.com/robot/)"
66.249.68.71 - - [01/Aug/2026:16:11:02 +0200] "GET /shop/products/59299134774.html HTTP/1.1" 200 5091 "-" "Mozilla/5.0 (Linux; Android 6.0.1; Nexus 5X Build/MMB29P) AppleWebKit/537.36 (KHTML, like Gecko) Chrome/150.0.7871.186 Mobile Safari/537.36 (compatible; Googlebot/2.1; +http://www.google.com/bot.html)"
37.59.204.132 - - [01/Aug/2026:16:11:25 +0200] "GET /shop/products/78699118745.shtml HTTP/1.1" 200 - "-" "Mozilla/5.0 (compatible; AhrefsBot/7.0; +http://ahrefs.com/robot/)"
66.249.68.65 - - [01/Aug/2026:16:12:23 +0200] "GET /shop/products/81499456336.html HTTP/1.1" 200 5090 "-" "Mozilla/5.0 (Linux; Android 6.0.1; Nexus 5X Build/MMB29P) AppleWebKit/537.36 (KHTML, like Gecko) Chrome/150.0.7871.186 Mobile Safari/537.36 (compatible; Googlebot/2.1; +http://www.google.com/bot.html)"
66.249.68.65 - - [01/Aug/2026:16:13:43 +0200] "GET /shop/products/70699156033.html HTTP/1.1" 200 5091 "-" "Mozilla/5.0 (Linux; Android 6.0.1; Nexus 5X Build/MMB29P) AppleWebKit/537.36 (KHTML, like Gecko) Chrome/150.0.7871.186 Mobile Safari/537.36 (compatible; Googlebot/2.1; +http://www.google.com/bot.html)"
92.222.108.125 - - [01/Aug/2026:16:14:08 +0200] "GET /shop/products/95099351969.shtml HTTP/1.1" 200 - "-" "Mozilla/5.0 (compatible; AhrefsBot/7.0; +http://ahrefs.com/robot/)"
66.249.68.71 - - [01/Aug/2026:16:15:04 +0200] "GET /shop/products/5719947596.html HTTP/1.1" 200 5090 "-" "Mozilla/5.0 (Linux; Android 6.0.1; Nexus 5X Build/MMB29P) AppleWebKit/537.36 (KHTML, like Gecko) Chrome/150.0.7871.186 Mobile Safari/537.36 (compatible; Googlebot/2.1; +http://www.google.com/bot.html)"
66.249.68.64 - - [01/Aug/2026:16:17:45 +0200] "GET /shop/products/74999195665.html HTTP/1.1" 200 5091 "-" "Mozilla/5.0 (Linux; Android 6.0.1; Nexus 5X Build/MMB29P) AppleWebKit/537.36 (KHTML, like Gecko) Chrome/150.0.7871.186 Mobile Safari/537.36 (compatible; Googlebot/2.1; +http://www.google.com/bot.html)"
66.249.68.39 - - [01/Aug/2026:16:19:05 +0200] "GET /detail/300013534 HTTP/1.1" 200 5091 "-" "Mozilla/5.0 (Linux; Android 6.0.1; Nexus 5X Build/MMB29P) AppleWebKit/537.36 (KHTML, like Gecko) Chrome/150.0.7871.186 Mobile Safari/537.36 (compatible; Googlebot/2.1; +http://www.google.com/bot.html)"
94.23.188.202 - - [01/Aug/2026:16:19:35 +0200] "GET /shop/products/263999631.shtml HTTP/1.1" 200 - "-" "Mozilla/5.0 (compatible; AhrefsBot/7.0; +http://ahrefs.com/robot/)"
66.249.68.64 - - [01/Aug/2026:16:20:25 +0200] "GET /shop/products/34699382673.html HTTP/1.1" 200 5091 "-" "Mozilla/5.0 (Linux; Android 6.0.1; Nexus 5X Build/MMB29P) AppleWebKit/537.36 (KHTML, like Gecko) Chrome/150.0.7871.186 Mobile Safari/537.36 (compatible; Googlebot/2.1; +http://www.google.com/bot.html)"
66.249.68.32 - - [01/Aug/2026:16:20:32 +0200] "GET /detail/249023985 HTTP/1.1" 200 5091 "-" "Mozilla/5.0 (Linux; Android 6.0.1; Nexus 5X Build/MMB29P) AppleWebKit/537.36 (KHTML, like Gecko) Chrome/150.0.7871.186 Mobile Safari/537.36 (compatible; Googlebot/2.1; +http://www.google.com/bot.html)"
66.249.68.64 - - [01/Aug/2026:16:21:49 +0200] "GET /shop/products/67699165180.html HTTP/1.1" 200 5090 "-" "Mozilla/5.0 (Linux; Android 6.0.1; Nexus 5X Build/MMB29P) AppleWebKit/537.36 (KHTML, like Gecko) Chrome/150.0.7871.186 Mobile Safari/537.36 (compatible; Googlebot/2.1; +http://www.google.com/bot.html)"
66.249.68.71 - - [01/Aug/2026:16:23:05 +0200] "GET /shop/products/7869929261.html HTTP/1.1" 200 5090 "-" "Mozilla/5.0 (Linux; Android 6.0.1; Nexus 5X Build/MMB29P) AppleWebKit/537.36 (KHTML, like Gecko) Chrome/150.0.7871.186 Mobile Safari/537.36 (compatible; Googlebot/2.1; +http://www.google.com/bot.html)"
114.119.158.151 - - [01/Aug/2026:16:24:06 +0200] "GET /shop/detail/human183036884.htm HTTP/1.1" 200 - "https://www.bigpunchmedia.co.za/sitemap98.xml" "Mozilla/5.0 (Linux; Android 7.0;) AppleWebKit/537.36 (HTML, like Gecko) Mobile Safari/537.36 (compatible; PetalBot;+https://webmaster.petalsearch.com/site/petalbot)"
66.249.68.64 - - [01/Aug/2026:16:24:26 +0200] "GET /shop/products/5199954549.html HTTP/1.1" 200 5091 "-" "Mozilla/5.0 (Linux; Android 6.0.1; Nexus 5X Build/MMB29P) AppleWebKit/537.36 (KHTML, like Gecko) Chrome/150.0.7871.186 Mobile Safari/537.36 (compatible; Googlebot/2.1; +http://www.google.com/bot.html)"
94.23.188.223 - - [01/Aug/2026:16:25:01 +0200] "GET /shop/products/12199411001.shtml HTTP/1.1" 200 - "-" "Mozilla/5.0 (compatible; AhrefsBot/7.0; +http://ahrefs.com/robot/)"
66.249.68.64 - - [01/Aug/2026:16:25:48 +0200] "GET /shop/products/59199221393.html HTTP/1.1" 200 5091 "-" "Mozilla/5.0 (Linux; Android 6.0.1; Nexus 5X Build/MMB29P) AppleWebKit/537.36 (KHTML, like Gecko) Chrome/150.0.7871.186 Mobile Safari/537.36 (compatible; Googlebot/2.1; +http://www.google.com/bot.html)"
66.249.68.33 - - [01/Aug/2026:16:27:06 +0200] "GET /goods/55499131965.shtml HTTP/1.1" 200 5091 "-" "Mozilla/5.0 (Linux; Android 6.0.1; Nexus 5X Build/MMB29P) AppleWebKit/537.36 (KHTML, like Gecko) Chrome/150.0.7871.186 Mobile Safari/537.36 (compatible; Googlebot/2.1; +http://www.google.com/bot.html)"
176.31.139.18 - - [01/Aug/2026:16:27:36 +0200] "GET /shop/products/12199409401.shtml HTTP/1.1" 200 - "-" "Mozilla/5.0 (compatible; AhrefsBot/7.0; +http://ahrefs.com/robot/)"
66.249.68.65 - - [01/Aug/2026:16:28:28 +0200] "GET /shop/products/10199242565.html HTTP/1.1" 200 5091 "-" "Mozilla/5.0 (Linux; Android 6.0.1; Nexus 5X Build/MMB29P) AppleWebKit/537.36 (KHTML, like Gecko) Chrome/150.0.7871.186 Mobile Safari/537.36 (compatible; Googlebot/2.1; +http://www.google.com/bot.html)"
66.249.68.71 - - [01/Aug/2026:16:29:48 +0200] "GET /shop/products/5799933495.html HTTP/1.1" 200 5091 "-" "Mozilla/5.0 (Linux; Android 6.0.1; Nexus 5X Build/MMB29P) AppleWebKit/537.36 (KHTML, like Gecko) Chrome/150.0.7871.186 Mobile Safari/537.36 (compatible; Googlebot/2.1; +http://www.google.com/bot.html)"
66.249.68.71 - - [01/Aug/2026:16:31:07 +0200] "GET /shop/products/47099238776.html HTTP/1.1" 200 5091 "-" "Mozilla/5.0 (Linux; Android 6.0.1; Nexus 5X Build/MMB29P) AppleWebKit/537.36 (KHTML, like Gecko) Chrome/150.0.7871.186 Mobile Safari/537.36 (compatible; Googlebot/2.1; +http://www.google.com/bot.html)"
5.39.1.253 - - [01/Aug/2026:16:32:06 +0200] "GET /shop/products/78699119958.shtml HTTP/1.1" 200 - "-" "Mozilla/5.0 (compatible; AhrefsBot/7.0; +http://ahrefs.com/robot/)"
66.249.68.65 - - [01/Aug/2026:16:33:22 +0200] "GET /shop/products/44799173238.html HTTP/1.1" 200 5091 "-" "Mozilla/5.0 (Linux; Android 6.0.1; Nexus 5X Build/MMB29P) AppleWebKit/537.36 (KHTML, like Gecko) Chrome/150.0.7871.186 Mobile Safari/537.36 (compatible; Googlebot/2.1; +http://www.google.com/bot.html)"
66.249.68.33 - - [01/Aug/2026:16:33:24 +0200] "GET /shop/detail/municipal090000561.htm HTTP/1.1" 200 5091 "-" "Mozilla/5.0 (Linux; Android 6.0.1; Nexus 5X Build/MMB29P) AppleWebKit/537.36 (KHTML, like Gecko) Chrome/150.0.7871.186 Mobile Safari/537.36 (compatible; Googlebot/2.1; +http://www.google.com/bot.html)"
176.31.139.25 - - [01/Aug/2026:16:33:31 +0200] "GET /shop/products/8639978859.shtml HTTP/1.1" 200 - "-" "Mozilla/5.0 (compatible; AhrefsBot/7.0; +http://ahrefs.com/robot/)"
66.249.68.71 - - [01/Aug/2026:16:34:02 +0200] "GET /shop/products/45899369299.html HTTP/1.1" 200 5090 "-" "Mozilla/5.0 (Linux; Android 6.0.1; Nexus 5X Build/MMB29P) AppleWebKit/537.36 (KHTML, like Gecko) Chrome/150.0.7871.186 Mobile Safari/537.36 (compatible; Googlebot/2.1; +http://www.google.com/bot.html)"
51.75.236.129 - - [01/Aug/2026:16:34:54 +0200] "GET /shop/products/12199411510.shtml HTTP/1.1" 200 - "-" "Mozilla/5.0 (compatible; AhrefsBot/7.0; +http://ahrefs.com/robot/)"
66.249.68.64 - - [01/Aug/2026:16:35:09 +0200] "GET /shop/products/70399458102.html HTTP/1.1" 200 5090 "-" "Mozilla/5.0 (Linux; Android 6.0.1; Nexus 5X Build/MMB29P) AppleWebKit/537.36 (KHTML, like Gecko) Chrome/150.0.7871.186 Mobile Safari/537.36 (compatible; Googlebot/2.1; +http://www.google.com/bot.html)"
66.249.68.64 - - [01/Aug/2026:16:35:27 +0200] "GET /shop/detail/stand096005423.htm HTTP/1.1" 200 5091 "-" "Mozilla/5.0 (Linux; Android 6.0.1; Nexus 5X Build/MMB29P) AppleWebKit/537.36 (KHTML, like Gecko) Chrome/150.0.7871.186 Mobile Safari/537.36 (compatible; Googlebot/2.1; +http://www.google.com/bot.html)"
92.222.108.100 - - [01/Aug/2026:16:35:36 +0200] "GET /shop/products/95099350964.shtml HTTP/1.1" 200 - "-" "Mozilla/5.0 (compatible; AhrefsBot/7.0; +http://ahrefs.com/robot/)"
51.68.247.206 - - [01/Aug/2026:16:36:16 +0200] "GET /shop/products/6989959179.shtml HTTP/1.1" 200 - "-" "Mozilla/5.0 (compatible; AhrefsBot/7.0; +http://ahrefs.com/robot/)"
92.222.108.98 - - [01/Aug/2026:16:36:35 +0200] "GET /shop/products/78699120046.shtml HTTP/1.1" 200 - "-" "Mozilla/5.0 (compatible; AhrefsBot/7.0; +http://ahrefs.com/robot/)"
5.39.1.244 - - [01/Aug/2026:16:36:46 +0200] "GET /shop/products/12199410207.shtml HTTP/1.1" 200 - "-" "Mozilla/5.0 (compatible; AhrefsBot/7.0; +http://ahrefs.com/robot/)"
5.39.1.230 - - [01/Aug/2026:16:37:00 +0200] "GET /shop/products/78699120620.shtml HTTP/1.1" 200 - "-" "Mozilla/5.0 (compatible; AhrefsBot/7.0; +http://ahrefs.com/robot/)"
51.68.247.210 - - [01/Aug/2026:16:37:05 +0200] "GET /shop/products/2909997288.shtml HTTP/1.1" 200 - "-" "Mozilla/5.0 (compatible; AhrefsBot/7.0; +http://ahrefs.com/robot/)"
51.68.247.216 - - [01/Aug/2026:16:37:14 +0200] "GET /shop/products/95099350495.shtml HTTP/1.1" 200 - "-" "Mozilla/5.0 (compatible; AhrefsBot/7.0; +http://ahrefs.com/robot/)"
176.31.139.4 - - [01/Aug/2026:16:37:33 +0200] "GET /shop/products/6989960693.shtml HTTP/1.1" 200 - "-" "Mozilla/5.0 (compatible; AhrefsBot/7.0; +http://ahrefs.com/robot/)"
66.249.68.71 - - [01/Aug/2026:16:37:50 +0200] "GET /shop/products/10199133330.html HTTP/1.1" 200 5090 "-" "Mozilla/5.0 (Linux; Android 6.0.1; Nexus 5X Build/MMB29P) AppleWebKit/537.36 (KHTML, like Gecko) Chrome/150.0.7871.186 Mobile Safari/537.36 (compatible; Googlebot/2.1; +http://www.google.com/bot.html)"
51.68.247.215 - - [01/Aug/2026:16:38:51 +0200] "GET /shop/products/95099349621.shtml HTTP/1.1" 200 - "-" "Mozilla/5.0 (compatible; AhrefsBot/7.0; +http://ahrefs.com/robot/)"
66.249.68.65 - - [01/Aug/2026:16:39:10 +0200] "GET /shop/products/63899394607.html HTTP/1.1" 200 5091 "-" "Mozilla/5.0 (Linux; Android 6.0.1; Nexus 5X Build/MMB29P) AppleWebKit/537.36 (KHTML, like Gecko) Chrome/150.0.7871.186 Mobile Safari/537.36 (compatible; Googlebot/2.1; +http://www.google.com/bot.html)"
94.23.188.220 - - [01/Aug/2026:16:40:05 +0200] "GET /shop/products/263999929.shtml HTTP/1.1" 200 - "-" "Mozilla/5.0 (compatible; AhrefsBot/7.0; +http://ahrefs.com/robot/)"
66.249.68.64 - - [01/Aug/2026:16:40:32 +0200] "GET /shop/products/79799216745.html HTTP/1.1" 200 5090 "-" "Mozilla/5.0 (Linux; Android 6.0.1; Nexus 5X Build/MMB29P) AppleWebKit/537.36 (KHTML, like Gecko) Chrome/150.0.7871.186 Mobile Safari/537.36 (compatible; Googlebot/2.1; +http://www.google.com/bot.html)"
66.249.68.33 - - [01/Aug/2026:16:41:33 +0200] "GET /goods/66699459809.shtml HTTP/1.1" 200 5090 "-" "Mozilla/5.0 (Linux; Android 6.0.1; Nexus 5X Build/MMB29P) AppleWebKit/537.36 (KHTML, like Gecko) Chrome/150.0.7871.186 Mobile Safari/537.36 (compatible; Googlebot/2.1; +http://www.google.com/bot.html)"
66.249.68.71 - - [01/Aug/2026:16:41:36 +0200] "GET /shop/products/4009997604.html HTTP/1.1" 200 5090 "-" "Mozilla/5.0 (Linux; Android 6.0.1; Nexus 5X Build/MMB29P) AppleWebKit/537.36 (KHTML, like Gecko) Chrome/150.0.7871.186 Mobile Safari/537.36 (compatible; Googlebot/2.1; +http://www.google.com/bot.html)"
66.249.68.39 - - [01/Aug/2026:16:41:47 +0200] "GET /shop/detail/twice050001673.htm HTTP/1.1" 200 5091 "-" "Mozilla/5.0 (Linux; Android 6.0.1; Nexus 5X Build/MMB29P) AppleWebKit/537.36 (KHTML, like Gecko) Chrome/150.0.7871.186 Mobile Safari/537.36 (compatible; Googlebot/2.1; +http://www.google.com/bot.html)"
66.249.68.32 - - [01/Aug/2026:16:42:27 +0200] "GET /goods/62599383009.shtml HTTP/1.1" 200 5091 "-" "Mozilla/5.0 (Linux; Android 6.0.1; Nexus 5X Build/MMB29P) AppleWebKit/537.36 (KHTML, like Gecko) Chrome/150.0.7871.186 Mobile Safari/537.36 (compatible; Googlebot/2.1; +http://www.google.com/bot.html)"
66.249.68.71 - - [01/Aug/2026:16:42:36 +0200] "GET /shop/products/13099115036.html HTTP/1.1" 200 5091 "-" "Mozilla/5.0 (Linux; Android 6.0.1; Nexus 5X Build/MMB29P) AppleWebKit/537.36 (KHTML, like Gecko) Chrome/150.0.7871.186 Mobile Safari/537.36 (compatible; Googlebot/2.1; +http://www.google.com/bot.html)"
66.249.68.71 - - [01/Aug/2026:16:42:53 +0200] "GET /shop/products/5929937807.html HTTP/1.1" 200 5090 "-" "Mozilla/5.0 (Linux; Android 6.0.1; Nexus 5X Build/MMB29P) AppleWebKit/537.36 (KHTML, like Gecko) Chrome/150.0.7871.186 Mobile Safari/537.36 (compatible; Googlebot/2.1; +http://www.google.com/bot.html)"
114.119.158.151 - - [01/Aug/2026:16:43:20 +0200] "GET /shop/detail/burst249040596.htm HTTP/1.1" 200 - "https://www.bigpunchmedia.co.za/sitemap70.xml" "Mozilla/5.0 (Linux; Android 7.0;) AppleWebKit/537.36 (HTML, like Gecko) Mobile Safari/537.36 (compatible; PetalBot;+https://webmaster.petalsearch.com/site/petalbot)"
66.249.68.65 - - [01/Aug/2026:16:43:40 +0200] "GET /shop/products/83699214052.html HTTP/1.1" 200 5090 "-" "Mozilla/5.0 (Linux; Android 6.0.1; Nexus 5X Build/MMB29P) AppleWebKit/537.36 (KHTML, like Gecko) Chrome/150.0.7871.186 Mobile Safari/537.36 (compatible; Googlebot/2.1; +http://www.google.com/bot.html)"
51.75.236.134 - - [01/Aug/2026:16:43:45 +0200] "GET /shop/products/263999891.shtml HTTP/1.1" 200 - "-" "Mozilla/5.0 (compatible; AhrefsBot/7.0; +http://ahrefs.com/robot/)"
66.249.68.71 - - [01/Aug/2026:16:44:23 +0200] "GET /shop/products/97599208078.html HTTP/1.1" 200 5091 "-" "Mozilla/5.0 (Linux; Android 6.0.1; Nexus 5X Build/MMB29P) AppleWebKit/537.36 (KHTML, like Gecko) Chrome/150.0.7871.186 Mobile Safari/537.36 (compatible; Googlebot/2.1; +http://www.google.com/bot.html)"
66.249.68.64 - - [01/Aug/2026:16:45:02 +0200] "GET /shop/products/9579917126.html HTTP/1.1" 200 5091 "-" "Mozilla/5.0 (Linux; Android 6.0.1; Nexus 5X Build/MMB29P) AppleWebKit/537.36 (KHTML, like Gecko) Chrome/150.0.7871.186 Mobile Safari/537.36 (compatible; Googlebot/2.1; +http://www.google.com/bot.html)"
92.222.104.195 - - [01/Aug/2026:16:46:11 +0200] "GET /shop/products/263999316.shtml HTTP/1.1" 200 - "-" "Mozilla/5.0 (compatible; AhrefsBot/7.0; +http://ahrefs.com/robot/)"
66.249.68.65 - - [01/Aug/2026:16:46:25 +0200] "GET /shop/products/46199305095.html HTTP/1.1" 200 5091 "-" "Mozilla/5.0 (Linux; Android 6.0.1; Nexus 5X Build/MMB29P) AppleWebKit/537.36 (KHTML, like Gecko) Chrome/150.0.7871.186 Mobile Safari/537.36 (compatible; Googlebot/2.1; +http://www.google.com/bot.html)"
66.249.68.33 - - [01/Aug/2026:16:46:30 +0200] "GET /goods/9219931371.shtml HTTP/1.1" 200 5090 "-" "Mozilla/5.0 (Linux; Android 6.0.1; Nexus 5X Build/MMB29P) AppleWebKit/537.36 (KHTML, like Gecko) Chrome/150.0.7871.186 Mobile Safari/537.36 (compatible; Googlebot/2.1; +http://www.google.com/bot.html)"
66.249.68.64 - - [01/Aug/2026:16:46:47 +0200] "GET /shop/products/47099277668.html HTTP/1.1" 200 5091 "-" "Mozilla/5.0 (Linux; Android 6.0.1; Nexus 5X Build/MMB29P) AppleWebKit/537.36 (KHTML, like Gecko) Chrome/150.0.7871.186 Mobile Safari/537.36 (compatible; Googlebot/2.1; +http://www.google.com/bot.html)"
66.249.68.71 - - [01/Aug/2026:16:47:17 +0200] "GET /shop/products/81499190257.html HTTP/1.1" 200 5091 "-" "Mozilla/5.0 (Linux; Android 6.0.1; Nexus 5X Build/MMB29P) AppleWebKit/537.36 (KHTML, like Gecko) Chrome/150.0.7871.186 Mobile Safari/537.36 (compatible; Googlebot/2.1; +http://www.google.com/bot.html)"
